{"id":766,"date":"2022-07-27T15:32:18","date_gmt":"2022-07-27T13:32:18","guid":{"rendered":"http:\/\/dev.claret.cat\/producto\/el-derecho-de-la-iglesia-9788431337643\/"},"modified":"2026-01-19T11:50:29","modified_gmt":"2026-01-19T10:50:29","slug":"el-derecho-de-la-iglesia-9788431337643","status":"publish","type":"product","link":"https:\/\/www.claret.cat\/es\/libro\/el-derecho-de-la-iglesia-9788431337643\/","title":{"rendered":"EL DERECHO DE LA IGLESIA"},"content":{"rendered":"<p>La doctrina cat\u00f3lica ha entendido siempre el Derecho como un factor esencial de la Iglesia en la tierra, al servicio de la comuni\u00f3n. El fin del Derecho can\u00f3nico ?como ha subrayado Juan Pablo II? no es suplantar, en la vida de la Iglesia, la fe de los fieles, su gracia, sus carismas y, sobre todo, su caridad.<br \/> Por el contrario, (&#8230;) tiende m\u00e1s bien a generar en la sociedad eclesial un orden que, dando primac\u00eda al amor, a la gracia y al carisma, facilite al tiempo su ordenado crecimiento en la vida, tanto de la sociedad eclesial, como de todos los que a ella pertenecen. Por esta raz\u00f3n, el estudio, al menos elemental, del ordenamiento jur\u00eddico de la Iglesia es un aspecto importante de la formaci\u00f3n cristiana.<br \/> Este Curso b\u00e1sico de Derecho Can\u00f3nico presenta los aspectos m\u00e1s importantes del ordenamiento can\u00f3nico, sobre todo del vigente en la Iglesia latina. Est\u00e1 concebido primariamente como manual sistem\u00e1tico para el primer ciclo de los estudios teol\u00f3gicos. Sus autores han procurado, no obstante, que pueda servir tambi\u00e9n a toda persona que desee actualizar sus conocimientos del Derecho de la Iglesia, o adquirir una visi\u00f3n de conjunto de sus conceptos y contenidos principales.<br \/> Los distintos temas se tratan desde una perspectiva jur\u00eddica, pero sin olvidar sus prepuestos teol\u00f3gicos, y tratando de mostrar expl\u00edcitamente su relaci\u00f3n con el misterio de la Iglesia, tal como pidi\u00f3 el Concilio Vaticano II. De este  modo, podr\u00e1 percibirse mejor la continuidad y armon\u00eda de la perspectiva can\u00f3nica con el conocimiento del ser y de la misi\u00f3n de la Iglesia, adquirido con el estudio de otras disciplinas.<\/p>\n","protected":false},"excerpt":{"rendered":"<p>MIRAS POUSO, JORGE \/ CENALMOR PALANCA, DANIEL<\/p>\n","protected":false},"featured_media":52797,"template":"","meta":{"_acf_changed":false,"om_disable_all_campaigns":false,"rs_blank_template":"","rs_page_bg_color":"","slide_template_v7":"","inline_featured_image":false,"_monsterinsights_skip_tracking":false,"_monsterinsights_sitenote_active":false,"_monsterinsights_sitenote_note":"","_monsterinsights_sitenote_category":0},"product_brand":[],"product_cat":[519,518,293,292],"product_tag":[],"class_list":{"0":"post-766","1":"product","2":"type-product","3":"status-publish","4":"has-post-thumbnail","6":"product_cat-derecho-canonico-eclesial","7":"product_cat-derecho-canonico-en-general","8":"product_cat-dret-canonic-eclesial","9":"product_cat-dret-canonic-en-general","11":"first","12":"instock","13":"taxable","14":"shipping-taxable","15":"purchasable","16":"product-type-simple"},"acf":{"autor":"MIRAS POUSO, JORGE \/ CENALMOR PALANCA, DANIEL","codart":"843133764","ediciones":"1","encuadernacion":"R\u00fastica","fecha_de_publicacion":"01\/06\/2022","novedad":"1","paginas":"0","subtitulo":"CURSO B\u00c1SICO DE DERECHO CAN\u00d3NICO","orden":"0","portada":"0","idioma":"spa","libros-coleccion":"","autores-libros":[{"ID":5629,"post_author":"3","post_date":"2022-07-28 17:28:05","post_date_gmt":"2022-07-28 15:28:05","post_content":"","post_title":"JORGE MIRAS POUSO","post_excerpt":"","post_status":"publish","comment_status":"closed","ping_status":"closed","post_password":"","post_name":"jorge-miras-pouso","to_ping":"","pinged":"","post_modified":"2022-07-28 17:28:05","post_modified_gmt":"2022-07-28 15:28:05","post_content_filtered":"","post_parent":0,"guid":"http:\/\/dev.claret.cat\/autor\/jorge-miras-pouso\/","menu_order":0,"post_type":"autor","post_mime_type":"","comment_count":"0","filter":"raw"},{"ID":5374,"post_author":"3","post_date":"2022-07-28 17:22:36","post_date_gmt":"2022-07-28 15:22:36","post_content":"","post_title":"DANIEL CENALMOR PALANCA","post_excerpt":"","post_status":"publish","comment_status":"closed","ping_status":"closed","post_password":"","post_name":"daniel-cenalmor-palanca","to_ping":"","pinged":"","post_modified":"2022-07-28 17:22:36","post_modified_gmt":"2022-07-28 15:22:36","post_content_filtered":"","post_parent":0,"guid":"http:\/\/dev.claret.cat\/autor\/daniel-cenalmor-palanca\/","menu_order":0,"post_type":"autor","post_mime_type":"","comment_count":"0","filter":"raw"}],"editorial":[{"ID":6251,"post_author":"3","post_date":"2022-07-28 17:48:11","post_date_gmt":"2022-07-28 15:48:11","post_content":"","post_title":"EUNSA. EDICIONES UNIVERSIDAD DE NAVARRA","post_excerpt":"","post_status":"publish","comment_status":"closed","ping_status":"closed","post_password":"","post_name":"eunsa-ediciones-universidad-de-navarra","to_ping":"","pinged":"","post_modified":"2022-07-28 17:48:11","post_modified_gmt":"2022-07-28 15:48:11","post_content_filtered":"","post_parent":0,"guid":"http:\/\/dev.claret.cat\/editorial\/eunsa-ediciones-universidad-de-navarra\/","menu_order":0,"post_type":"editorial","post_mime_type":"","comment_count":"0","filter":"raw"}],"booktrailer":"","resenas":""},"aioseo_notices":[],"_links":{"self":[{"href":"https:\/\/www.claret.cat\/es\/wp-json\/wp\/v2\/product\/766","targetHints":{"allow":["GET"]}}],"collection":[{"href":"https:\/\/www.claret.cat\/es\/wp-json\/wp\/v2\/product"}],"about":[{"href":"https:\/\/www.claret.cat\/es\/wp-json\/wp\/v2\/types\/product"}],"wp:featuredmedia":[{"embeddable":true,"href":"https:\/\/www.claret.cat\/es\/wp-json\/wp\/v2\/media\/52797"}],"wp:attachment":[{"href":"https:\/\/www.claret.cat\/es\/wp-json\/wp\/v2\/media?parent=766"}],"wp:term":[{"taxonomy":"product_brand","embeddable":true,"href":"https:\/\/www.claret.cat\/es\/wp-json\/wp\/v2\/product_brand?post=766"},{"taxonomy":"product_cat","embeddable":true,"href":"https:\/\/www.claret.cat\/es\/wp-json\/wp\/v2\/product_cat?post=766"},{"taxonomy":"product_tag","embeddable":true,"href":"https:\/\/www.claret.cat\/es\/wp-json\/wp\/v2\/product_tag?post=766"}],"curies":[{"name":"wp","href":"https:\/\/api.w.org\/{rel}","templated":true}]}}

<p>La doctrina católica ha entendido siempre el Derecho como un factor esencial de la Iglesia en la tierra, al servicio de la comunión. El fin del Derecho canónico ?como ha subrayado Juan Pablo II? no es suplantar, en la vida de la Iglesia, la fe de los fieles, su gracia, sus carismas y, sobre todo, su caridad.<br /> Por el contrario, (&#8230;) tiende más bien a generar en la sociedad eclesial un orden que, dando primacía al amor, a la gracia y al carisma, facilite al tiempo su ordenado crecimiento en la vida, tanto de la sociedad eclesial, como de todos los que a ella pertenecen. Por esta razón, el estudio, al menos elemental, del ordenamiento jurídico de la Iglesia es un aspecto importante de la formación cristiana.<br /> Este Curso básico de Derecho Canónico presenta los aspectos más importantes del ordenamiento canónico, sobre todo del vigente en la Iglesia latina. Está concebido primariamente como manual sistemático para el primer ciclo de los estudios teológicos. Sus autores han procurado, no obstante, que pueda servir también a toda persona que desee actualizar sus conocimientos del Derecho de la Iglesia, o adquirir una visión de conjunto de sus conceptos y contenidos principales.<br /> Los distintos temas se tratan desde una perspectiva jurídica, pero sin olvidar sus prepuestos teológicos, y tratando de mostrar explícitamente su relación con el misterio de la Iglesia, tal como pidió el Concilio Vaticano II. De este  modo, podrá percibirse mejor la continuidad y armonía de la perspectiva canónica con el conocimiento del ser y de la misión de la Iglesia, adquirido con el estudio de otras disciplinas.</p>

Rústica

CURSO BÁSICO DE DERECHO CANÓNICO
