{"id":7695,"date":"2022-09-16T12:13:02","date_gmt":"2022-09-16T10:13:02","guid":{"rendered":"http:\/\/dev.claret.cat\/producte\/eucaristia-misterio-de-comunion\/"},"modified":"2024-05-24T07:25:06","modified_gmt":"2024-05-24T05:25:06","slug":"eucaristia-misterio-de-comunion-9788430111640","status":"publish","type":"product","link":"https:\/\/www.claret.cat\/es\/libro\/eucaristia-misterio-de-comunion-9788430111640\/","title":{"rendered":"EUCARIST\u00cdA, MISTERIO DE COMUNI\u00d3N"},"content":{"rendered":"<p>El libro une las \u00faltimas aportaciones exeg\u00e9ticas y la tradici\u00f3n, el ecumenismo y la realidad actual. Destacan la fidelidad a los datos nucleares de la fe cristiana, el rigor en el an\u00e1lisis de las fuentes y la modernidad de sus planteamientos.<br \/>1. La eucarist\u00eda en el contexto de la vida y la muerte de Jes\u00fas; 2. La eucarist\u00eda y la resurrecci\u00f3n de Jes\u00fas; 3. La eucarist\u00eda y la presencia del Se\u00f1or resucitado; 4. La eucarist\u00eda y la Iglesia; 5. La eucarist\u00eda y el sacrificio de Jes\u00fas; 6. La eucarist\u00eda y la transformaci\u00f3n del mundo; 7. La eucarist\u00eda y el Esp\u00edritu Santo.<\/p>\n","protected":false},"excerpt":{"rendered":"<p>GESTEIRA GARZA, MANUEL<\/p>\n","protected":false},"featured_media":341379,"template":"","meta":{"_acf_changed":false,"om_disable_all_campaigns":false,"rs_blank_template":"","rs_page_bg_color":"","slide_template_v7":"","inline_featured_image":false,"_monsterinsights_skip_tracking":false,"_monsterinsights_sitenote_active":false,"_monsterinsights_sitenote_note":"","_monsterinsights_sitenote_category":0},"product_brand":[],"product_cat":[249,498,502,257,522,298],"product_tag":[],"class_list":{"0":"post-7695","1":"product","2":"type-product","3":"status-publish","4":"has-post-thumbnail","6":"product_cat-de-la-iniciacio-cristiana","7":"product_cat-de-la-iniciacion-cristiana","8":"product_cat-obras-generales-liturgia-1_espiritualidad","9":"product_cat-obres-generals-liturgia-1_espiritualitat","10":"product_cat-sacramental-pastoral-1_espiritualidad","11":"product_cat-sacramental","13":"first","14":"instock","15":"taxable","16":"shipping-taxable","17":"purchasable","18":"product-type-simple"},"acf":{"autor":"GESTEIRA GARZA, MANUEL","codart":"843011164","libros-coleccion":"Verdad e Imagen","ediciones":"5","encuadernacion":"R\u00fastica","fecha_de_publicacion":"01\/02\/2006","novedad":"0","paginas":"720","subtitulo":"","orden":"999","portada":"0","idioma":"spa","editorial":[{"ID":6364,"post_author":"3","post_date":"2022-07-28 17:50:36","post_date_gmt":"2022-07-28 15:50:36","post_content":"","post_title":"S\u00edgueme","post_excerpt":"","post_status":"publish","comment_status":"closed","ping_status":"closed","post_password":"","post_name":"sigueme","to_ping":"","pinged":"","post_modified":"2022-07-28 17:50:36","post_modified_gmt":"2022-07-28 15:50:36","post_content_filtered":"","post_parent":0,"guid":"http:\/\/dev.claret.cat\/editorial\/sigueme\/","menu_order":0,"post_type":"editorial","post_mime_type":"","comment_count":"0","filter":"raw"}],"autores-libros":[{"ID":8395,"post_author":"3","post_date":"2022-09-30 09:48:15","post_date_gmt":"2022-09-30 07:48:15","post_content":"","post_title":"MANUEL GESTEIRA GARZA","post_excerpt":"","post_status":"publish","comment_status":"closed","ping_status":"closed","post_password":"","post_name":"manuel-gesteira-garza","to_ping":"","pinged":"","post_modified":"2022-09-30 09:48:15","post_modified_gmt":"2022-09-30 07:48:15","post_content_filtered":"","post_parent":0,"guid":"http:\/\/dev.claret.cat\/autor\/manuel-gesteira-garza\/","menu_order":0,"post_type":"autor","post_mime_type":"","comment_count":"0","filter":"raw"}]},"aioseo_notices":[],"_links":{"self":[{"href":"https:\/\/www.claret.cat\/es\/wp-json\/wp\/v2\/product\/7695","targetHints":{"allow":["GET"]}}],"collection":[{"href":"https:\/\/www.claret.cat\/es\/wp-json\/wp\/v2\/product"}],"about":[{"href":"https:\/\/www.claret.cat\/es\/wp-json\/wp\/v2\/types\/product"}],"wp:featuredmedia":[{"embeddable":true,"href":"https:\/\/www.claret.cat\/es\/wp-json\/wp\/v2\/media\/341379"}],"wp:attachment":[{"href":"https:\/\/www.claret.cat\/es\/wp-json\/wp\/v2\/media?parent=7695"}],"wp:term":[{"taxonomy":"product_brand","embeddable":true,"href":"https:\/\/www.claret.cat\/es\/wp-json\/wp\/v2\/product_brand?post=7695"},{"taxonomy":"product_cat","embeddable":true,"href":"https:\/\/www.claret.cat\/es\/wp-json\/wp\/v2\/product_cat?post=7695"},{"taxonomy":"product_tag","embeddable":true,"href":"https:\/\/www.claret.cat\/es\/wp-json\/wp\/v2\/product_tag?post=7695"}],"curies":[{"name":"wp","href":"https:\/\/api.w.org\/{rel}","templated":true}]}}

EUCARISTÍA, MISTERIO DE COMUNIÓN

<p>El libro une las últimas aportaciones exegéticas y la tradición, el ecumenismo y la realidad actual. Destacan la fidelidad a los datos nucleares de la fe cristiana, el rigor en el análisis de las fuentes y la modernidad de sus planteamientos.<br />1. La eucaristía en el contexto de la vida y la muerte de Jesús; 2. La eucaristía y la resurrección de Jesús; 3. La eucaristía y la presencia del Señor resucitado; 4. La eucaristía y la Iglesia; 5. La eucaristía y el sacrificio de Jesús; 6. La eucaristía y la transformación del mundo; 7. La eucaristía y el Espíritu Santo.</p>

Rústica

Sígueme
