{"id":7775,"date":"2022-09-16T12:15:36","date_gmt":"2022-09-16T10:15:36","guid":{"rendered":"http:\/\/dev.claret.cat\/producte\/proyecto-de-educacion-en-la-interioridad-asomate-2\/"},"modified":"2026-01-04T13:55:56","modified_gmt":"2026-01-04T12:55:56","slug":"proyecto-de-educacion-en-la-interioridad-asomate-2-9788490233283","status":"publish","type":"product","link":"https:\/\/www.claret.cat\/es\/libro\/proyecto-de-educacion-en-la-interioridad-asomate-2-9788490233283\/","title":{"rendered":"PROYECTO DE EDUCACI\u00d3N EN LA INTERIORIDAD: AS\u00d3MATE &#8211; 2"},"content":{"rendered":"<p>El Proyecto de Educaci\u00f3n en la Interioridad As\u00f3mate tiene como objetivo fundamental ayudar a la educaci\u00f3n integral del alumnado, favoreciendo su autoconocimiento, sus relaciones sociales y la posibilidad de encontrar un sentido a sus vidas.  Las Hijas de Mar\u00eda Auxiliadora (Salesianas) apostaron por esta l\u00ednea de trabajo hace m\u00e1s de una d\u00e9cada y ofrecen este fruto madurado en sus aulas. En As\u00f3mate?2 presentamos las sesiones pastorales de interioridad y las herramientas que nos han sido \u00fatiles y que forman parte de nuestra experiencia educativa en la inspector\u00eda \u00abNuestra Se\u00f1ora del Pilar\u00bb.<\/p>\n","protected":false},"excerpt":{"rendered":"<p>PIERA GOMAR, MARIO<\/p>\n","protected":false},"featured_media":1072608,"template":"","meta":{"_acf_changed":false,"om_disable_all_campaigns":false,"rs_blank_template":"","rs_page_bg_color":"","slide_template_v7":"","inline_featured_image":false,"_monsterinsights_skip_tracking":false,"_monsterinsights_sitenote_active":false,"_monsterinsights_sitenote_note":"","_monsterinsights_sitenote_category":0},"product_brand":[],"product_cat":[259,504],"product_tag":[],"class_list":{"0":"post-7775","1":"product","2":"type-product","3":"status-publish","4":"has-post-thumbnail","6":"product_cat-de-lensenyament","7":"product_cat-de-la-ensenanza","9":"first","10":"outofstock","11":"taxable","12":"shipping-taxable","13":"purchasable","14":"product-type-simple"},"acf":{"autor":"PIERA GOMAR, MARIO","codart":"849023328","libros-coleccion":"","ediciones":"1","encuadernacion":"R\u00fastica","fecha_de_publicacion":"20\/11\/2015","novedad":"0","paginas":"108","subtitulo":"AS\u00d3MATE - 2 - RECURSOS DE PASTORAL","orden":"999","portada":"0","idioma":"spa","editorial":[{"ID":6155,"post_author":"3","post_date":"2022-07-28 17:46:04","post_date_gmt":"2022-07-28 15:46:04","post_content":"","post_title":"Central Catequ\u00edstica Salesiana","post_excerpt":"","post_status":"publish","comment_status":"closed","ping_status":"closed","post_password":"","post_name":"central-catequistica-salesiana","to_ping":"","pinged":"","post_modified":"2022-07-28 17:46:04","post_modified_gmt":"2022-07-28 15:46:04","post_content_filtered":"","post_parent":0,"guid":"http:\/\/dev.claret.cat\/editorial\/central-catequistica-salesiana\/","menu_order":0,"post_type":"editorial","post_mime_type":"","comment_count":"0","filter":"raw"}],"autores-libros":[{"ID":8400,"post_author":"3","post_date":"2022-09-30 09:48:17","post_date_gmt":"2022-09-30 07:48:17","post_content":"","post_title":"MARIO PIERA GOMAR","post_excerpt":"","post_status":"publish","comment_status":"closed","ping_status":"closed","post_password":"","post_name":"mario-piera-gomar","to_ping":"","pinged":"","post_modified":"2022-09-30 09:48:17","post_modified_gmt":"2022-09-30 07:48:17","post_content_filtered":"","post_parent":0,"guid":"http:\/\/dev.claret.cat\/autor\/mario-piera-gomar\/","menu_order":0,"post_type":"autor","post_mime_type":"","comment_count":"0","filter":"raw"}],"booktrailer":"","resenas":""},"aioseo_notices":[],"_links":{"self":[{"href":"https:\/\/www.claret.cat\/es\/wp-json\/wp\/v2\/product\/7775","targetHints":{"allow":["GET"]}}],"collection":[{"href":"https:\/\/www.claret.cat\/es\/wp-json\/wp\/v2\/product"}],"about":[{"href":"https:\/\/www.claret.cat\/es\/wp-json\/wp\/v2\/types\/product"}],"wp:featuredmedia":[{"embeddable":true,"href":"https:\/\/www.claret.cat\/es\/wp-json\/wp\/v2\/media\/1072608"}],"wp:attachment":[{"href":"https:\/\/www.claret.cat\/es\/wp-json\/wp\/v2\/media?parent=7775"}],"wp:term":[{"taxonomy":"product_brand","embeddable":true,"href":"https:\/\/www.claret.cat\/es\/wp-json\/wp\/v2\/product_brand?post=7775"},{"taxonomy":"product_cat","embeddable":true,"href":"https:\/\/www.claret.cat\/es\/wp-json\/wp\/v2\/product_cat?post=7775"},{"taxonomy":"product_tag","embeddable":true,"href":"https:\/\/www.claret.cat\/es\/wp-json\/wp\/v2\/product_tag?post=7775"}],"curies":[{"name":"wp","href":"https:\/\/api.w.org\/{rel}","templated":true}]}}

PROYECTO DE EDUCACIÓN EN LA INTERIORIDAD: ASÓMATE &#8211; 2

<p>El Proyecto de Educación en la Interioridad Asómate tiene como objetivo fundamental ayudar a la educación integral del alumnado, favoreciendo su autoconocimiento, sus relaciones sociales y la posibilidad de encontrar un sentido a sus vidas.  Las Hijas de María Auxiliadora (Salesianas) apostaron por esta línea de trabajo hace más de una década y ofrecen este fruto madurado en sus aulas. En Asómate?2 presentamos las sesiones pastorales de interioridad y las herramientas que nos han sido útiles y que forman parte de nuestra experiencia educativa en la inspectoría «Nuestra Señora del Pilar».</p>

Rústica

ASÓMATE - 2 - RECURSOS DE PASTORAL

Central Catequística Salesiana
