{"id":782953,"date":"2023-09-18T12:40:32","date_gmt":"2023-09-18T10:40:32","guid":{"rendered":"https:\/\/www.claret.cat\/llibre\/catalunya-de-llegenda-9788417057961\/"},"modified":"2025-03-28T18:01:04","modified_gmt":"2025-03-28T17:01:04","slug":"catalunya-de-llegenda-9788417057961","status":"publish","type":"product","link":"https:\/\/www.claret.cat\/es\/libro\/catalunya-de-llegenda-9788417057961\/","title":{"rendered":"CATALUNYA DE LLEGENDA"},"content":{"rendered":"<p>Des de temps immemorials, les hist\u00f2ries i llegendes de Catalunya han tissat una m\u00e0gica urdimbre, que en gran mesura ha modelat la seva ess\u00e8ncia i personalitat. Algunes van sorgir per il\u00b7luminar esdeveniments miraculosos, mentre que altres sentrellacen amb moralitats que aviven la curiositat popular amb pinzellades de superstici\u00f3. Arrelades en la vida quotidiana dels diferents pobles i ciutats catalanes, aquestes narracions han perdurat al llarg del temps, enriquint generacions amb els seus eterns misteris. <\/p>\n<p> Molt abans que els contes dels germans Grimm o Hans Christian Andersen arribessin a les nostres mans, en aquesta terra ancestral ja es xiuxiuejaven relats misteriosos a cau dorella: Qu\u00e8 mogu\u00e8 al ca\u00e7ador fantasma que deambulava per Montju\u00efc? Com va desapar\u00e8ixer l\u00e0via de Riells del Fai? Qui va posar fi al regnat del drac de Sant Lloren\u00e7 de Munt? Quina enigm\u00e0tica criatura va trobar la Verge del Tagamanent? Qui va ser el desventurat botx\u00ed de Barcelona? Quins secrets amaga lombra del canibalisme a Cardedeu?, o quin \u00e9s el misteri darrere dels carasses o els penjats a les esgl\u00e9sies? <\/p>\n<p> C\u00e9sar Alcal\u00e1 desembolica aquestes intrigants hist\u00f2ries, revelant els fils que van conformar el singular tap\u00eds de la hist\u00f2ria m\u00e0gica de Catalunya. Ara, a les teves mans tens loportunitat de desvetllar aquestes i moltes altres inc\u00f2gnites, i endinsar-te en el mateix cor de la hist\u00f2ria catalana, on lassombros i lenigm\u00e0tic sentrellacen en un calidoscopi de llegendes fabuloses e inoblidables.<\/p>\n","protected":false},"excerpt":{"rendered":"<p>C\u00c9SAR ALCAL\u00c1<\/p>\n","protected":false},"featured_media":783326,"template":"","meta":{"_acf_changed":false,"om_disable_all_campaigns":false,"rs_blank_template":"","rs_page_bg_color":"","slide_template_v7":"","inline_featured_image":false,"_monsterinsights_skip_tracking":false,"_monsterinsights_sitenote_active":false,"_monsterinsights_sitenote_note":"","_monsterinsights_sitenote_category":0},"product_brand":[],"product_cat":[430,153],"product_tag":[],"class_list":{"0":"post-782953","1":"product","2":"type-product","3":"status-publish","4":"has-post-thumbnail","6":"product_cat-cataluna","7":"product_cat-catalunya","9":"first","10":"instock","11":"taxable","12":"shipping-taxable","13":"purchasable","14":"product-type-simple"},"acf":{"autor":"C\u00c9SAR ALCAL\u00c1","codart":"841705796","libros-coleccion":"FORA DE COL.LECCI\u00d3","ediciones":"1","encuadernacion":"R\u00fastica","fecha_de_publicacion":"01\/09\/2023","novedad":"1","paginas":"266","subtitulo":"","orden":"0","portada":"1","idioma":"cat","editorial":[{"ID":147459,"post_author":"3","post_date":"2022-10-14 11:50:45","post_date_gmt":"2022-10-14 09:50:45","post_content":"","post_title":"ARCOPRESS","post_excerpt":"","post_status":"publish","comment_status":"closed","ping_status":"closed","post_password":"","post_name":"arcopress","to_ping":"","pinged":"","post_modified":"2022-10-14 11:50:45","post_modified_gmt":"2022-10-14 09:50:45","post_content_filtered":"","post_parent":0,"guid":"http:\/\/dev.claret.cat\/editorial\/arcopress\/","menu_order":0,"post_type":"editorial","post_mime_type":"","comment_count":"0","filter":"raw"}],"autores-libros":[{"ID":152705,"post_author":"3","post_date":"2022-10-14 14:50:55","post_date_gmt":"2022-10-14 12:50:55","post_content":"","post_title":"C\u00c9SAR ALCAL\u00c0","post_excerpt":"","post_status":"publish","comment_status":"closed","ping_status":"closed","post_password":"","post_name":"cesar-alcala-2","to_ping":"","pinged":"","post_modified":"2022-10-14 14:50:55","post_modified_gmt":"2022-10-14 12:50:55","post_content_filtered":"","post_parent":0,"guid":"http:\/\/dev.claret.cat\/autor\/cesar-alcala-2\/","menu_order":0,"post_type":"autor","post_mime_type":"","comment_count":"0","filter":"raw"}]},"aioseo_notices":[],"_links":{"self":[{"href":"https:\/\/www.claret.cat\/es\/wp-json\/wp\/v2\/product\/782953","targetHints":{"allow":["GET"]}}],"collection":[{"href":"https:\/\/www.claret.cat\/es\/wp-json\/wp\/v2\/product"}],"about":[{"href":"https:\/\/www.claret.cat\/es\/wp-json\/wp\/v2\/types\/product"}],"wp:featuredmedia":[{"embeddable":true,"href":"https:\/\/www.claret.cat\/es\/wp-json\/wp\/v2\/media\/783326"}],"wp:attachment":[{"href":"https:\/\/www.claret.cat\/es\/wp-json\/wp\/v2\/media?parent=782953"}],"wp:term":[{"taxonomy":"product_brand","embeddable":true,"href":"https:\/\/www.claret.cat\/es\/wp-json\/wp\/v2\/product_brand?post=782953"},{"taxonomy":"product_cat","embeddable":true,"href":"https:\/\/www.claret.cat\/es\/wp-json\/wp\/v2\/product_cat?post=782953"},{"taxonomy":"product_tag","embeddable":true,"href":"https:\/\/www.claret.cat\/es\/wp-json\/wp\/v2\/product_tag?post=782953"}],"curies":[{"name":"wp","href":"https:\/\/api.w.org\/{rel}","templated":true}]}}

<p>Des de temps immemorials, les històries i llegendes de Catalunya han tissat una màgica urdimbre, que en gran mesura ha modelat la seva essència i personalitat. Algunes van sorgir per il·luminar esdeveniments miraculosos, mentre que altres sentrellacen amb moralitats que aviven la curiositat popular amb pinzellades de superstició. Arrelades en la vida quotidiana dels diferents pobles i ciutats catalanes, aquestes narracions han perdurat al llarg del temps, enriquint generacions amb els seus eterns misteris. </p>
<p> Molt abans que els contes dels germans Grimm o Hans Christian Andersen arribessin a les nostres mans, en aquesta terra ancestral ja es xiuxiuejaven relats misteriosos a cau dorella: Què moguè al caçador fantasma que deambulava per Montjuïc? Com va desaparèixer làvia de Riells del Fai? Qui va posar fi al regnat del drac de Sant Llorenç de Munt? Quina enigmàtica criatura va trobar la Verge del Tagamanent? Qui va ser el desventurat botxí de Barcelona? Quins secrets amaga lombra del canibalisme a Cardedeu?, o quin és el misteri darrere dels carasses o els penjats a les esglésies? </p>
<p> César Alcalá desembolica aquestes intrigants històries, revelant els fils que van conformar el singular tapís de la història màgica de Catalunya. Ara, a les teves mans tens loportunitat de desvetllar aquestes i moltes altres incògnites, i endinsar-te en el mateix cor de la història catalana, on lassombros i lenigmàtic sentrellacen en un calidoscopi de llegendes fabuloses e inoblidables.</p>

<p>CÉSAR ALCALÁ</p>

CÉSAR ALCALÁ

FORA DE COL.LECCIÓ

Rústica

CÉSAR ALCALÀ
