{"id":7844,"date":"2022-09-16T12:21:16","date_gmt":"2022-09-16T10:21:16","guid":{"rendered":"http:\/\/dev.claret.cat\/producte\/cada-diumenge-jesus-et-convida\/"},"modified":"2025-04-30T16:15:54","modified_gmt":"2025-04-30T14:15:54","slug":"cada-diumenge-jesus-et-convida-9788498460001","status":"publish","type":"product","link":"https:\/\/www.claret.cat\/es\/libro\/cada-diumenge-jesus-et-convida-9788498460001\/","title":{"rendered":"CADA DIUMENGE JES\u00daS ET CONVIDA"},"content":{"rendered":"<p>La missa \u00e9s un di\u00e0leg, teixit amb paraules, gestos, s\u00edmbols, colors, cant i, fins i tot, olors. Per\u00f2 podem caure en l\u2019avorriment si desconeixem el significat d\u2019all\u00f2 que veiem o sentim.<br \/>Aquest llibret \u00e9s una guia senzilla per endinsar-se en l\u2019Eucaristia, una mena de diccionari o gram\u00e0tica per a comprendre el llenguatge d\u2019amor que D\u00e9u i l\u2019Esgl\u00e9sia utilitzen cada diumenge.<br \/>El text est\u00e0 pensat per a ser compr\u00e8s pels infants, per\u00f2 tamb\u00e9 l\u2019adult en treuran profit, perqu\u00e8 t\u00e9 presents els possibles membres de la fam\u00edlia: els infants, els pares a qui mai no s\u2019ha explicat l\u2019Eucaristia, i fins i tot els avis, que potser han apr\u00e8s el llenguatge de la celebraci\u00f3 per\u00f2 que potser els falten les paraules per explicar-ho<\/p>\n","protected":false},"excerpt":{"rendered":"<p>COMPTE, DAVI; ET ALTRI<\/p>\n","protected":false},"featured_media":367047,"template":"","meta":{"_acf_changed":false,"om_disable_all_campaigns":false,"rs_blank_template":"","rs_page_bg_color":"","slide_template_v7":"","inline_featured_image":false,"_monsterinsights_skip_tracking":false,"_monsterinsights_sitenote_active":false,"_monsterinsights_sitenote_note":"","_monsterinsights_sitenote_category":0},"product_brand":[],"product_cat":[249,498,581,267,405,219,478,522,298],"product_tag":[],"class_list":{"0":"post-7844","1":"product","2":"type-product","3":"status-publish","4":"has-post-thumbnail","6":"product_cat-de-la-iniciacio-cristiana","7":"product_cat-de-la-iniciacion-cristiana","8":"product_cat-editorial-claret","9":"product_cat-infantil-pastoral","10":"product_cat-infantil-pastoral-1_espiritualidad","11":"product_cat-infantil-catequesi","12":"product_cat-infantil-catequesis-1_espiritualidad","13":"product_cat-sacramental-pastoral-1_espiritualidad","14":"product_cat-sacramental","16":"first","17":"instock","18":"taxable","19":"shipping-taxable","20":"purchasable","21":"product-type-simple"},"acf":{"editorial":[{"ID":6158,"post_author":"3","post_date":"2022-07-28 17:46:08","post_date_gmt":"2022-07-28 15:46:08","post_content":"","post_title":"CLARET","post_excerpt":"","post_status":"publish","comment_status":"closed","ping_status":"closed","post_password":"","post_name":"claret","to_ping":"","pinged":"","post_modified":"2022-07-28 17:46:08","post_modified_gmt":"2022-07-28 15:46:08","post_content_filtered":"","post_parent":0,"guid":"http:\/\/dev.claret.cat\/editorial\/claret\/","menu_order":0,"post_type":"editorial","post_mime_type":"","comment_count":"0","filter":"raw"}],"autores-libros":[{"ID":8309,"post_author":"3","post_date":"2022-09-30 09:47:36","post_date_gmt":"2022-09-30 07:47:36","post_content":"","post_title":"DAVIDI COMPTE VERDAGUER","post_excerpt":"","post_status":"publish","comment_status":"closed","ping_status":"closed","post_password":"","post_name":"davidi-compte-verdaguer","to_ping":"","pinged":"","post_modified":"2022-09-30 09:47:36","post_modified_gmt":"2022-09-30 07:47:36","post_content_filtered":"","post_parent":0,"guid":"http:\/\/dev.claret.cat\/autor\/davidi-compte-verdaguer\/","menu_order":0,"post_type":"autor","post_mime_type":"","comment_count":"0","filter":"raw"},{"ID":8388,"post_author":"3","post_date":"2022-09-30 09:48:12","post_date_gmt":"2022-09-30 07:48:12","post_content":"","post_title":"Ma ROSA (il) TERRADELLES","post_excerpt":"","post_status":"publish","comment_status":"closed","ping_status":"closed","post_password":"","post_name":"ma-rosa-il-terradelles","to_ping":"","pinged":"","post_modified":"2022-09-30 09:48:12","post_modified_gmt":"2022-09-30 07:48:12","post_content_filtered":"","post_parent":0,"guid":"http:\/\/dev.claret.cat\/autor\/ma-rosa-il-terradelles\/","menu_order":0,"post_type":"autor","post_mime_type":"","comment_count":"0","filter":"raw"}],"autor":"COMPTE, DAVI; ET ALTRI","codart":"849846000","libros-coleccion":"","ediciones":"1","encuadernacion":"R\u00fastica","fecha_de_publicacion":"28\/03\/2007","novedad":"0","paginas":"32","subtitulo":"ACOMPANYEM L'ARNAU I A LA CARLA A DESCOBRIR EL SENTIT DE L'EUCARISTIA","orden":"1","portada":"0","idioma":"cat","booktrailer":"","resenas":""},"aioseo_notices":[],"_links":{"self":[{"href":"https:\/\/www.claret.cat\/es\/wp-json\/wp\/v2\/product\/7844","targetHints":{"allow":["GET"]}}],"collection":[{"href":"https:\/\/www.claret.cat\/es\/wp-json\/wp\/v2\/product"}],"about":[{"href":"https:\/\/www.claret.cat\/es\/wp-json\/wp\/v2\/types\/product"}],"wp:featuredmedia":[{"embeddable":true,"href":"https:\/\/www.claret.cat\/es\/wp-json\/wp\/v2\/media\/367047"}],"wp:attachment":[{"href":"https:\/\/www.claret.cat\/es\/wp-json\/wp\/v2\/media?parent=7844"}],"wp:term":[{"taxonomy":"product_brand","embeddable":true,"href":"https:\/\/www.claret.cat\/es\/wp-json\/wp\/v2\/product_brand?post=7844"},{"taxonomy":"product_cat","embeddable":true,"href":"https:\/\/www.claret.cat\/es\/wp-json\/wp\/v2\/product_cat?post=7844"},{"taxonomy":"product_tag","embeddable":true,"href":"https:\/\/www.claret.cat\/es\/wp-json\/wp\/v2\/product_tag?post=7844"}],"curies":[{"name":"wp","href":"https:\/\/api.w.org\/{rel}","templated":true}]}}

CADA DIUMENGE JESÚS ET CONVIDA

<p>La missa és un diàleg, teixit amb paraules, gestos, símbols, colors, cant i, fins i tot, olors. Però podem caure en l’avorriment si desconeixem el significat d’allò que veiem o sentim.<br />Aquest llibret és una guia senzilla per endinsar-se en l’Eucaristia, una mena de diccionari o gramàtica per a comprendre el llenguatge d’amor que Déu i l’Església utilitzen cada diumenge.<br />El text està pensat per a ser comprès pels infants, però també l’adult en treuran profit, perquè té presents els possibles membres de la família: els infants, els pares a qui mai no s’ha explicat l’Eucaristia, i fins i tot els avis, que potser han après el llenguatge de la celebració però que potser els falten les paraules per explicar-ho</p>

Rústica
