{"id":7853,"date":"2022-09-16T12:21:38","date_gmt":"2022-09-16T10:21:38","guid":{"rendered":"http:\/\/dev.claret.cat\/producte\/creacio-i-evolucio\/"},"modified":"2024-05-22T18:56:56","modified_gmt":"2024-05-22T16:56:56","slug":"creacio-i-evolucio-9788498461558","status":"publish","type":"product","link":"https:\/\/www.claret.cat\/es\/libro\/creacio-i-evolucio-9788498461558\/","title":{"rendered":"CREACI\u00d3 I EVOLUCI\u00d3"},"content":{"rendered":"<p>L\u2019any 2005, el cardenal arquebisbe de Viena, Christoph Sch\u00f6nborn, va escriure un article en el New York Times que gener\u00e0 un debat de ress\u00f2 mundial sobre creaci\u00f3 i evoluci\u00f3. El papa Benet XVI va encarregar al cardenal que abord\u00e9s amb m\u00e9s detall aquesta problem\u00e0tica i la discussi\u00f3 d\u2019aquell moment al voltant de l\u2019evolucionisme i el creacionisme, i deman\u00e0 al seu cercle d\u2019antics alumnes, que es reuneix anualment, que es formul\u00e9s les mateixes preguntes.<br \/>Aquest llibre documenta la interessant trobada convocada pel papa Benet XVI l\u2019any 2006 a la resid\u00e8ncia papal d\u2019estiu de Castel Gandolfo per tractar del tema de la creaci\u00f3 i l\u2019evoluci\u00f3. Inclou les pon\u00e8ncies que s\u2019hi van pronunciar, dels \u00e0mbits de les ci\u00e8ncies naturals, la filosofia i la teologia, aix\u00ed com tamb\u00e9 el debat en el qual va participar el mateix papa Benet XVI amb nombroses intervencions.<\/p>\n","protected":false},"excerpt":{"rendered":"<p>HORN, STEPHAN OTTO; WIEDE<\/p>\n","protected":false},"featured_media":380473,"template":"","meta":{"_acf_changed":false,"om_disable_all_campaigns":false,"rs_blank_template":"","rs_page_bg_color":"","slide_template_v7":"","inline_featured_image":false,"_monsterinsights_skip_tracking":false,"_monsterinsights_sitenote_active":false,"_monsterinsights_sitenote_note":"","_monsterinsights_sitenote_category":0},"product_brand":[],"product_cat":[169,440,581,275,413,278,508,437,163],"product_tag":[],"class_list":{"0":"post-7853","1":"product","2":"type-product","3":"status-publish","4":"has-post-thumbnail","6":"product_cat-de-la-ciencia","7":"product_cat-de-la-ciencia-filosofia-2_humanidades","8":"product_cat-editorial-claret","9":"product_cat-fonamental","10":"product_cat-fundamental","11":"product_cat-misteri-de-deu","12":"product_cat-misterio-de-dios","13":"product_cat-valores-y-convivencia","14":"product_cat-valors-i-convivencia","16":"first","17":"instock","18":"taxable","19":"shipping-taxable","20":"purchasable","21":"product-type-simple"},"acf":{"autor":"HORN, STEPHAN OTTO; WIEDE","codart":"849846155","libros-coleccion":"","ediciones":"1","encuadernacion":"R\u00fastica","fecha_de_publicacion":"09\/04\/2008","novedad":"0","paginas":"202","subtitulo":"UNA TROBADA AMB EL PAPA BENET XVI A CASTEL GANDOLFO","orden":"999","portada":"0","idioma":"cat","editorial":[{"ID":6158,"post_author":"3","post_date":"2022-07-28 17:46:08","post_date_gmt":"2022-07-28 15:46:08","post_content":"","post_title":"CLARET","post_excerpt":"","post_status":"publish","comment_status":"closed","ping_status":"closed","post_password":"","post_name":"claret","to_ping":"","pinged":"","post_modified":"2022-07-28 17:46:08","post_modified_gmt":"2022-07-28 15:46:08","post_content_filtered":"","post_parent":0,"guid":"http:\/\/dev.claret.cat\/editorial\/claret\/","menu_order":0,"post_type":"editorial","post_mime_type":"","comment_count":"0","filter":"raw"}],"autores-libros":[{"ID":8445,"post_author":"3","post_date":"2022-09-30 09:48:38","post_date_gmt":"2022-09-30 07:48:38","post_content":"","post_title":"STEPHAN OTTO (ed) HORN","post_excerpt":"","post_status":"publish","comment_status":"closed","ping_status":"closed","post_password":"","post_name":"stephan-otto-ed-horn","to_ping":"","pinged":"","post_modified":"2022-09-30 09:48:38","post_modified_gmt":"2022-09-30 07:48:38","post_content_filtered":"","post_parent":0,"guid":"http:\/\/dev.claret.cat\/autor\/stephan-otto-ed-horn\/","menu_order":0,"post_type":"autor","post_mime_type":"","comment_count":"0","filter":"raw"},{"ID":8440,"post_author":"3","post_date":"2022-09-30 09:48:36","post_date_gmt":"2022-09-30 07:48:36","post_content":"","post_title":"SIEGFRIED (ed) WIEDENHOFER","post_excerpt":"","post_status":"publish","comment_status":"closed","ping_status":"closed","post_password":"","post_name":"siegfried-ed-wiedenhofer","to_ping":"","pinged":"","post_modified":"2022-09-30 09:48:36","post_modified_gmt":"2022-09-30 07:48:36","post_content_filtered":"","post_parent":0,"guid":"http:\/\/dev.claret.cat\/autor\/siegfried-ed-wiedenhofer\/","menu_order":0,"post_type":"autor","post_mime_type":"","comment_count":"0","filter":"raw"},{"ID":8304,"post_author":"3","post_date":"2022-09-30 09:47:34","post_date_gmt":"2022-09-30 07:47:34","post_content":"","post_title":"CHRISTOPH(prol) SCH\u00d6NBORN","post_excerpt":"","post_status":"publish","comment_status":"closed","ping_status":"closed","post_password":"","post_name":"christophprol-schonborn","to_ping":"","pinged":"","post_modified":"2022-09-30 09:47:34","post_modified_gmt":"2022-09-30 07:47:34","post_content_filtered":"","post_parent":0,"guid":"http:\/\/dev.claret.cat\/autor\/christophprol-schonborn\/","menu_order":0,"post_type":"autor","post_mime_type":"","comment_count":"0","filter":"raw"}]},"aioseo_notices":[],"_links":{"self":[{"href":"https:\/\/www.claret.cat\/es\/wp-json\/wp\/v2\/product\/7853","targetHints":{"allow":["GET"]}}],"collection":[{"href":"https:\/\/www.claret.cat\/es\/wp-json\/wp\/v2\/product"}],"about":[{"href":"https:\/\/www.claret.cat\/es\/wp-json\/wp\/v2\/types\/product"}],"wp:featuredmedia":[{"embeddable":true,"href":"https:\/\/www.claret.cat\/es\/wp-json\/wp\/v2\/media\/380473"}],"wp:attachment":[{"href":"https:\/\/www.claret.cat\/es\/wp-json\/wp\/v2\/media?parent=7853"}],"wp:term":[{"taxonomy":"product_brand","embeddable":true,"href":"https:\/\/www.claret.cat\/es\/wp-json\/wp\/v2\/product_brand?post=7853"},{"taxonomy":"product_cat","embeddable":true,"href":"https:\/\/www.claret.cat\/es\/wp-json\/wp\/v2\/product_cat?post=7853"},{"taxonomy":"product_tag","embeddable":true,"href":"https:\/\/www.claret.cat\/es\/wp-json\/wp\/v2\/product_tag?post=7853"}],"curies":[{"name":"wp","href":"https:\/\/api.w.org\/{rel}","templated":true}]}}

CREACIÓ I EVOLUCIÓ

<p>L’any 2005, el cardenal arquebisbe de Viena, Christoph Schönborn, va escriure un article en el New York Times que generà un debat de ressò mundial sobre creació i evolució. El papa Benet XVI va encarregar al cardenal que abordés amb més detall aquesta problemàtica i la discussió d’aquell moment al voltant de l’evolucionisme i el creacionisme, i demanà al seu cercle d’antics alumnes, que es reuneix anualment, que es formulés les mateixes preguntes.<br />Aquest llibre documenta la interessant trobada convocada pel papa Benet XVI l’any 2006 a la residència papal d’estiu de Castel Gandolfo per tractar del tema de la creació i l’evolució. Inclou les ponències que s’hi van pronunciar, dels àmbits de les ciències naturals, la filosofia i la teologia, així com també el debat en el qual va participar el mateix papa Benet XVI amb nombroses intervencions.</p>

Rústica

CHRISTOPH(prol) SCHÖNBORN
