{"id":7874,"date":"2022-09-16T12:22:05","date_gmt":"2022-09-16T10:22:05","guid":{"rendered":"http:\/\/dev.claret.cat\/producte\/culte-i-iconografia-de-santa-eulalia-i-sant-oleguer-a-catalunya\/"},"modified":"2024-05-22T18:46:56","modified_gmt":"2024-05-22T16:46:56","slug":"culte-i-iconografia-de-santa-eulalia-i-sant-oleguer-a-catalunya-9788498462784","status":"publish","type":"product","link":"https:\/\/www.claret.cat\/es\/libro\/culte-i-iconografia-de-santa-eulalia-i-sant-oleguer-a-catalunya-9788498462784\/","title":{"rendered":"CULTE I ICONOGRAFIA DE SANTA EUL\u00c0LIA I SANT OLEGUER A CATALUNYA"},"content":{"rendered":"<p>La sala capitular de la catedral de Barcelona cont\u00e9 en el seu sostre la representaci\u00f3 de Santa Eul\u00e0lia i Sant Oleguer transportats a la gl\u00f2ria celestial, i en els segments i llunetes laterals, seguint la tradici\u00f3 italiana, una representaci\u00f3 de virtuts i altres figures al\u00b7leg\u00f2riques que porten uns filacteris amb inscripcions de textos de la Sagrada Escriptura de l\u2019Antic i del Nou Testament. L\u2019autor \u00e9s el pintor Pau Priu, que es form\u00e0 en el taller de Joan Grau i entr\u00e0 a formar part del Gremi de Pintors l\u2019any 1700. L\u2019obra, finalitzada l\u2019any 1705, \u00e9s dif\u00edcil i atrevida, i est\u00e0 considerada un dels programes iconogr\u00e0fics m\u00e9s rics i complerts de la pintura catalana del segle XVIII.<br \/>Seguint el mateix esquema que ha utilitzat anteriorment per a l&#8217;estudi d&#8217;altres obres d&#8217;art religi\u00f3s catal\u00e0, Rosa Ribas en fa una an\u00e0lisi acurada i presenta una proposta did\u00e0ctica per als alumnes de batxillerat i que es pot treballar tamb\u00e9 a entitats culturals i escoles o centres d&#8217;art. La proposta permet treballar-hi des de perspectives diverses: hist\u00f2ria de l&#8217;art, hist\u00f2ria de Catalunya, religi\u00f3, simbologia religiosa&#8230; o millor encara, d&#8217;una manera interdisciplinar.<\/p>\n","protected":false},"excerpt":{"rendered":"<p>RIBAS GARRIGA, ROSA<\/p>\n","protected":false},"featured_media":367567,"template":"","meta":{"_acf_changed":false,"om_disable_all_campaigns":false,"rs_blank_template":"","rs_page_bg_color":"","slide_template_v7":"","inline_featured_image":false,"_monsterinsights_skip_tracking":false,"_monsterinsights_sitenote_active":false,"_monsterinsights_sitenote_note":"","_monsterinsights_sitenote_category":0},"product_brand":[],"product_cat":[573,140,226,388,189,453,581,139,572],"product_tag":[],"class_list":{"0":"post-7874","1":"product","2":"type-product","3":"status-publish","4":"has-post-thumbnail","6":"product_cat-bachillerato","7":"product_cat-batxillerat","8":"product_cat-didactica","9":"product_cat-didactica-catequesis-1_espiritualidad","10":"product_cat-didactica-i-praxi-escolar","11":"product_cat-didactica-y-praxis-escolar","12":"product_cat-editorial-claret","13":"product_cat-secundaria","14":"product_cat-secundaria-escolar-4_escolar-spa","16":"first","17":"instock","18":"taxable","19":"shipping-taxable","20":"purchasable","21":"product-type-simple"},"acf":{"autor":"RIBAS GARRIGA, ROSA","codart":"849846278","libros-coleccion":"","ediciones":"1","encuadernacion":"R\u00fastica","fecha_de_publicacion":"28\/01\/2009","novedad":"0","paginas":"130","subtitulo":"UNA PROPOSTA DID\u00c0CTICA","orden":"999","portada":"0","idioma":"cat","editorial":[{"ID":6158,"post_author":"3","post_date":"2022-07-28 17:46:08","post_date_gmt":"2022-07-28 15:46:08","post_content":"","post_title":"CLARET","post_excerpt":"","post_status":"publish","comment_status":"closed","ping_status":"closed","post_password":"","post_name":"claret","to_ping":"","pinged":"","post_modified":"2022-07-28 17:46:08","post_modified_gmt":"2022-07-28 15:46:08","post_content_filtered":"","post_parent":0,"guid":"http:\/\/dev.claret.cat\/editorial\/claret\/","menu_order":0,"post_type":"editorial","post_mime_type":"","comment_count":"0","filter":"raw"}],"autores-libros":[{"ID":8433,"post_author":"3","post_date":"2022-09-30 09:48:33","post_date_gmt":"2022-09-30 07:48:33","post_content":"","post_title":"ROSA RIBAS GARRIGA","post_excerpt":"","post_status":"publish","comment_status":"closed","ping_status":"closed","post_password":"","post_name":"rosa-ribas-garriga","to_ping":"","pinged":"","post_modified":"2022-09-30 09:48:33","post_modified_gmt":"2022-09-30 07:48:33","post_content_filtered":"","post_parent":0,"guid":"http:\/\/dev.claret.cat\/autor\/rosa-ribas-garriga\/","menu_order":0,"post_type":"autor","post_mime_type":"","comment_count":"0","filter":"raw"}]},"aioseo_notices":[],"_links":{"self":[{"href":"https:\/\/www.claret.cat\/es\/wp-json\/wp\/v2\/product\/7874","targetHints":{"allow":["GET"]}}],"collection":[{"href":"https:\/\/www.claret.cat\/es\/wp-json\/wp\/v2\/product"}],"about":[{"href":"https:\/\/www.claret.cat\/es\/wp-json\/wp\/v2\/types\/product"}],"wp:featuredmedia":[{"embeddable":true,"href":"https:\/\/www.claret.cat\/es\/wp-json\/wp\/v2\/media\/367567"}],"wp:attachment":[{"href":"https:\/\/www.claret.cat\/es\/wp-json\/wp\/v2\/media?parent=7874"}],"wp:term":[{"taxonomy":"product_brand","embeddable":true,"href":"https:\/\/www.claret.cat\/es\/wp-json\/wp\/v2\/product_brand?post=7874"},{"taxonomy":"product_cat","embeddable":true,"href":"https:\/\/www.claret.cat\/es\/wp-json\/wp\/v2\/product_cat?post=7874"},{"taxonomy":"product_tag","embeddable":true,"href":"https:\/\/www.claret.cat\/es\/wp-json\/wp\/v2\/product_tag?post=7874"}],"curies":[{"name":"wp","href":"https:\/\/api.w.org\/{rel}","templated":true}]}}

CULTE I ICONOGRAFIA DE SANTA EULÀLIA I SANT OLEGUER A CATALUNYA

<p>La sala capitular de la catedral de Barcelona conté en el seu sostre la representació de Santa Eulàlia i Sant Oleguer transportats a la glòria celestial, i en els segments i llunetes laterals, seguint la tradició italiana, una representació de virtuts i altres figures al·legòriques que porten uns filacteris amb inscripcions de textos de la Sagrada Escriptura de l’Antic i del Nou Testament. L’autor és el pintor Pau Priu, que es formà en el taller de Joan Grau i entrà a formar part del Gremi de Pintors l’any 1700. L’obra, finalitzada l’any 1705, és difícil i atrevida, i està considerada un dels programes iconogràfics més rics i complerts de la pintura catalana del segle XVIII.<br />Seguint el mateix esquema que ha utilitzat anteriorment per a l&#8217;estudi d&#8217;altres obres d&#8217;art religiós català, Rosa Ribas en fa una anàlisi acurada i presenta una proposta didàctica per als alumnes de batxillerat i que es pot treballar també a entitats culturals i escoles o centres d&#8217;art. La proposta permet treballar-hi des de perspectives diverses: història de l&#8217;art, història de Catalunya, religió, simbologia religiosa&#8230; o millor encara, d&#8217;una manera interdisciplinar.</p>

Rústica

UNA PROPOSTA DIDÀCTICA
