{"id":7920,"date":"2022-09-16T12:23:27","date_gmt":"2022-09-16T10:23:27","guid":{"rendered":"http:\/\/dev.claret.cat\/producte\/celebremos-a-maria\/"},"modified":"2024-05-22T14:08:59","modified_gmt":"2024-05-22T12:08:59","slug":"celebremos-a-maria-9789505124688","status":"publish","type":"product","link":"https:\/\/www.claret.cat\/es\/libro\/celebremos-a-maria-9789505124688\/","title":{"rendered":"CELEBREMOS A MAR\u00cdA"},"content":{"rendered":"<p>En torno a Mar\u00eda se ofrecen celebraciones con guiones para los diferentes momentos lit\u00fargicos. Adem\u00e1s este libro contiene indicaciones concretas para acompa\u00f1ar la visita de la Virgen a los hogares, sugerencias para peregrinaciones, procesiones y diferentes oraciones.<\/p>\n","protected":false},"excerpt":{"rendered":"<p>VARELA, cmf, MIGUEL<\/p>\n","protected":false},"featured_media":370013,"template":"","meta":{"_acf_changed":false,"om_disable_all_campaigns":false,"rs_blank_template":"","rs_page_bg_color":"","slide_template_v7":"","inline_featured_image":false,"_monsterinsights_skip_tracking":false,"_monsterinsights_sitenote_active":false,"_monsterinsights_sitenote_note":"","_monsterinsights_sitenote_category":0},"product_brand":[],"product_cat":[235,393,503,258],"product_tag":[],"class_list":{"0":"post-7920","1":"product","2":"type-product","3":"status-publish","4":"has-post-thumbnail","6":"product_cat-mariana","7":"product_cat-mariana-espiritualidad-1_espiritualidad","8":"product_cat-paraliturgia-liturgia-1_espiritualidad","9":"product_cat-paraliturgia","11":"first","12":"instock","13":"taxable","14":"shipping-taxable","15":"purchasable","16":"product-type-simple"},"acf":{"autor":"VARELA, cmf, MIGUEL","codart":"950512468","libros-coleccion":"","ediciones":"1","encuadernacion":"R\u00fastica","fecha_de_publicacion":"28\/04\/2006","novedad":"0","paginas":"174","subtitulo":"CELEBRACIONES DE LA PALABRA. GUIONES PARA FIESTAS MARIANAS. PROCESIONES. PEREGRINACIONES. CAMINATAS. ORACIONES","orden":"999","portada":"0","idioma":"spa","editorial":[{"ID":8265,"post_author":"3","post_date":"2022-09-30 09:21:35","post_date_gmt":"2022-09-30 07:21:35","post_content":"","post_title":"PUBLICACIONES CLARETIANAS (ARGENTINA)","post_excerpt":"","post_status":"publish","comment_status":"closed","ping_status":"closed","post_password":"","post_name":"publicaciones-claretianas-argentina","to_ping":"","pinged":"","post_modified":"2022-09-30 09:21:35","post_modified_gmt":"2022-09-30 07:21:35","post_content_filtered":"","post_parent":0,"guid":"http:\/\/dev.claret.cat\/editorial\/publicaciones-claretianas-argentina\/","menu_order":0,"post_type":"editorial","post_mime_type":"","comment_count":"0","filter":"raw"}],"autores-libros":[{"ID":8306,"post_author":"3","post_date":"2022-09-30 09:47:35","post_date_gmt":"2022-09-30 07:47:35","post_content":"","post_title":"cmf VARELA","post_excerpt":"","post_status":"publish","comment_status":"closed","ping_status":"closed","post_password":"","post_name":"cmf-varela","to_ping":"","pinged":"","post_modified":"2022-09-30 09:47:35","post_modified_gmt":"2022-09-30 07:47:35","post_content_filtered":"","post_parent":0,"guid":"http:\/\/dev.claret.cat\/autor\/cmf-varela\/","menu_order":0,"post_type":"autor","post_mime_type":"","comment_count":"0","filter":"raw"}]},"aioseo_notices":[],"_links":{"self":[{"href":"https:\/\/www.claret.cat\/es\/wp-json\/wp\/v2\/product\/7920","targetHints":{"allow":["GET"]}}],"collection":[{"href":"https:\/\/www.claret.cat\/es\/wp-json\/wp\/v2\/product"}],"about":[{"href":"https:\/\/www.claret.cat\/es\/wp-json\/wp\/v2\/types\/product"}],"wp:featuredmedia":[{"embeddable":true,"href":"https:\/\/www.claret.cat\/es\/wp-json\/wp\/v2\/media\/370013"}],"wp:attachment":[{"href":"https:\/\/www.claret.cat\/es\/wp-json\/wp\/v2\/media?parent=7920"}],"wp:term":[{"taxonomy":"product_brand","embeddable":true,"href":"https:\/\/www.claret.cat\/es\/wp-json\/wp\/v2\/product_brand?post=7920"},{"taxonomy":"product_cat","embeddable":true,"href":"https:\/\/www.claret.cat\/es\/wp-json\/wp\/v2\/product_cat?post=7920"},{"taxonomy":"product_tag","embeddable":true,"href":"https:\/\/www.claret.cat\/es\/wp-json\/wp\/v2\/product_tag?post=7920"}],"curies":[{"name":"wp","href":"https:\/\/api.w.org\/{rel}","templated":true}]}}

CELEBREMOS A MARÍA

<p>En torno a María se ofrecen celebraciones con guiones para los diferentes momentos litúrgicos. Además este libro contiene indicaciones concretas para acompañar la visita de la Virgen a los hogares, sugerencias para peregrinaciones, procesiones y diferentes oraciones.</p>

Rústica
