{"id":7932,"date":"2022-09-16T12:23:45","date_gmt":"2022-09-16T10:23:45","guid":{"rendered":"http:\/\/dev.claret.cat\/producte\/tenemos-suficiente-inteligencia-para-entender-la-inteligencia-de-los-animales\/"},"modified":"2023-01-28T13:20:14","modified_gmt":"2023-01-28T12:20:14","slug":"tenemos-suficiente-inteligencia-para-entender-la-inteligencia-de-los-animales-9788490662502","status":"publish","type":"product","link":"https:\/\/www.claret.cat\/es\/libro\/tenemos-suficiente-inteligencia-para-entender-la-inteligencia-de-los-animales-9788490662502\/","title":{"rendered":"\u00bfTENEMOS SUFICIENTE INTELIGENCIA PARA ENTENDER LA INTELIGENCIA DE LOS ANIMALES?"},"content":{"rendered":"<p>Este libro describe numerosos y sorprendentes trabajos de campo realizados por estudiosos del comportamiento animal a lo largo de medio mundo con ejemplos que incluyen desde avispas a ballenas, desde pulpos a chimpanc\u00e9s. El lector hallar\u00e1 en estas p\u00e1ginas conmovedoras historias de cooperaci\u00f3n y empat\u00eda entre delfines, divertid\u00edsimos ejemplos sobre la memoria visual de algunas aves o asombrosos relatos sobre un incipiente sentido del bien y del mal en los primates superiores y su capacidad para anticiparse al futuro.<br \/> Por fortuna, han quedado atr\u00e1s los tiempos en que los animales eran considerados meras m\u00e1quinas que s\u00f3lo respond\u00edan mec\u00e1nicamente a los est\u00edmulos del laboratorio, pero este libro, adem\u00e1s, nos obliga a replantearnos nuestros viejas ideas acerca de la naturaleza y los mecanismos de la inteligencia, tanto humana como animal. Durante d\u00e9cadas fue un lugar com\u00fan pensar que s\u00f3lo el ser humano era consciente de s\u00ed mismo, pod\u00eda representarse el pasado y el futuro o ten\u00eda la capacidad de crear y emplear herramientas. Sin embargo, hace tiempo que los et\u00f3logos, y en especial destacados primat\u00f3logos como Frans de Waal, est\u00e1n cuestionando estos prejuicios.<\/p>\n","protected":false},"excerpt":{"rendered":"<p>WAAL, FRANS DE<\/p>\n","protected":false},"featured_media":75430,"template":"","meta":{"_acf_changed":false,"om_disable_all_campaigns":false,"rs_blank_template":"","rs_page_bg_color":"","slide_template_v7":"","inline_featured_image":false,"_monsterinsights_skip_tracking":false,"_monsterinsights_sitenote_active":false,"_monsterinsights_sitenote_note":"","_monsterinsights_sitenote_category":0},"product_brand":[],"product_cat":[104,554],"product_tag":[],"class_list":{"0":"post-7932","1":"product","2":"type-product","3":"status-publish","4":"has-post-thumbnail","6":"product_cat-ciencia","7":"product_cat-ciencia-5_otras-spa","9":"first","10":"instock","11":"taxable","12":"shipping-taxable","13":"purchasable","14":"product-type-simple"},"acf":{"autor":"WAAL, FRANS DE","codart":"9788490662502","libros-coleccion":"","ediciones":"1","encuadernacion":"R\u00fastica","fecha_de_publicacion":"08\/04\/2016","novedad":"0","paginas":"365","subtitulo":"","orden":"999","portada":"0","idioma":"spa","editorial":[{"ID":8271,"post_author":"3","post_date":"2022-09-30 09:21:39","post_date_gmt":"2022-09-30 07:21:39","post_content":"","post_title":"TUSQUETS EDITORES","post_excerpt":"","post_status":"publish","comment_status":"closed","ping_status":"closed","post_password":"","post_name":"tusquets-editores","to_ping":"","pinged":"","post_modified":"2022-09-30 09:21:39","post_modified_gmt":"2022-09-30 07:21:39","post_content_filtered":"","post_parent":0,"guid":"http:\/\/dev.claret.cat\/editorial\/tusquets-editores\/","menu_order":0,"post_type":"editorial","post_mime_type":"","comment_count":"0","filter":"raw"}],"autores-libros":[{"ID":8331,"post_author":"3","post_date":"2022-09-30 09:47:46","post_date_gmt":"2022-09-30 07:47:46","post_content":"","post_title":"FRANS DE WAAL","post_excerpt":"","post_status":"publish","comment_status":"closed","ping_status":"closed","post_password":"","post_name":"frans-de-waal","to_ping":"","pinged":"","post_modified":"2022-09-30 09:47:46","post_modified_gmt":"2022-09-30 07:47:46","post_content_filtered":"","post_parent":0,"guid":"http:\/\/dev.claret.cat\/autor\/frans-de-waal\/","menu_order":0,"post_type":"autor","post_mime_type":"","comment_count":"0","filter":"raw"}]},"aioseo_notices":[],"_links":{"self":[{"href":"https:\/\/www.claret.cat\/es\/wp-json\/wp\/v2\/product\/7932","targetHints":{"allow":["GET"]}}],"collection":[{"href":"https:\/\/www.claret.cat\/es\/wp-json\/wp\/v2\/product"}],"about":[{"href":"https:\/\/www.claret.cat\/es\/wp-json\/wp\/v2\/types\/product"}],"wp:featuredmedia":[{"embeddable":true,"href":"https:\/\/www.claret.cat\/es\/wp-json\/wp\/v2\/media\/75430"}],"wp:attachment":[{"href":"https:\/\/www.claret.cat\/es\/wp-json\/wp\/v2\/media?parent=7932"}],"wp:term":[{"taxonomy":"product_brand","embeddable":true,"href":"https:\/\/www.claret.cat\/es\/wp-json\/wp\/v2\/product_brand?post=7932"},{"taxonomy":"product_cat","embeddable":true,"href":"https:\/\/www.claret.cat\/es\/wp-json\/wp\/v2\/product_cat?post=7932"},{"taxonomy":"product_tag","embeddable":true,"href":"https:\/\/www.claret.cat\/es\/wp-json\/wp\/v2\/product_tag?post=7932"}],"curies":[{"name":"wp","href":"https:\/\/api.w.org\/{rel}","templated":true}]}}

<p>Este libro describe numerosos y sorprendentes trabajos de campo realizados por estudiosos del comportamiento animal a lo largo de medio mundo con ejemplos que incluyen desde avispas a ballenas, desde pulpos a chimpancés. El lector hallará en estas páginas conmovedoras historias de cooperación y empatía entre delfines, divertidísimos ejemplos sobre la memoria visual de algunas aves o asombrosos relatos sobre un incipiente sentido del bien y del mal en los primates superiores y su capacidad para anticiparse al futuro.<br /> Por fortuna, han quedado atrás los tiempos en que los animales eran considerados meras máquinas que sólo respondían mecánicamente a los estímulos del laboratorio, pero este libro, además, nos obliga a replantearnos nuestros viejas ideas acerca de la naturaleza y los mecanismos de la inteligencia, tanto humana como animal. Durante décadas fue un lugar común pensar que sólo el ser humano era consciente de sí mismo, podía representarse el pasado y el futuro o tenía la capacidad de crear y emplear herramientas. Sin embargo, hace tiempo que los etólogos, y en especial destacados primatólogos como Frans de Waal, están cuestionando estos prejuicios.</p>

Rústica
