{"id":80041,"date":"2022-10-11T16:31:08","date_gmt":"2022-10-11T14:31:08","guid":{"rendered":"http:\/\/dev.claret.cat\/producte\/flores-para-ariana\/"},"modified":"2023-01-28T17:27:16","modified_gmt":"2023-01-28T16:27:16","slug":"flores-para-ariana-9788408250517","status":"publish","type":"product","link":"https:\/\/www.claret.cat\/es\/libro\/flores-para-ariana-9788408250517\/","title":{"rendered":"FLORES PARA ARIANA"},"content":{"rendered":"<p>Ariana acaba de cumplir catorce a\u00f1os, pero no tiene muchos motivos para celebrarlo. La suya, como la de otros miles de ni\u00f1as de su Kabul natal, es una historia de infancia robada. De guerra civil, de familias enfrentadas, del horror del r\u00e9gimen talib\u00e1n, de la negaci\u00f3n de todo tipo de libertad por el mero hecho de haber nacido mujer. \u00bfC\u00f3mo puede alguien en esa situaci\u00f3n no perder las ganas de vivir?<br \/> Pero a\u00f1os m\u00e1s tarde cuando Ariana, con solo diecis\u00e9is a\u00f1os, es violada por el hombre con el que le han obligado a casarse, siente que una nueva fuerza para seguir adelante nace en sus entra\u00f1as. Una energ\u00eda que mira al futuro con la esperanza de que nunca m\u00e1s, en su pa\u00eds, una mujer tenga que volver a sufrir el horror que ella ha sufrido.<br \/> Una emotiva novela que traslada a la ficci\u00f3n algunas de las historias reales que Antonio Pampliega ha ido recogiendo durante sus a\u00f1os como corresponsal de guerra en Afganist\u00e1n. Con la crudeza de quien sabe que la vida no siempre regala finales felices, nos da la posibilidad de vivir en primera persona una realidad que no por ser lejana nos deber\u00eda ser ajena.<\/p>\n","protected":false},"excerpt":{"rendered":"<p>PAMPLIEGA, ANTONIO<\/p>\n","protected":false},"featured_media":80042,"template":"","meta":{"_acf_changed":false,"om_disable_all_campaigns":false,"rs_blank_template":"","rs_page_bg_color":"","slide_template_v7":"","inline_featured_image":false,"_monsterinsights_skip_tracking":false,"_monsterinsights_sitenote_active":false,"_monsterinsights_sitenote_note":"","_monsterinsights_sitenote_category":0},"product_brand":[],"product_cat":[127],"product_tag":[],"class_list":{"0":"post-80041","1":"product","2":"type-product","3":"status-publish","4":"has-post-thumbnail","6":"product_cat-novella-contemporania","8":"first","9":"instock","10":"taxable","11":"shipping-taxable","12":"purchasable","13":"product-type-simple"},"acf":{"editorial":[{"ID":6233,"post_author":"3","post_date":"2022-07-28 17:47:48","post_date_gmt":"2022-07-28 15:47:48","post_content":"","post_title":"EDITORIAL PLANETA","post_excerpt":"","post_status":"publish","comment_status":"closed","ping_status":"closed","post_password":"","post_name":"editorial-planeta","to_ping":"","pinged":"","post_modified":"2022-07-28 17:47:48","post_modified_gmt":"2022-07-28 15:47:48","post_content_filtered":"","post_parent":0,"guid":"http:\/\/dev.claret.cat\/editorial\/editorial-planeta\/","menu_order":0,"post_type":"editorial","post_mime_type":"","comment_count":"0","filter":"raw"}],"autores-libros":[{"ID":5266,"post_author":"3","post_date":"2022-07-28 17:20:21","post_date_gmt":"2022-07-28 15:20:21","post_content":"","post_title":"ANTONIO PAMPLIEGA","post_excerpt":"","post_status":"publish","comment_status":"closed","ping_status":"closed","post_password":"","post_name":"antonio-pampliega","to_ping":"","pinged":"","post_modified":"2022-07-28 17:20:21","post_modified_gmt":"2022-07-28 15:20:21","post_content_filtered":"","post_parent":0,"guid":"http:\/\/dev.claret.cat\/autor\/antonio-pampliega\/","menu_order":0,"post_type":"autor","post_mime_type":"","comment_count":"0","filter":"raw"}],"autor":"PAMPLIEGA, ANTONIO","codart":"840825051","libros-coleccion":"Ficci\u00f3n","ediciones":"1","encuadernacion":"R\u00fastica","fecha_de_publicacion":"01\/10\/2021","novedad":"1","paginas":"405","subtitulo":"","orden":"0","portada":"0","idioma":"spa"},"aioseo_notices":[],"_links":{"self":[{"href":"https:\/\/www.claret.cat\/es\/wp-json\/wp\/v2\/product\/80041","targetHints":{"allow":["GET"]}}],"collection":[{"href":"https:\/\/www.claret.cat\/es\/wp-json\/wp\/v2\/product"}],"about":[{"href":"https:\/\/www.claret.cat\/es\/wp-json\/wp\/v2\/types\/product"}],"wp:featuredmedia":[{"embeddable":true,"href":"https:\/\/www.claret.cat\/es\/wp-json\/wp\/v2\/media\/80042"}],"wp:attachment":[{"href":"https:\/\/www.claret.cat\/es\/wp-json\/wp\/v2\/media?parent=80041"}],"wp:term":[{"taxonomy":"product_brand","embeddable":true,"href":"https:\/\/www.claret.cat\/es\/wp-json\/wp\/v2\/product_brand?post=80041"},{"taxonomy":"product_cat","embeddable":true,"href":"https:\/\/www.claret.cat\/es\/wp-json\/wp\/v2\/product_cat?post=80041"},{"taxonomy":"product_tag","embeddable":true,"href":"https:\/\/www.claret.cat\/es\/wp-json\/wp\/v2\/product_tag?post=80041"}],"curies":[{"name":"wp","href":"https:\/\/api.w.org\/{rel}","templated":true}]}}

<p>Ariana acaba de cumplir catorce años, pero no tiene muchos motivos para celebrarlo. La suya, como la de otros miles de niñas de su Kabul natal, es una historia de infancia robada. De guerra civil, de familias enfrentadas, del horror del régimen talibán, de la negación de todo tipo de libertad por el mero hecho de haber nacido mujer. ¿Cómo puede alguien en esa situación no perder las ganas de vivir?<br /> Pero años más tarde cuando Ariana, con solo dieciséis años, es violada por el hombre con el que le han obligado a casarse, siente que una nueva fuerza para seguir adelante nace en sus entrañas. Una energía que mira al futuro con la esperanza de que nunca más, en su país, una mujer tenga que volver a sufrir el horror que ella ha sufrido.<br /> Una emotiva novela que traslada a la ficción algunas de las historias reales que Antonio Pampliega ha ido recogiendo durante sus años como corresponsal de guerra en Afganistán. Con la crudeza de quien sabe que la vida no siempre regala finales felices, nos da la posibilidad de vivir en primera persona una realidad que no por ser lejana nos debería ser ajena.</p>

Ficción

Rústica
