{"id":81264,"date":"2022-10-11T16:46:41","date_gmt":"2022-10-11T14:46:41","guid":{"rendered":"http:\/\/dev.claret.cat\/producte\/quina-amiga-mes-estranya\/"},"modified":"2026-04-23T12:00:56","modified_gmt":"2026-04-23T10:00:56","slug":"quina-amiga-mes-estranya-9788491016953","status":"publish","type":"product","link":"https:\/\/www.claret.cat\/es\/libro\/quina-amiga-mes-estranya-9788491016953\/","title":{"rendered":"QUINA AMIGA M\u00c9S ESTRANYA!"},"content":{"rendered":"<p>La Mia viu en una casa rara. El seu pare \u00e9s un bruixot despistat i la seva mare \u00e9s una bruixa poderosa i musical. Les seves mascotes -un gos, un gat i un h\u00e0mster de color blau-, a m\u00e9s, parlen! Ah, i tamb\u00e9 t\u00e9 una aranya que fa les teranyines m\u00e9s espectaculars del m\u00f3n.<br \/>Tot aix\u00f2, per\u00f2, els Casaquadrada, que s\u00f3n els nous ve\u00efns, no ho saben!, i ells s\u00f3n tot ordre i netedat. Quina sorpresa que s&#8221;endur\u00e0 la Lia, la m\u00e9s petita de la fam\u00edlia, quan entri en el m\u00f3n de la Mia i descobreixi la seva m\u00e0gia!<\/p>\n","protected":false},"excerpt":{"rendered":"<p>ROCA, ELISENDA<\/p>\n","protected":false},"featured_media":453047,"template":"","meta":{"_acf_changed":false,"om_disable_all_campaigns":false,"rs_blank_template":"","rs_page_bg_color":"","slide_template_v7":"","inline_featured_image":false,"_monsterinsights_skip_tracking":false,"_monsterinsights_sitenote_active":false,"_monsterinsights_sitenote_note":"","_monsterinsights_sitenote_category":0},"product_brand":[],"product_cat":[132,362],"product_tag":[],"class_list":{"0":"post-81264","1":"product","2":"type-product","3":"status-publish","4":"has-post-thumbnail","6":"product_cat-lectures-per-preadolescents-6-12-anys","7":"product_cat-libros-preadolescentes-6-12-anos","9":"first","10":"instock","11":"taxable","12":"shipping-taxable","13":"purchasable","14":"product-type-simple"},"acf":{"editorial":[{"ID":147650,"post_author":"3","post_date":"2022-10-14 11:52:12","post_date_gmt":"2022-10-14 09:52:12","post_content":"","post_title":"COMBEL EDITORIL","post_excerpt":"","post_status":"publish","comment_status":"closed","ping_status":"closed","post_password":"","post_name":"combel-editoril","to_ping":"","pinged":"","post_modified":"2022-10-14 11:52:12","post_modified_gmt":"2022-10-14 09:52:12","post_content_filtered":"","post_parent":0,"guid":"http:\/\/dev.claret.cat\/editorial\/combel-editoril\/","menu_order":0,"post_type":"editorial","post_mime_type":"","comment_count":"0","filter":"raw"}],"autor":"ROCA, ELISENDA","codart":"849101695","libros-coleccion":"FORA DE COL.LECCI\u00d3","ediciones":"1","encuadernacion":"R\u00fastica","fecha_de_publicacion":"01\/09\/2021","novedad":"1","paginas":"119","subtitulo":"","orden":"0","portada":"0","idioma":"cat","autores-libros":[{"ID":154845,"post_author":"3","post_date":"2022-10-14 15:08:07","post_date_gmt":"2022-10-14 13:08:07","post_content":"","post_title":"ELISENDA ROCA","post_excerpt":"","post_status":"publish","comment_status":"closed","ping_status":"closed","post_password":"","post_name":"elisenda-roca","to_ping":"","pinged":"","post_modified":"2022-10-14 15:08:07","post_modified_gmt":"2022-10-14 13:08:07","post_content_filtered":"","post_parent":0,"guid":"http:\/\/dev.claret.cat\/autor\/elisenda-roca\/","menu_order":0,"post_type":"autor","post_mime_type":"","comment_count":"0","filter":"raw"}],"booktrailer":"","resenas":""},"aioseo_notices":[],"_links":{"self":[{"href":"https:\/\/www.claret.cat\/es\/wp-json\/wp\/v2\/product\/81264","targetHints":{"allow":["GET"]}}],"collection":[{"href":"https:\/\/www.claret.cat\/es\/wp-json\/wp\/v2\/product"}],"about":[{"href":"https:\/\/www.claret.cat\/es\/wp-json\/wp\/v2\/types\/product"}],"wp:featuredmedia":[{"embeddable":true,"href":"https:\/\/www.claret.cat\/es\/wp-json\/wp\/v2\/media\/453047"}],"wp:attachment":[{"href":"https:\/\/www.claret.cat\/es\/wp-json\/wp\/v2\/media?parent=81264"}],"wp:term":[{"taxonomy":"product_brand","embeddable":true,"href":"https:\/\/www.claret.cat\/es\/wp-json\/wp\/v2\/product_brand?post=81264"},{"taxonomy":"product_cat","embeddable":true,"href":"https:\/\/www.claret.cat\/es\/wp-json\/wp\/v2\/product_cat?post=81264"},{"taxonomy":"product_tag","embeddable":true,"href":"https:\/\/www.claret.cat\/es\/wp-json\/wp\/v2\/product_tag?post=81264"}],"curies":[{"name":"wp","href":"https:\/\/api.w.org\/{rel}","templated":true}]}}

QUINA AMIGA MÉS ESTRANYA!

<p>La Mia viu en una casa rara. El seu pare és un bruixot despistat i la seva mare és una bruixa poderosa i musical. Les seves mascotes -un gos, un gat i un hàmster de color blau-, a més, parlen! Ah, i també té una aranya que fa les teranyines més espectaculars del món.<br />Tot això, però, els Casaquadrada, que són els nous veïns, no ho saben!, i ells són tot ordre i netedat. Quina sorpresa que s&#8221;endurà la Lia, la més petita de la família, quan entri en el món de la Mia i descobreixi la seva màgia!</p>

FORA DE COL.LECCIÓ

Rústica
