{"id":82521,"date":"2022-10-11T17:02:23","date_gmt":"2022-10-11T15:02:23","guid":{"rendered":"http:\/\/dev.claret.cat\/producte\/la-pua-de-rastrillo\/"},"modified":"2023-01-28T18:12:56","modified_gmt":"2023-01-28T17:12:56","slug":"la-pua-de-rastrillo-9788473293150","status":"publish","type":"product","link":"https:\/\/www.claret.cat\/es\/libro\/la-pua-de-rastrillo-9788473293150\/","title":{"rendered":"LA P\u00daA DE RASTRILLO"},"content":{"rendered":"<p>&#8216;La p\u00faa de rastrillo&#8217; re\u00fane once cuentos que recorren la obra de Caterina Albert y termina con el mon\u00f3logo dram\u00e1tico &#8216;La infanticida&#8217;, su carta de presentaci\u00f3n al p\u00fablico, vetado por el mismo jurado que lo hab\u00eda premiado al descubrirse que hab\u00eda sido escrito por una mujer. Este primer contacto la llev\u00f3 a asumir el pseud\u00f3nimo de V\u00edctor Catal\u00e0 para explorar la sombra con absoluta libertad y construir los destinos humanos, especialmente los femeninos, sobre el hilo de la violencia.<\/p>\n","protected":false},"excerpt":{"rendered":"<p>CATAL\u00c0, V\u00cdCTOR<\/p>\n","protected":false},"featured_media":82522,"template":"","meta":{"_acf_changed":false,"om_disable_all_campaigns":false,"rs_blank_template":"","rs_page_bg_color":"","slide_template_v7":"","inline_featured_image":false,"_monsterinsights_skip_tracking":false,"_monsterinsights_sitenote_active":false,"_monsterinsights_sitenote_note":"","_monsterinsights_sitenote_category":0},"product_brand":[],"product_cat":[123,127],"product_tag":[],"class_list":{"0":"post-82521","1":"product","2":"type-product","3":"status-publish","4":"has-post-thumbnail","6":"product_cat-classica","7":"product_cat-novella-contemporania","9":"first","10":"instock","11":"taxable","12":"shipping-taxable","13":"purchasable","14":"product-type-simple"},"acf":{"editorial":[{"ID":6163,"post_author":"3","post_date":"2022-07-28 17:46:15","post_date_gmt":"2022-07-28 15:46:15","post_content":"","post_title":"CLUB EDITOR","post_excerpt":"","post_status":"publish","comment_status":"closed","ping_status":"closed","post_password":"","post_name":"club-editor","to_ping":"","pinged":"","post_modified":"2022-07-28 17:46:15","post_modified_gmt":"2022-07-28 15:46:15","post_content_filtered":"","post_parent":0,"guid":"http:\/\/dev.claret.cat\/editorial\/club-editor\/","menu_order":0,"post_type":"editorial","post_mime_type":"","comment_count":"0","filter":"raw"}],"autores-libros":[{"ID":6078,"post_author":"3","post_date":"2022-07-28 17:37:40","post_date_gmt":"2022-07-28 15:37:40","post_content":"","post_title":"V\u00cdCTOR CATAL\u00c0","post_excerpt":"","post_status":"publish","comment_status":"closed","ping_status":"closed","post_password":"","post_name":"victor-catala","to_ping":"","pinged":"","post_modified":"2022-07-28 17:37:40","post_modified_gmt":"2022-07-28 15:37:40","post_content_filtered":"","post_parent":0,"guid":"http:\/\/dev.claret.cat\/autor\/victor-catala\/","menu_order":0,"post_type":"autor","post_mime_type":"","comment_count":"0","filter":"raw"}],"autor":"CATAL\u00c0, V\u00cdCTOR","codart":"847329315","libros-coleccion":"FORA DE COL.LECCI\u00d3","ediciones":"1","encuadernacion":"R\u00fastica","fecha_de_publicacion":"01\/07\/2021","novedad":"1","paginas":"256","subtitulo":"","orden":"0","portada":"0","idioma":"spa"},"aioseo_notices":[],"_links":{"self":[{"href":"https:\/\/www.claret.cat\/es\/wp-json\/wp\/v2\/product\/82521","targetHints":{"allow":["GET"]}}],"collection":[{"href":"https:\/\/www.claret.cat\/es\/wp-json\/wp\/v2\/product"}],"about":[{"href":"https:\/\/www.claret.cat\/es\/wp-json\/wp\/v2\/types\/product"}],"wp:featuredmedia":[{"embeddable":true,"href":"https:\/\/www.claret.cat\/es\/wp-json\/wp\/v2\/media\/82522"}],"wp:attachment":[{"href":"https:\/\/www.claret.cat\/es\/wp-json\/wp\/v2\/media?parent=82521"}],"wp:term":[{"taxonomy":"product_brand","embeddable":true,"href":"https:\/\/www.claret.cat\/es\/wp-json\/wp\/v2\/product_brand?post=82521"},{"taxonomy":"product_cat","embeddable":true,"href":"https:\/\/www.claret.cat\/es\/wp-json\/wp\/v2\/product_cat?post=82521"},{"taxonomy":"product_tag","embeddable":true,"href":"https:\/\/www.claret.cat\/es\/wp-json\/wp\/v2\/product_tag?post=82521"}],"curies":[{"name":"wp","href":"https:\/\/api.w.org\/{rel}","templated":true}]}}

LA PÚA DE RASTRILLO

<p>&#8216;La púa de rastrillo&#8217; reúne once cuentos que recorren la obra de Caterina Albert y termina con el monólogo dramático &#8216;La infanticida&#8217;, su carta de presentación al público, vetado por el mismo jurado que lo había premiado al descubrirse que había sido escrito por una mujer. Este primer contacto la llevó a asumir el pseudónimo de Víctor Català para explorar la sombra con absoluta libertad y construir los destinos humanos, especialmente los femeninos, sobre el hilo de la violencia.</p>

<p>CATALÀ, VÍCTOR</p>

VÍCTOR CATALÀ

CATALÀ, VÍCTOR

FORA DE COL.LECCIÓ

Rústica
