{"id":82896,"date":"2022-10-11T17:07:16","date_gmt":"2022-10-11T15:07:16","guid":{"rendered":"http:\/\/dev.claret.cat\/producte\/et-necessitem\/"},"modified":"2025-01-31T16:13:11","modified_gmt":"2025-01-31T15:13:11","slug":"et-necessitem-9788424670399","status":"publish","type":"product","link":"https:\/\/www.claret.cat\/es\/libro\/et-necessitem-9788424670399\/","title":{"rendered":"ET NECESSITEM"},"content":{"rendered":"<p>Un bon planeta per als nens. Uns bons nens per al planeta.<\/p>\n<p>Onze esp\u00e8cies amena\u00e7ades d&#8221;extinci\u00f3 t&#8221;indiquen com pots col\u00b7laborar en el teu dia a dia per evitar la seva desaparici\u00f3.<\/p>\n<p>Per a tots els que estimem la natura els animals salvatges s\u00f3n la major riquesa que ens ofereix el planeta. Segons WWF, les poblacions mundials d&#8221;animals salvatges s&#8221;han redu\u00eft a la meitat en l&#8221;\u00faltim mig segle. Els \u00e9ssers humans ens estem quedant sols al planeta. El nostre comportament cap a la natura est\u00e0 provocant una extinci\u00f3 massiva d&#8221;animals. Hem de reaccionar. <\/p>\n<p>Les esp\u00e8cies i les problem\u00e0tiques que es tracten s\u00f3n: <\/p>\n<p>Os polar (Canvi clim\u00e0tic)<\/p>\n<p>Orangutan (Oli de palma)<\/p>\n<p>Koala (Incendis)<\/p>\n<p>Lynx (Carreteres)<\/p>\n<p>Papallona (Esp\u00e8cies invasores)<\/p>\n<p>Dof\u00ed (Pl\u00e0stic al mar)<\/p>\n<p>Ratpenat (Repulsi\u00f3 social)<\/p>\n<p>Pardal (Contaminaci\u00f3 urbana)<\/p>\n<p>Peix pallasso (Col\u00b7leccionisme)<\/p>\n<p>Ll\u00fadriga (Contaminaci\u00f3 dels rius)<\/p>\n<p>Elefant (Tr\u00e0fic d&#8221;ivori)<\/p>\n","protected":false},"excerpt":{"rendered":"<p>GALLEGO, JOSE LUIS<\/p>\n","protected":false},"featured_media":82897,"template":"","meta":{"_acf_changed":false,"om_disable_all_campaigns":false,"rs_blank_template":"","rs_page_bg_color":"","slide_template_v7":"","inline_featured_image":false,"_monsterinsights_skip_tracking":false,"_monsterinsights_sitenote_active":false,"_monsterinsights_sitenote_note":"","_monsterinsights_sitenote_category":0},"product_brand":[],"product_cat":[90,540],"product_tag":[],"class_list":{"0":"post-82896","1":"product","2":"type-product","3":"status-publish","4":"has-post-thumbnail","6":"product_cat-altres","7":"product_cat-otros","9":"first","10":"instock","11":"taxable","12":"shipping-taxable","13":"purchasable","14":"product-type-simple"},"acf":{"autor":"GALLEGO, JOSE LUIS","codart":"842467039","libros-coleccion":"\u00c0lbums Il\u00b7lustrats","ediciones":"1","encuadernacion":"Carton\u00e9","fecha_de_publicacion":"01\/09\/2021","novedad":"1","paginas":"45","subtitulo":"","orden":"0","portada":"0","idioma":"cat","editorial":[{"ID":148189,"post_author":"3","post_date":"2022-10-14 11:56:19","post_date_gmt":"2022-10-14 09:56:19","post_content":"","post_title":"GALERA, EDITORIAL","post_excerpt":"","post_status":"publish","comment_status":"closed","ping_status":"closed","post_password":"","post_name":"galera-editorial","to_ping":"","pinged":"","post_modified":"2022-10-14 11:56:19","post_modified_gmt":"2022-10-14 09:56:19","post_content_filtered":"","post_parent":0,"guid":"http:\/\/dev.claret.cat\/editorial\/galera-editorial\/","menu_order":0,"post_type":"editorial","post_mime_type":"","comment_count":"0","filter":"raw"}],"autores-libros":[{"ID":160325,"post_author":"3","post_date":"2022-10-14 15:52:09","post_date_gmt":"2022-10-14 13:52:09","post_content":"","post_title":"JOS\u00c9 LUIS GALLEGO","post_excerpt":"","post_status":"publish","comment_status":"closed","ping_status":"closed","post_password":"","post_name":"jose-luis-gallego","to_ping":"","pinged":"","post_modified":"2022-10-14 15:52:09","post_modified_gmt":"2022-10-14 13:52:09","post_content_filtered":"","post_parent":0,"guid":"http:\/\/dev.claret.cat\/autor\/jose-luis-gallego\/","menu_order":0,"post_type":"autor","post_mime_type":"","comment_count":"0","filter":"raw"}]},"aioseo_notices":[],"_links":{"self":[{"href":"https:\/\/www.claret.cat\/es\/wp-json\/wp\/v2\/product\/82896","targetHints":{"allow":["GET"]}}],"collection":[{"href":"https:\/\/www.claret.cat\/es\/wp-json\/wp\/v2\/product"}],"about":[{"href":"https:\/\/www.claret.cat\/es\/wp-json\/wp\/v2\/types\/product"}],"wp:featuredmedia":[{"embeddable":true,"href":"https:\/\/www.claret.cat\/es\/wp-json\/wp\/v2\/media\/82897"}],"wp:attachment":[{"href":"https:\/\/www.claret.cat\/es\/wp-json\/wp\/v2\/media?parent=82896"}],"wp:term":[{"taxonomy":"product_brand","embeddable":true,"href":"https:\/\/www.claret.cat\/es\/wp-json\/wp\/v2\/product_brand?post=82896"},{"taxonomy":"product_cat","embeddable":true,"href":"https:\/\/www.claret.cat\/es\/wp-json\/wp\/v2\/product_cat?post=82896"},{"taxonomy":"product_tag","embeddable":true,"href":"https:\/\/www.claret.cat\/es\/wp-json\/wp\/v2\/product_tag?post=82896"}],"curies":[{"name":"wp","href":"https:\/\/api.w.org\/{rel}","templated":true}]}}

<p>Un bon planeta per als nens. Uns bons nens per al planeta.</p>
<p>Onze espècies amenaçades d&#8221;extinció t&#8221;indiquen com pots col·laborar en el teu dia a dia per evitar la seva desaparició.</p>
<p>Per a tots els que estimem la natura els animals salvatges són la major riquesa que ens ofereix el planeta. Segons WWF, les poblacions mundials d&#8221;animals salvatges s&#8221;han reduït a la meitat en l&#8221;últim mig segle. Els éssers humans ens estem quedant sols al planeta. El nostre comportament cap a la natura està provocant una extinció massiva d&#8221;animals. Hem de reaccionar. </p>
<p>Les espècies i les problemàtiques que es tracten són: </p>
<p>Os polar (Canvi climàtic)</p>
<p>Orangutan (Oli de palma)</p>
<p>Koala (Incendis)</p>
<p>Lynx (Carreteres)</p>
<p>Papallona (Espècies invasores)</p>
<p>Dofí (Plàstic al mar)</p>
<p>Ratpenat (Repulsió social)</p>
<p>Pardal (Contaminació urbana)</p>
<p>Peix pallasso (Col·leccionisme)</p>
<p>Llúdriga (Contaminació dels rius)</p>
<p>Elefant (Tràfic d&#8221;ivori)</p>

Àlbums Il·lustrats

Cartoné

JOSÉ LUIS GALLEGO
