{"id":82923,"date":"2022-10-11T17:07:36","date_gmt":"2022-10-11T15:07:36","guid":{"rendered":"http:\/\/dev.claret.cat\/producte\/el-enigma-del-orden-natural\/"},"modified":"2023-01-28T21:38:44","modified_gmt":"2023-01-28T20:38:44","slug":"el-enigma-del-orden-natural-9788412241419","status":"publish","type":"product","link":"https:\/\/www.claret.cat\/es\/libro\/el-enigma-del-orden-natural-9788412241419\/","title":{"rendered":"EL ENIGMA DEL ORDEN NATURAL"},"content":{"rendered":"<p>Innumerables dinamismos nos envuelven, y se despliegan con regularidad ante nosotros, dando lugar a la idea de orden natural, y a toda una serie de preguntas asociadas con esta idea: \u00bfHasta d\u00f3nde se extiende el orden natural? \u00bfSe trata de un orden objetivo o de una construcci\u00f3n instrumental humana? \u00bfPosee un car\u00e1cter determinado? \u00bfEs necesario? \u00bfEs intencional? \u00bfEs bello? \u00bfHasta qu\u00e9 punto cabe esperar que resulte accesible al entendimiento humano? En la primera parte de este libro van surgiendo tales interrogantes al hilo de una serie de conferencias pronunciadas por el autor en el Curso de Historia y Filosof\u00eda de la Ciencia y de la T\u00e9cnica de la Real Academia Sevillana de Ciencias y la Facultad de Qu\u00edmica de la Universidad de Sevilla. La segunda parte del libro expone el enfoque explicativo cl\u00e1sico en el que dichas cuestiones han sido enmarcadas y respondidas por la filosof\u00eda, as\u00ed como las principales alternativas contempor\u00e1neas a este an\u00e1lisis cl\u00e1sico del orden natural.<\/p>\n","protected":false},"excerpt":{"rendered":"<p>SOLER GIL, FRANCISCO JOSE<\/p>\n","protected":false},"featured_media":82924,"template":"","meta":{"_acf_changed":false,"om_disable_all_campaigns":false,"rs_blank_template":"","rs_page_bg_color":"","slide_template_v7":"","inline_featured_image":false,"_monsterinsights_skip_tracking":false,"_monsterinsights_sitenote_active":false,"_monsterinsights_sitenote_note":"","_monsterinsights_sitenote_category":0},"product_brand":[],"product_cat":[166],"product_tag":[],"class_list":{"0":"post-82923","1":"product","2":"type-product","3":"status-publish","4":"has-post-thumbnail","6":"product_cat-autors-filosofia","8":"first","9":"instock","10":"taxable","11":"shipping-taxable","12":"purchasable","13":"product-type-simple"},"acf":{"editorial":[{"ID":148034,"post_author":"3","post_date":"2022-10-14 11:55:07","post_date_gmt":"2022-10-14 09:55:07","post_content":"","post_title":"Editorial Senderos","post_excerpt":"","post_status":"publish","comment_status":"closed","ping_status":"closed","post_password":"","post_name":"editorial-senderos","to_ping":"","pinged":"","post_modified":"2022-10-14 11:55:07","post_modified_gmt":"2022-10-14 09:55:07","post_content_filtered":"","post_parent":0,"guid":"http:\/\/dev.claret.cat\/editorial\/editorial-senderos\/","menu_order":0,"post_type":"editorial","post_mime_type":"","comment_count":"0","filter":"raw"}],"autores-libros":[{"ID":156272,"post_author":"3","post_date":"2022-10-14 15:19:29","post_date_gmt":"2022-10-14 13:19:29","post_content":"","post_title":"FRANCISCO JOS\u00c9 SOLER GIL","post_excerpt":"","post_status":"publish","comment_status":"closed","ping_status":"closed","post_password":"","post_name":"francisco-jose-soler-gil","to_ping":"","pinged":"","post_modified":"2022-10-14 15:19:29","post_modified_gmt":"2022-10-14 13:19:29","post_content_filtered":"","post_parent":0,"guid":"http:\/\/dev.claret.cat\/autor\/francisco-jose-soler-gil\/","menu_order":0,"post_type":"autor","post_mime_type":"","comment_count":"0","filter":"raw"}],"autor":"SOLER GIL, FRANCISCO JOSE","codart":"841224141","libros-coleccion":"PDTE. COLECCION","ediciones":"1","encuadernacion":"R\u00fastica","fecha_de_publicacion":"01\/10\/2020","novedad":"1","paginas":"274","subtitulo":"EXPLORACIONES EN LA FRONTERA ENTRE LA FISICA Y LA FILOSOFIA","orden":"0","portada":"0","idioma":"spa"},"aioseo_notices":[],"_links":{"self":[{"href":"https:\/\/www.claret.cat\/es\/wp-json\/wp\/v2\/product\/82923","targetHints":{"allow":["GET"]}}],"collection":[{"href":"https:\/\/www.claret.cat\/es\/wp-json\/wp\/v2\/product"}],"about":[{"href":"https:\/\/www.claret.cat\/es\/wp-json\/wp\/v2\/types\/product"}],"wp:featuredmedia":[{"embeddable":true,"href":"https:\/\/www.claret.cat\/es\/wp-json\/wp\/v2\/media\/82924"}],"wp:attachment":[{"href":"https:\/\/www.claret.cat\/es\/wp-json\/wp\/v2\/media?parent=82923"}],"wp:term":[{"taxonomy":"product_brand","embeddable":true,"href":"https:\/\/www.claret.cat\/es\/wp-json\/wp\/v2\/product_brand?post=82923"},{"taxonomy":"product_cat","embeddable":true,"href":"https:\/\/www.claret.cat\/es\/wp-json\/wp\/v2\/product_cat?post=82923"},{"taxonomy":"product_tag","embeddable":true,"href":"https:\/\/www.claret.cat\/es\/wp-json\/wp\/v2\/product_tag?post=82923"}],"curies":[{"name":"wp","href":"https:\/\/api.w.org\/{rel}","templated":true}]}}

<p>Innumerables dinamismos nos envuelven, y se despliegan con regularidad ante nosotros, dando lugar a la idea de orden natural, y a toda una serie de preguntas asociadas con esta idea: ¿Hasta dónde se extiende el orden natural? ¿Se trata de un orden objetivo o de una construcción instrumental humana? ¿Posee un carácter determinado? ¿Es necesario? ¿Es intencional? ¿Es bello? ¿Hasta qué punto cabe esperar que resulte accesible al entendimiento humano? En la primera parte de este libro van surgiendo tales interrogantes al hilo de una serie de conferencias pronunciadas por el autor en el Curso de Historia y Filosofía de la Ciencia y de la Técnica de la Real Academia Sevillana de Ciencias y la Facultad de Química de la Universidad de Sevilla. La segunda parte del libro expone el enfoque explicativo clásico en el que dichas cuestiones han sido enmarcadas y respondidas por la filosofía, así como las principales alternativas contemporáneas a este análisis clásico del orden natural.</p>

FRANCISCO JOSÉ SOLER GIL

Rústica
