{"id":84258,"date":"2022-10-11T17:25:00","date_gmt":"2022-10-11T15:25:00","guid":{"rendered":"http:\/\/dev.claret.cat\/producte\/mosaic-3\/"},"modified":"2023-01-28T19:38:42","modified_gmt":"2023-01-28T18:38:42","slug":"mosaic-3-9788473293099","status":"publish","type":"product","link":"https:\/\/www.claret.cat\/es\/libro\/mosaic-3-9788473293099\/","title":{"rendered":"MOSAIC 3"},"content":{"rendered":"<p>A Mosaic III (Intimitats) V\u00edctor Catal\u00e0 converteix els records en contes. Ella \u00e9s el seu propi personatge, t&#8217;acull en la intimitat familiar per mostrar-te com s&#8217;ha format l&#8217;artista \u2014i com ha hagut de batallar per la seva llibertat des dels dos anys. Alguns temes de fons hi ressorgeixen de pe\u00e7a en pe\u00e7a, com l&#8217;animalisme o l&#8217;empoderament avant-la-lettre, expressat amb tanta for\u00e7a com a &#8216;Una cambra pr\u00f2pia&#8217; de Virginia Woolf.  <br \/> Amb aquesta edici\u00f3, ser\u00e0 el primer cop que Mosaic es publiqui \u00edntegrament, amb disset peces in\u00e8dites descobertes al Fons V\u00edctor Catal\u00e0.<\/p>\n","protected":false},"excerpt":{"rendered":"<p>CATAL\u00c0, V\u00cdCTOR<\/p>\n","protected":false},"featured_media":84259,"template":"","meta":{"_acf_changed":false,"om_disable_all_campaigns":false,"rs_blank_template":"","rs_page_bg_color":"","slide_template_v7":"","inline_featured_image":false,"_monsterinsights_skip_tracking":false,"_monsterinsights_sitenote_active":false,"_monsterinsights_sitenote_note":"","_monsterinsights_sitenote_category":0},"product_brand":[],"product_cat":[123],"product_tag":[],"class_list":{"0":"post-84258","1":"product","2":"type-product","3":"status-publish","4":"has-post-thumbnail","6":"product_cat-classica","8":"first","9":"instock","10":"taxable","11":"shipping-taxable","12":"purchasable","13":"product-type-simple"},"acf":{"editorial":[{"ID":6163,"post_author":"3","post_date":"2022-07-28 17:46:15","post_date_gmt":"2022-07-28 15:46:15","post_content":"","post_title":"CLUB EDITOR","post_excerpt":"","post_status":"publish","comment_status":"closed","ping_status":"closed","post_password":"","post_name":"club-editor","to_ping":"","pinged":"","post_modified":"2022-07-28 17:46:15","post_modified_gmt":"2022-07-28 15:46:15","post_content_filtered":"","post_parent":0,"guid":"http:\/\/dev.claret.cat\/editorial\/club-editor\/","menu_order":0,"post_type":"editorial","post_mime_type":"","comment_count":"0","filter":"raw"}],"autores-libros":[{"ID":6078,"post_author":"3","post_date":"2022-07-28 17:37:40","post_date_gmt":"2022-07-28 15:37:40","post_content":"","post_title":"V\u00cdCTOR CATAL\u00c0","post_excerpt":"","post_status":"publish","comment_status":"closed","ping_status":"closed","post_password":"","post_name":"victor-catala","to_ping":"","pinged":"","post_modified":"2022-07-28 17:37:40","post_modified_gmt":"2022-07-28 15:37:40","post_content_filtered":"","post_parent":0,"guid":"http:\/\/dev.claret.cat\/autor\/victor-catala\/","menu_order":0,"post_type":"autor","post_mime_type":"","comment_count":"0","filter":"raw"}],"autor":"CATAL\u00c0, V\u00cdCTOR","codart":"847329309","libros-coleccion":"EL CLUB DELS NOVEL\u00b7LISTES","ediciones":"1","encuadernacion":"R\u00fastica","fecha_de_publicacion":"01\/09\/2021","novedad":"1","paginas":"322","subtitulo":"INTIMITATS","orden":"0","portada":"0","idioma":"cat"},"aioseo_notices":[],"_links":{"self":[{"href":"https:\/\/www.claret.cat\/es\/wp-json\/wp\/v2\/product\/84258","targetHints":{"allow":["GET"]}}],"collection":[{"href":"https:\/\/www.claret.cat\/es\/wp-json\/wp\/v2\/product"}],"about":[{"href":"https:\/\/www.claret.cat\/es\/wp-json\/wp\/v2\/types\/product"}],"wp:featuredmedia":[{"embeddable":true,"href":"https:\/\/www.claret.cat\/es\/wp-json\/wp\/v2\/media\/84259"}],"wp:attachment":[{"href":"https:\/\/www.claret.cat\/es\/wp-json\/wp\/v2\/media?parent=84258"}],"wp:term":[{"taxonomy":"product_brand","embeddable":true,"href":"https:\/\/www.claret.cat\/es\/wp-json\/wp\/v2\/product_brand?post=84258"},{"taxonomy":"product_cat","embeddable":true,"href":"https:\/\/www.claret.cat\/es\/wp-json\/wp\/v2\/product_cat?post=84258"},{"taxonomy":"product_tag","embeddable":true,"href":"https:\/\/www.claret.cat\/es\/wp-json\/wp\/v2\/product_tag?post=84258"}],"curies":[{"name":"wp","href":"https:\/\/api.w.org\/{rel}","templated":true}]}}

<p>A Mosaic III (Intimitats) Víctor Català converteix els records en contes. Ella és el seu propi personatge, t&#8217;acull en la intimitat familiar per mostrar-te com s&#8217;ha format l&#8217;artista —i com ha hagut de batallar per la seva llibertat des dels dos anys. Alguns temes de fons hi ressorgeixen de peça en peça, com l&#8217;animalisme o l&#8217;empoderament avant-la-lettre, expressat amb tanta força com a &#8216;Una cambra pròpia&#8217; de Virginia Woolf.  <br /> Amb aquesta edició, serà el primer cop que Mosaic es publiqui íntegrament, amb disset peces inèdites descobertes al Fons Víctor Català.</p>

<p>CATALÀ, VÍCTOR</p>

VÍCTOR CATALÀ

CATALÀ, VÍCTOR

Rústica
