{"id":84404,"date":"2022-10-11T17:26:55","date_gmt":"2022-10-11T15:26:55","guid":{"rendered":"http:\/\/dev.claret.cat\/producte\/flors-i-violes\/"},"modified":"2024-05-07T18:32:15","modified_gmt":"2024-05-07T16:32:15","slug":"flors-i-violes-9788491563280","status":"publish","type":"product","link":"https:\/\/www.claret.cat\/es\/libro\/flors-i-violes-9788491563280\/","title":{"rendered":"FLORS I VIOLES"},"content":{"rendered":"<p>Un passeig per la Barcelona de les escriptores i els personatges femenins, i alguns mites urbans amb nom de dona.<\/p>\n","protected":false},"excerpt":{"rendered":"<p>CABR\u00c9 CASTELLS, MARIA \u00c0NGELS<\/p>\n","protected":false},"featured_media":84405,"template":"","meta":{"_acf_changed":false,"om_disable_all_campaigns":false,"rs_blank_template":"","rs_page_bg_color":"","slide_template_v7":"","inline_featured_image":false,"_monsterinsights_skip_tracking":false,"_monsterinsights_sitenote_active":false,"_monsterinsights_sitenote_note":"","_monsterinsights_sitenote_category":0},"product_brand":[],"product_cat":[524,300,127,357],"product_tag":[],"class_list":{"0":"post-84404","1":"product","2":"type-product","3":"status-publish","4":"has-post-thumbnail","6":"product_cat-guias-y-viajes","7":"product_cat-guies-i-viatges","8":"product_cat-novella-contemporania","9":"product_cat-novela-contemporanea","11":"first","12":"instock","13":"taxable","14":"shipping-taxable","15":"purchasable","16":"product-type-simple"},"acf":{"editorial":[{"ID":6114,"post_author":"3","post_date":"2022-07-28 17:45:12","post_date_gmt":"2022-07-28 15:45:12","post_content":"","post_title":"AJUNTAMENT DE BARCELONA","post_excerpt":"","post_status":"publish","comment_status":"closed","ping_status":"closed","post_password":"","post_name":"ajuntament-de-barcelona","to_ping":"","pinged":"","post_modified":"2022-07-28 17:45:12","post_modified_gmt":"2022-07-28 15:45:12","post_content_filtered":"","post_parent":0,"guid":"http:\/\/dev.claret.cat\/editorial\/ajuntament-de-barcelona\/","menu_order":0,"post_type":"editorial","post_mime_type":"","comment_count":"0","filter":"raw"}],"autor":"CABR\u00c9 CASTELLS, MARIA \u00c0NGELS","codart":"849156328","libros-coleccion":"","ediciones":"1","encuadernacion":"Carton\u00e9","fecha_de_publicacion":"01\/06\/2021","novedad":"1","paginas":"0","subtitulo":"LA BARCELONA LITER\u00c0RIA EN CLAU FEMENINA.","orden":"0","portada":"0","idioma":"cat","autores-libros":[{"ID":163522,"post_author":"3","post_date":"2022-10-14 17:39:43","post_date_gmt":"2022-10-14 15:39:43","post_content":"","post_title":"MARIA \u00c0NGELS CABR\u00c9 CASTELLS","post_excerpt":"","post_status":"publish","comment_status":"closed","ping_status":"closed","post_password":"","post_name":"maria-angels-cabre-castells","to_ping":"","pinged":"","post_modified":"2022-10-14 17:39:43","post_modified_gmt":"2022-10-14 15:39:43","post_content_filtered":"","post_parent":0,"guid":"http:\/\/dev.claret.cat\/autor\/maria-angels-cabre-castells\/","menu_order":0,"post_type":"autor","post_mime_type":"","comment_count":"0","filter":"raw"}]},"aioseo_notices":[],"_links":{"self":[{"href":"https:\/\/www.claret.cat\/es\/wp-json\/wp\/v2\/product\/84404","targetHints":{"allow":["GET"]}}],"collection":[{"href":"https:\/\/www.claret.cat\/es\/wp-json\/wp\/v2\/product"}],"about":[{"href":"https:\/\/www.claret.cat\/es\/wp-json\/wp\/v2\/types\/product"}],"wp:featuredmedia":[{"embeddable":true,"href":"https:\/\/www.claret.cat\/es\/wp-json\/wp\/v2\/media\/84405"}],"wp:attachment":[{"href":"https:\/\/www.claret.cat\/es\/wp-json\/wp\/v2\/media?parent=84404"}],"wp:term":[{"taxonomy":"product_brand","embeddable":true,"href":"https:\/\/www.claret.cat\/es\/wp-json\/wp\/v2\/product_brand?post=84404"},{"taxonomy":"product_cat","embeddable":true,"href":"https:\/\/www.claret.cat\/es\/wp-json\/wp\/v2\/product_cat?post=84404"},{"taxonomy":"product_tag","embeddable":true,"href":"https:\/\/www.claret.cat\/es\/wp-json\/wp\/v2\/product_tag?post=84404"}],"curies":[{"name":"wp","href":"https:\/\/api.w.org\/{rel}","templated":true}]}}

<p>CABRÉ CASTELLS, MARIA ÀNGELS</p>

CABRÉ CASTELLS, MARIA ÀNGELS

Cartoné

LA BARCELONA LITERÀRIA EN CLAU FEMENINA.

MARIA ÀNGELS CABRÉ CASTELLS
