{"id":84559,"date":"2022-10-11T17:28:53","date_gmt":"2022-10-11T15:28:53","guid":{"rendered":"http:\/\/dev.claret.cat\/producte\/la-ultima-rosa\/"},"modified":"2023-04-21T13:50:47","modified_gmt":"2023-04-21T11:50:47","slug":"la-ultima-rosa-9788418178993","status":"publish","type":"product","link":"https:\/\/www.claret.cat\/es\/libro\/la-ultima-rosa-9788418178993\/","title":{"rendered":"LA \u00daLTIMA ROSA"},"content":{"rendered":"<p>De su literatura se ha dicho:<\/p>\n<p> BEN CLARK: No es poes\u00eda. No es narrativa. Y no es, desde luego, ficci\u00f3n. Vida condensada que nos llena de vida y armon\u00eda.<\/p>\n<p> ERIKA MART\u00cdNEZ: Ajeno al imperio del desencanto, Jes\u00fas Montiel convierte la sencillez revelada en un laboratorio subjetivo. Devuelve a quien mira una candidez inc\u00f3moda para el cinismo de nuestro presente, y es justo por ello muy necesaria.<\/p>\n<p> ALFONSO TORRECILLAS: En su poes\u00eda y simplicidad recuerda al entusiasmo vital de los libros de Bobin:<\/p>\n<p> un entusiasmo nada ingenuo, sino arraigado en el ser del hombre y en su sentido de la trascendencia.<\/p>\n<p> JUAN GRACIA ARMEND\u00c1RIZ: Toca con delicadeza y honestidad casi escandalosa asuntos que no suelen<\/p>\n<p> ser enunciados. Acaso escandalice a los beatos de lo intrascendente. Lejos de la bisuter\u00eda espiritual, donde la b\u00fasqueda de la otredad se rodea de budas de pl\u00e1stico, Montiel se toma muy en serio su forma de estar y el v\u00ednculo con lo sagrado.<\/p>\n<p> JUAN MARQU\u00c9S: Montiel, vaticinamos, se va a ir convirtiendo en un fen\u00f3meno creciente, va a ir ganando m\u00e1s y m\u00e1s lectores, va a ir convenciendo con sus silencios y haci\u00e9ndose fuerte con su delicadeza (\u2026) \u201cLiteratura\u201d es una palabra muy pobre y peque\u00f1a para lo que \u00e9l hace. Lo suyo es vida escrita, una ventana abierta a todo lo que importa.<\/p>\n<p> JES\u00daS MONTIEL (Granada, 1984) es autor de cinco poemarios que le han valido distintos reconocimientos, entre los que destaca Memoria del p\u00e1jaro, Premio Hiperi\u00f3n 2016. Ha traducido Resucitar y Prisionero en la cuna, de Christian Bobin. Ha publicado tambi\u00e9n un libro de aforismos, Silencio casi (Trea, 2020) y seis de narrativa: Notas a pie de instante (Esdr\u00fajula, 2018), Suceder\u00e1 la flor (Pre-Textos, 2018), El am\u00e9n de los \u00e1rboles (Esdr\u00fajula, 2019), Se\u00f1or de las periferias (Pre-Textos, 2019), Casa de tinta (Hiperi\u00f3n, 2019) y Lo que no se ve (Pre-Textos, 2020). La \u00faltima rosa es el s\u00e9ptimo.<\/p>\n","protected":false},"excerpt":{"rendered":"<p>MONTIEL, JES\u00daS<\/p>\n","protected":false},"featured_media":84560,"template":"","meta":{"_acf_changed":false,"om_disable_all_campaigns":false,"rs_blank_template":"","rs_page_bg_color":"","slide_template_v7":"","inline_featured_image":false,"_monsterinsights_skip_tracking":false,"_monsterinsights_sitenote_active":false,"_monsterinsights_sitenote_note":"","_monsterinsights_sitenote_category":0},"product_brand":[],"product_cat":[90,540],"product_tag":[],"class_list":{"0":"post-84559","1":"product","2":"type-product","3":"status-publish","4":"has-post-thumbnail","6":"product_cat-altres","7":"product_cat-otros","9":"first","10":"instock","11":"taxable","12":"shipping-taxable","13":"purchasable","14":"product-type-simple"},"acf":{"autor":"MONTIEL, JES\u00daS","codart":"841817899","libros-coleccion":"Narrativa","ediciones":"1","encuadernacion":"R\u00fastica","fecha_de_publicacion":"01\/09\/2021","novedad":"1","paginas":"108","subtitulo":"","orden":"0","portada":"0","idioma":"spa","editorial":[{"ID":148024,"post_author":"3","post_date":"2022-10-14 11:55:03","post_date_gmt":"2022-10-14 09:55:03","post_content":"","post_title":"Editorial Pre-Textos","post_excerpt":"","post_status":"publish","comment_status":"closed","ping_status":"closed","post_password":"","post_name":"editorial-pre-textos","to_ping":"","pinged":"","post_modified":"2022-10-14 11:55:03","post_modified_gmt":"2022-10-14 09:55:03","post_content_filtered":"","post_parent":0,"guid":"http:\/\/dev.claret.cat\/editorial\/editorial-pre-textos\/","menu_order":0,"post_type":"editorial","post_mime_type":"","comment_count":"0","filter":"raw"}],"autores-libros":[{"ID":159155,"post_author":"3","post_date":"2022-10-14 15:42:32","post_date_gmt":"2022-10-14 13:42:32","post_content":"","post_title":"JES\u00daS MONTIEL","post_excerpt":"","post_status":"publish","comment_status":"closed","ping_status":"closed","post_password":"","post_name":"jesus-montiel","to_ping":"","pinged":"","post_modified":"2022-10-14 15:42:32","post_modified_gmt":"2022-10-14 13:42:32","post_content_filtered":"","post_parent":0,"guid":"http:\/\/dev.claret.cat\/autor\/jesus-montiel\/","menu_order":0,"post_type":"autor","post_mime_type":"","comment_count":"0","filter":"raw"}]},"aioseo_notices":[],"_links":{"self":[{"href":"https:\/\/www.claret.cat\/es\/wp-json\/wp\/v2\/product\/84559","targetHints":{"allow":["GET"]}}],"collection":[{"href":"https:\/\/www.claret.cat\/es\/wp-json\/wp\/v2\/product"}],"about":[{"href":"https:\/\/www.claret.cat\/es\/wp-json\/wp\/v2\/types\/product"}],"wp:featuredmedia":[{"embeddable":true,"href":"https:\/\/www.claret.cat\/es\/wp-json\/wp\/v2\/media\/84560"}],"wp:attachment":[{"href":"https:\/\/www.claret.cat\/es\/wp-json\/wp\/v2\/media?parent=84559"}],"wp:term":[{"taxonomy":"product_brand","embeddable":true,"href":"https:\/\/www.claret.cat\/es\/wp-json\/wp\/v2\/product_brand?post=84559"},{"taxonomy":"product_cat","embeddable":true,"href":"https:\/\/www.claret.cat\/es\/wp-json\/wp\/v2\/product_cat?post=84559"},{"taxonomy":"product_tag","embeddable":true,"href":"https:\/\/www.claret.cat\/es\/wp-json\/wp\/v2\/product_tag?post=84559"}],"curies":[{"name":"wp","href":"https:\/\/api.w.org\/{rel}","templated":true}]}}

LA ÚLTIMA ROSA

<p>De su literatura se ha dicho:</p>
<p> BEN CLARK: No es poesía. No es narrativa. Y no es, desde luego, ficción. Vida condensada que nos llena de vida y armonía.</p>
<p> ERIKA MARTÍNEZ: Ajeno al imperio del desencanto, Jesús Montiel convierte la sencillez revelada en un laboratorio subjetivo. Devuelve a quien mira una candidez incómoda para el cinismo de nuestro presente, y es justo por ello muy necesaria.</p>
<p> ALFONSO TORRECILLAS: En su poesía y simplicidad recuerda al entusiasmo vital de los libros de Bobin:</p>
<p> un entusiasmo nada ingenuo, sino arraigado en el ser del hombre y en su sentido de la trascendencia.</p>
<p> JUAN GRACIA ARMENDÁRIZ: Toca con delicadeza y honestidad casi escandalosa asuntos que no suelen</p>
<p> ser enunciados. Acaso escandalice a los beatos de lo intrascendente. Lejos de la bisutería espiritual, donde la búsqueda de la otredad se rodea de budas de plástico, Montiel se toma muy en serio su forma de estar y el vínculo con lo sagrado.</p>
<p> JUAN MARQUÉS: Montiel, vaticinamos, se va a ir convirtiendo en un fenómeno creciente, va a ir ganando más y más lectores, va a ir convenciendo con sus silencios y haciéndose fuerte con su delicadeza (…) “Literatura” es una palabra muy pobre y pequeña para lo que él hace. Lo suyo es vida escrita, una ventana abierta a todo lo que importa.</p>
<p> JESÚS MONTIEL (Granada, 1984) es autor de cinco poemarios que le han valido distintos reconocimientos, entre los que destaca Memoria del pájaro, Premio Hiperión 2016. Ha traducido Resucitar y Prisionero en la cuna, de Christian Bobin. Ha publicado también un libro de aforismos, Silencio casi (Trea, 2020) y seis de narrativa: Notas a pie de instante (Esdrújula, 2018), Sucederá la flor (Pre-Textos, 2018), El amén de los árboles (Esdrújula, 2019), Señor de las periferias (Pre-Textos, 2019), Casa de tinta (Hiperión, 2019) y Lo que no se ve (Pre-Textos, 2020). La última rosa es el séptimo.</p>

<p>MONTIEL, JESÚS</p>

MONTIEL, JESÚS

Rústica

JESÚS MONTIEL
