{"id":8545,"date":"2022-09-30T12:11:42","date_gmt":"2022-09-30T10:11:42","guid":{"rendered":"http:\/\/dev.claret.cat\/producte\/adiestrar-la-libertad-meditaciones-de-los-ejercicios-de-san-ignacio\/"},"modified":"2024-05-24T09:08:08","modified_gmt":"2024-05-24T07:08:08","slug":"adiestrar-la-libertad-meditaciones-de-los-ejercicios-de-san-ignacio-9788429316841","status":"publish","type":"product","link":"https:\/\/www.claret.cat\/es\/libro\/adiestrar-la-libertad-meditaciones-de-los-ejercicios-de-san-ignacio-9788429316841\/","title":{"rendered":"ADIESTRAR LA LIBERTAD. MEDITACIONES DE LOS EJERCICIOS DE SAN IGNACIO"},"content":{"rendered":"<p>Los Ejercicios de San Ignacio son intensamente cristol\u00f3gicos. Y su cristolog\u00eda pretende facilitar un profundo encuentro con Dios, del que brota una sorprendente maduraci\u00f3n de la libertad humana. Pero ese encuentro con Dios no se da al margen de la realidad, sino en medio de las profundas experiencias que marcan la vida de los seres humanos: la presencia clamorosa del mal, la experiencia de la misericordia, el descubrimiento de Jes\u00fas y de su llamada, el conocimiento experiencial de uno mismo y de los complejos mecanismos de nuestra psicolog\u00eda, el destino tantas veces fracasado de quienes se apuntan a las grandes causas de lo que Jes\u00fas llamaba &#8216;Reino de Dios&#8217;, y la iluminaci\u00f3n de ese fracaso, que no destruye la ilusi\u00f3n ni la capacidad de esperanza&#8230;<\/p>\n<p>     Por consiguiente, lo que los Ejercicios buscan, m\u00e1s all\u00e1 de lenguajes y estructuras mentales propias de una \u00e9poca, es capacitar a quien los hace para &#8216;encontrar a Dios&#8217; no fuera del mundo, sino &#8216;en todas las cosas&#8217;. Ello implica, adem\u00e1s, un adiestramiento en los caminos habituales de la acci\u00f3n de Dios y en los resortes y mecanismos del psiquismo propio: todo eso lo que san Ignacio gustaba denominar &#8216;conocimiento interno&#8217;.<\/p>\n<p>     El autor intenta seguir los pasos por los que san Ignacio trata de orientar la acci\u00f3n del ejercitante, concretando algunas de las sugerencias que el santo propone para orientarse en los cruces de caminos a que suele llevar la experiencia de Dios. La obra busca ayudar tanto al que da los Ejercicios como a quien tiene que hacerlos solo.<\/p>\n<p>JOS\u00c9 IGNACIO GONZ\u00c1LEZ FAUS, profesor em\u00e9rito de la Facultad de Teolog\u00eda de Catalu\u00f1a, ense\u00f1\u00f3 Cristolog\u00eda en Barcelona y Antropolog\u00eda Teol\u00f3gica en la Universidad Centroamericana (UCA) de El Salvador. Ex-director de la Revista Selecciones de Teolog\u00eda y es actualmente responsable del Centro &#8216;Cristianisme i Just\u00edcia&#8217; de Barcelona. \u00daltimamente ha publicado en Sal Terrae: Calidad cristiana y La autoridad de la verdad<\/p>\n","protected":false},"excerpt":{"rendered":"<p>JOS\u00c9 IGNACIO GONZ\u00c1LEZ FAUS<\/p>\n","protected":false},"featured_media":339613,"template":"","meta":{"_acf_changed":false,"om_disable_all_campaigns":false,"rs_blank_template":"","rs_page_bg_color":"","slide_template_v7":"","inline_featured_image":false,"_monsterinsights_skip_tracking":false,"_monsterinsights_sitenote_active":false,"_monsterinsights_sitenote_note":"","_monsterinsights_sitenote_category":0},"product_brand":[],"product_cat":[244,494,497,248],"product_tag":[],"class_list":{"0":"post-8545","1":"product","2":"type-product","3":"status-publish","4":"has-post-thumbnail","6":"product_cat-ignaciana","7":"product_cat-ignaciana-espiritualidad-1_espiritualidad","8":"product_cat-meditaciones","9":"product_cat-meditacions","11":"first","12":"instock","13":"taxable","14":"shipping-taxable","15":"purchasable","16":"product-type-simple"},"acf":{"editorial":[{"ID":6355,"post_author":"3","post_date":"2022-07-28 17:50:25","post_date_gmt":"2022-07-28 15:50:25","post_content":"","post_title":"Salterrae","post_excerpt":"","post_status":"publish","comment_status":"closed","ping_status":"closed","post_password":"","post_name":"salterrae","to_ping":"","pinged":"","post_modified":"2022-07-28 17:50:25","post_modified_gmt":"2022-07-28 15:50:25","post_content_filtered":"","post_parent":0,"guid":"http:\/\/dev.claret.cat\/editorial\/salterrae\/","menu_order":0,"post_type":"editorial","post_mime_type":"","comment_count":"0","filter":"raw"}],"autores-libros":[{"ID":5517,"post_author":"3","post_date":"2022-07-28 17:25:41","post_date_gmt":"2022-07-28 15:25:41","post_content":"","post_title":"GONZ\u00c1LEZ FAUS, JOS\u00c9 IGNACIO","post_excerpt":"","post_status":"publish","comment_status":"closed","ping_status":"closed","post_password":"","post_name":"gonzalez-faus-jose-ignacio","to_ping":"","pinged":"","post_modified":"2022-07-28 17:25:41","post_modified_gmt":"2022-07-28 15:25:41","post_content_filtered":"","post_parent":0,"guid":"http:\/\/dev.claret.cat\/autor\/gonzalez-faus-jose-ignacio\/","menu_order":0,"post_type":"autor","post_mime_type":"","comment_count":"0","filter":"raw"}],"autor":"JOS\u00c9 IGNACIO GONZ\u00c1LEZ FAUS","codart":"842931684","libros-coleccion":"PASTORAL","ediciones":"1","encuadernacion":"R\u00fastica","fecha_de_publicacion":"01\/02\/2007","novedad":"0","paginas":"232","subtitulo":"MEDITACIONES DE LOS EJERCICIOS DE SAN IGNACIO","orden":"999","portada":"0","idioma":"spa"},"aioseo_notices":[],"_links":{"self":[{"href":"https:\/\/www.claret.cat\/es\/wp-json\/wp\/v2\/product\/8545","targetHints":{"allow":["GET"]}}],"collection":[{"href":"https:\/\/www.claret.cat\/es\/wp-json\/wp\/v2\/product"}],"about":[{"href":"https:\/\/www.claret.cat\/es\/wp-json\/wp\/v2\/types\/product"}],"wp:featuredmedia":[{"embeddable":true,"href":"https:\/\/www.claret.cat\/es\/wp-json\/wp\/v2\/media\/339613"}],"wp:attachment":[{"href":"https:\/\/www.claret.cat\/es\/wp-json\/wp\/v2\/media?parent=8545"}],"wp:term":[{"taxonomy":"product_brand","embeddable":true,"href":"https:\/\/www.claret.cat\/es\/wp-json\/wp\/v2\/product_brand?post=8545"},{"taxonomy":"product_cat","embeddable":true,"href":"https:\/\/www.claret.cat\/es\/wp-json\/wp\/v2\/product_cat?post=8545"},{"taxonomy":"product_tag","embeddable":true,"href":"https:\/\/www.claret.cat\/es\/wp-json\/wp\/v2\/product_tag?post=8545"}],"curies":[{"name":"wp","href":"https:\/\/api.w.org\/{rel}","templated":true}]}}

<p>Los Ejercicios de San Ignacio son intensamente cristológicos. Y su cristología pretende facilitar un profundo encuentro con Dios, del que brota una sorprendente maduración de la libertad humana. Pero ese encuentro con Dios no se da al margen de la realidad, sino en medio de las profundas experiencias que marcan la vida de los seres humanos: la presencia clamorosa del mal, la experiencia de la misericordia, el descubrimiento de Jesús y de su llamada, el conocimiento experiencial de uno mismo y de los complejos mecanismos de nuestra psicología, el destino tantas veces fracasado de quienes se apuntan a las grandes causas de lo que Jesús llamaba &#8216;Reino de Dios&#8217;, y la iluminación de ese fracaso, que no destruye la ilusión ni la capacidad de esperanza&#8230;</p>
<p>     Por consiguiente, lo que los Ejercicios buscan, más allá de lenguajes y estructuras mentales propias de una época, es capacitar a quien los hace para &#8216;encontrar a Dios&#8217; no fuera del mundo, sino &#8216;en todas las cosas&#8217;. Ello implica, además, un adiestramiento en los caminos habituales de la acción de Dios y en los resortes y mecanismos del psiquismo propio: todo eso lo que san Ignacio gustaba denominar &#8216;conocimiento interno&#8217;.</p>
<p>     El autor intenta seguir los pasos por los que san Ignacio trata de orientar la acción del ejercitante, concretando algunas de las sugerencias que el santo propone para orientarse en los cruces de caminos a que suele llevar la experiencia de Dios. La obra busca ayudar tanto al que da los Ejercicios como a quien tiene que hacerlos solo.</p>
<p>JOSÉ IGNACIO GONZÁLEZ FAUS, profesor emérito de la Facultad de Teología de Cataluña, enseñó Cristología en Barcelona y Antropología Teológica en la Universidad Centroamericana (UCA) de El Salvador. Ex-director de la Revista Selecciones de Teología y es actualmente responsable del Centro &#8216;Cristianisme i Justícia&#8217; de Barcelona. Últimamente ha publicado en Sal Terrae: Calidad cristiana y La autoridad de la verdad</p>

<p>JOSÉ IGNACIO GONZÁLEZ FAUS</p>

GONZÁLEZ FAUS, JOSÉ IGNACIO

JOSÉ IGNACIO GONZÁLEZ FAUS

Rústica
