{"id":8563,"date":"2022-09-30T12:11:59","date_gmt":"2022-09-30T10:11:59","guid":{"rendered":"http:\/\/dev.claret.cat\/producte\/el-procedimiento-administrativo-general-en-la-iglesia\/"},"modified":"2026-01-19T11:52:01","modified_gmt":"2026-01-19T10:52:01","slug":"el-procedimiento-administrativo-general-en-la-iglesia-9788431337582","status":"publish","type":"product","link":"https:\/\/www.claret.cat\/es\/libro\/el-procedimiento-administrativo-general-en-la-iglesia-9788431337582\/","title":{"rendered":"EL PROCEDIMIENTO ADMINISTRATIVO GENERAL EN LA IGLESIA"},"content":{"rendered":"<p>Hay un inmenso volumen de asuntos encuadrables en la funci\u00f3n administrativa en la Iglesia, tales como: nombramientos, traslados y remociones, enajenaci\u00f3n de bienes, imposici\u00f3n de sanciones penales, permisos y licencias, erecci\u00f3n y supresi\u00f3n de instituciones can\u00f3nicas, etc. Desafortunadamente, no existen reglas o normas espec\u00edficas para tratar muchos de estos asuntos. El procedimiento general o com\u00fan para la toma de decisiones, que deben encauzarse a trav\u00e9s de actos administrativos emitidos correctamente en todos sus aspectos, es un requerimiento m\u00ednimo para alcanzar una decisi\u00f3n justa y equitativa, que persiga a la vez la eficiencia en el gobierno eclesi\u00e1stico y la protecci\u00f3n adecuada de los derechos de los fieles.<br \/>Es el tema de este libro que, publicado primeramente en ingl\u00e9s con el t\u00edtulo &#8216;Due Process in Church Administration&#8217; y reconocido por el Tribunal Supremo de la Signatura Aposto\u00b4lica con el Premio Mons. Arcangelo Ranaudo en 2019, se presenta ahora al lector en lengua castellana.<\/p>\n","protected":false},"excerpt":{"rendered":"<p>ACHACOSO,JONAS<\/p>\n","protected":false},"featured_media":453461,"template":"","meta":{"_acf_changed":false,"om_disable_all_campaigns":false,"rs_blank_template":"","rs_page_bg_color":"","slide_template_v7":"","inline_featured_image":false,"_monsterinsights_skip_tracking":false,"_monsterinsights_sitenote_active":false,"_monsterinsights_sitenote_note":"","_monsterinsights_sitenote_category":0},"product_brand":[],"product_cat":[518,292,543,93],"product_tag":[],"class_list":{"0":"post-8563","1":"product","2":"type-product","3":"status-publish","4":"has-post-thumbnail","6":"product_cat-derecho-canonico-en-general","7":"product_cat-dret-canonic-en-general","8":"product_cat-eclesiologia-es","9":"product_cat-eclesiologia","11":"first","12":"instock","13":"taxable","14":"shipping-taxable","15":"purchasable","16":"product-type-simple"},"acf":{"editorial":[{"ID":6251,"post_author":"3","post_date":"2022-07-28 17:48:11","post_date_gmt":"2022-07-28 15:48:11","post_content":"","post_title":"EUNSA. EDICIONES UNIVERSIDAD DE NAVARRA","post_excerpt":"","post_status":"publish","comment_status":"closed","ping_status":"closed","post_password":"","post_name":"eunsa-ediciones-universidad-de-navarra","to_ping":"","pinged":"","post_modified":"2022-07-28 17:48:11","post_modified_gmt":"2022-07-28 15:48:11","post_content_filtered":"","post_parent":0,"guid":"http:\/\/dev.claret.cat\/editorial\/eunsa-ediciones-universidad-de-navarra\/","menu_order":0,"post_type":"editorial","post_mime_type":"","comment_count":"0","filter":"raw"}],"autores-libros":[{"ID":5617,"post_author":"3","post_date":"2022-07-28 17:27:50","post_date_gmt":"2022-07-28 15:27:50","post_content":"","post_title":"JONAS ACHACOSO","post_excerpt":"","post_status":"publish","comment_status":"closed","ping_status":"closed","post_password":"","post_name":"jonas-achacoso","to_ping":"","pinged":"","post_modified":"2022-07-28 17:27:50","post_modified_gmt":"2022-07-28 15:27:50","post_content_filtered":"","post_parent":0,"guid":"http:\/\/dev.claret.cat\/autor\/jonas-achacoso\/","menu_order":0,"post_type":"autor","post_mime_type":"","comment_count":"0","filter":"raw"}],"autor":"ACHACOSO,JONAS","codart":"843133758","libros-coleccion":"FORA DE COL.LECCI\u00d3","ediciones":"1","encuadernacion":"R\u00fastica","fecha_de_publicacion":"01\/06\/2022","novedad":"1","paginas":"244","subtitulo":"","orden":"0","portada":"0","idioma":"spa","booktrailer":"","resenas":""},"aioseo_notices":[],"_links":{"self":[{"href":"https:\/\/www.claret.cat\/es\/wp-json\/wp\/v2\/product\/8563","targetHints":{"allow":["GET"]}}],"collection":[{"href":"https:\/\/www.claret.cat\/es\/wp-json\/wp\/v2\/product"}],"about":[{"href":"https:\/\/www.claret.cat\/es\/wp-json\/wp\/v2\/types\/product"}],"wp:featuredmedia":[{"embeddable":true,"href":"https:\/\/www.claret.cat\/es\/wp-json\/wp\/v2\/media\/453461"}],"wp:attachment":[{"href":"https:\/\/www.claret.cat\/es\/wp-json\/wp\/v2\/media?parent=8563"}],"wp:term":[{"taxonomy":"product_brand","embeddable":true,"href":"https:\/\/www.claret.cat\/es\/wp-json\/wp\/v2\/product_brand?post=8563"},{"taxonomy":"product_cat","embeddable":true,"href":"https:\/\/www.claret.cat\/es\/wp-json\/wp\/v2\/product_cat?post=8563"},{"taxonomy":"product_tag","embeddable":true,"href":"https:\/\/www.claret.cat\/es\/wp-json\/wp\/v2\/product_tag?post=8563"}],"curies":[{"name":"wp","href":"https:\/\/api.w.org\/{rel}","templated":true}]}}

<p>Hay un inmenso volumen de asuntos encuadrables en la función administrativa en la Iglesia, tales como: nombramientos, traslados y remociones, enajenación de bienes, imposición de sanciones penales, permisos y licencias, erección y supresión de instituciones canónicas, etc. Desafortunadamente, no existen reglas o normas específicas para tratar muchos de estos asuntos. El procedimiento general o común para la toma de decisiones, que deben encauzarse a través de actos administrativos emitidos correctamente en todos sus aspectos, es un requerimiento mínimo para alcanzar una decisión justa y equitativa, que persiga a la vez la eficiencia en el gobierno eclesiástico y la protección adecuada de los derechos de los fieles.<br />Es el tema de este libro que, publicado primeramente en inglés con el título &#8216;Due Process in Church Administration&#8217; y reconocido por el Tribunal Supremo de la Signatura Aposto´lica con el Premio Mons. Arcangelo Ranaudo en 2019, se presenta ahora al lector en lengua castellana.</p>

FORA DE COL.LECCIÓ

Rústica
