{"id":86568,"date":"2022-10-11T17:54:01","date_gmt":"2022-10-11T15:54:01","guid":{"rendered":"http:\/\/dev.claret.cat\/producte\/a-los-pobres-los-tienen-siempre-con-ustedes-mc-147\/"},"modified":"2024-05-02T07:56:52","modified_gmt":"2024-05-02T05:56:52","slug":"a-los-pobres-los-tienen-siempre-con-ustedes-mc-147-9788428560429","status":"publish","type":"product","link":"https:\/\/www.claret.cat\/es\/libro\/a-los-pobres-los-tienen-siempre-con-ustedes-mc-147-9788428560429\/","title":{"rendered":"A LOS POBRES LOS TIENEN SIEMPRE CON USTEDES (Mc 14,7)"},"content":{"rendered":"<p>Quienes no reconocen a los pobres traicionan la ense\u00f1anza de Jes\u00fas y no pueden ser sus disc\u00edpulos porque el primer pobre es \u00c9l, que los representa a todos. El Papa Francisco desea que la Jornada Mundial de los Pobres, que llega a su quinta edici\u00f3n, arraigue cada vez m\u00e1s en las Iglesias locales y se abra a un movimiento de evangelizaci\u00f3n que salga al encuentro de los pobres, all\u00ed donde est\u00e9n. Su mensaje es una invitaci\u00f3n a reconocer la fuerza salv\u00edfica de sus vidas y a ponerlos en el centro del camino de la Iglesia.<\/p>\n","protected":false},"excerpt":{"rendered":"<p>PAPA FRANCISCO<\/p>\n","protected":false},"featured_media":450670,"template":"","meta":{"_acf_changed":false,"om_disable_all_campaigns":false,"rs_blank_template":"","rs_page_bg_color":"","slide_template_v7":"","inline_featured_image":false,"_monsterinsights_skip_tracking":false,"_monsterinsights_sitenote_active":false,"_monsterinsights_sitenote_note":"","_monsterinsights_sitenote_category":0},"product_brand":[],"product_cat":[468,207],"product_tag":[],"class_list":{"0":"post-86568","1":"product","2":"type-product","3":"status-publish","4":"has-post-thumbnail","6":"product_cat-epistolas-catolicas","7":"product_cat-epistoles-catoliques","9":"first","10":"instock","11":"taxable","12":"shipping-taxable","13":"purchasable","14":"product-type-simple"},"acf":{"editorial":[{"ID":6356,"post_author":"3","post_date":"2022-07-28 17:50:26","post_date_gmt":"2022-07-28 15:50:26","post_content":"","post_title":"SAN PABLO COMUNICACI\u00d3N","post_excerpt":"","post_status":"publish","comment_status":"closed","ping_status":"closed","post_password":"","post_name":"san-pablo-comunicacion","to_ping":"","pinged":"","post_modified":"2022-07-28 17:50:26","post_modified_gmt":"2022-07-28 15:50:26","post_content_filtered":"","post_parent":0,"guid":"http:\/\/dev.claret.cat\/editorial\/san-pablo-comunicacion\/","menu_order":0,"post_type":"editorial","post_mime_type":"","comment_count":"0","filter":"raw"}],"autores-libros":[{"ID":5919,"post_author":"3","post_date":"2022-07-28 17:34:18","post_date_gmt":"2022-07-28 15:34:18","post_content":"","post_title":"PAPA FRANCISCO","post_excerpt":"","post_status":"publish","comment_status":"closed","ping_status":"closed","post_password":"","post_name":"papa-francisco","to_ping":"","pinged":"","post_modified":"2022-07-28 17:34:18","post_modified_gmt":"2022-07-28 15:34:18","post_content_filtered":"","post_parent":0,"guid":"http:\/\/dev.claret.cat\/autor\/papa-francisco\/","menu_order":0,"post_type":"autor","post_mime_type":"","comment_count":"0","filter":"raw"}],"autor":"PAPA FRANCISCO","codart":"842856042","libros-coleccion":"Enc\u00edclicas - Documentos","ediciones":"1","encuadernacion":"Grapado","fecha_de_publicacion":"29\/06\/2021","novedad":"1","paginas":"24","subtitulo":"MENSAJE PARA LA V JORNADA MUNDIAL DE LOS POBRES","orden":"0","portada":"0","idioma":"spa"},"aioseo_notices":[],"_links":{"self":[{"href":"https:\/\/www.claret.cat\/es\/wp-json\/wp\/v2\/product\/86568","targetHints":{"allow":["GET"]}}],"collection":[{"href":"https:\/\/www.claret.cat\/es\/wp-json\/wp\/v2\/product"}],"about":[{"href":"https:\/\/www.claret.cat\/es\/wp-json\/wp\/v2\/types\/product"}],"wp:featuredmedia":[{"embeddable":true,"href":"https:\/\/www.claret.cat\/es\/wp-json\/wp\/v2\/media\/450670"}],"wp:attachment":[{"href":"https:\/\/www.claret.cat\/es\/wp-json\/wp\/v2\/media?parent=86568"}],"wp:term":[{"taxonomy":"product_brand","embeddable":true,"href":"https:\/\/www.claret.cat\/es\/wp-json\/wp\/v2\/product_brand?post=86568"},{"taxonomy":"product_cat","embeddable":true,"href":"https:\/\/www.claret.cat\/es\/wp-json\/wp\/v2\/product_cat?post=86568"},{"taxonomy":"product_tag","embeddable":true,"href":"https:\/\/www.claret.cat\/es\/wp-json\/wp\/v2\/product_tag?post=86568"}],"curies":[{"name":"wp","href":"https:\/\/api.w.org\/{rel}","templated":true}]}}

<p>Quienes no reconocen a los pobres traicionan la enseñanza de Jesús y no pueden ser sus discípulos porque el primer pobre es Él, que los representa a todos. El Papa Francisco desea que la Jornada Mundial de los Pobres, que llega a su quinta edición, arraigue cada vez más en las Iglesias locales y se abra a un movimiento de evangelización que salga al encuentro de los pobres, allí donde estén. Su mensaje es una invitación a reconocer la fuerza salvífica de sus vidas y a ponerlos en el centro del camino de la Iglesia.</p>

SAN PABLO COMUNICACIÓN

Encíclicas - Documentos
