{"id":8741,"date":"2022-09-30T12:14:54","date_gmt":"2022-09-30T10:14:54","guid":{"rendered":"http:\/\/dev.claret.cat\/producte\/leconomia-de-francesc\/"},"modified":"2025-06-28T13:31:10","modified_gmt":"2025-06-28T11:31:10","slug":"leconomia-de-francesc-9788491363118","status":"publish","type":"product","link":"https:\/\/www.claret.cat\/es\/libro\/leconomia-de-francesc-9788491363118\/","title":{"rendered":"L&#8217;ECONOMIA DE FRANCESC"},"content":{"rendered":"<p>El papa Francesc ha provocat una en\u00e8rgica alenada d\u2019aire fresc en l\u2019Esgl\u00e9sia. Malgrat moltes resist\u00e8ncies, Francesc ha donat un fort impuls a una Esgl\u00e9sia aut\u00e8nticament evang\u00e8lica: m\u00e9s missionera, m\u00e9s pobra, en di\u00e0leg amb tothom i compromesa socialment.<br \/>Una de les seves principals preocupacions, connectada radicalment amb l\u2019Evangeli, \u00e9s la insuportable realitat de la pobresa i l\u2019exclusi\u00f3 social a escala global.<br \/>D\u2019aqu\u00ed que en les seves cartes i discursos ha volgut deixar pedag\u00f2gicament clar que l\u2019economia i les finances existeixen per servir les persones i no a l\u2019inrev\u00e9s. Que l\u2019activitat econ\u00f2mica i financera t\u00e9 com a finalitat la promoci\u00f3 del b\u00e9 com\u00fa, en comptes de l\u2019enriquiment d\u2019uns pocs mitjan\u00e7ant l\u2019exclusi\u00f3 de molts i la destrucci\u00f3 de la terra.<br \/>Per aix\u00f2, Francesc, en continu\u00eftat amb els seus predecessors i amb les innumerables aportacions de diverses institucions eclesials, pensadors i economistes cristians, reclama un canvi radical en l\u2019economia mundial, tot proposant les actituds, els valors, els principis i algunes l\u00ednies d\u2019acci\u00f3 que poden ajudar a fer-lo possible.<br \/>Amb aquest treball volem precisament presentar globalment i divulgar les aportacions i les propostes m\u00e9s importants del papa Francesc i del pensament social de l\u2019Esgl\u00e9sia sobre el sentit i finalitat de l\u2019economia.<br \/>&#8212;<br \/>Aquest llibre inaugura la nova col\u00b7lecci\u00f3 Oikos, publicada conjuntament per Editorial Claret i Just\u00edcia i Pau, que proposa una reflexi\u00f3 sobre l\u2019economia actual i el seu impacte en la societat a partir del magisteri i la doctrina social de l\u2019Esgl\u00e9sia i el testimoniatge de persones rellevants per\u00f2 connectades amb la realitat quotidiana.<\/p>\n<p>Podeu veure la presentaci\u00f3 del llibre aqu\u00ed:<\/p>\n","protected":false},"excerpt":{"rendered":"<p>IB\u00c1\u00d1EZ, EDUARD<\/p>\n","protected":false},"featured_media":386550,"template":"","meta":{"_acf_changed":false,"om_disable_all_campaigns":false,"rs_blank_template":"","rs_page_bg_color":"","slide_template_v7":"","inline_featured_image":false,"_monsterinsights_skip_tracking":false,"_monsterinsights_sitenote_active":false,"_monsterinsights_sitenote_note":"","_monsterinsights_sitenote_category":0},"product_brand":[],"product_cat":[90,581,540],"product_tag":[],"class_list":{"0":"post-8741","1":"product","2":"type-product","3":"status-publish","4":"has-post-thumbnail","6":"product_cat-altres","7":"product_cat-editorial-claret","8":"product_cat-otros","10":"first","11":"instock","12":"taxable","13":"shipping-taxable","14":"purchasable","15":"product-type-simple"},"acf":{"editorial":[{"ID":6158,"post_author":"3","post_date":"2022-07-28 17:46:08","post_date_gmt":"2022-07-28 15:46:08","post_content":"","post_title":"CLARET","post_excerpt":"","post_status":"publish","comment_status":"closed","ping_status":"closed","post_password":"","post_name":"claret","to_ping":"","pinged":"","post_modified":"2022-07-28 17:46:08","post_modified_gmt":"2022-07-28 15:46:08","post_content_filtered":"","post_parent":0,"guid":"http:\/\/dev.claret.cat\/editorial\/claret\/","menu_order":0,"post_type":"editorial","post_mime_type":"","comment_count":"0","filter":"raw"}],"autores-libros":[{"ID":5423,"post_author":"3","post_date":"2022-07-28 17:23:38","post_date_gmt":"2022-07-28 15:23:38","post_content":"<span class=\"fontstyle0\"><strong>Eduard Ib\u00e1\u00f1ez<\/strong> va n\u00e9ixer el 1969 a Barcelona, on ha viscut sempre. \u00c9s casat i pare de dos fills. Es va llicenciar en dret (1992) per la Universitat de Barcelona, on m\u00e9s tard va obtenir el t\u00edtol de doctor en dret penal (2007). \u00c9s tamb\u00e9 llicenciat en filosofia per la Universitat Ramon Llull (2012). L\u2019any 1993 va comen\u00e7ar a exercir com a advocat, dedicat principalment durant m\u00e9s de deu anys a l\u2019\u00e0mbit penal i penitenciari. L\u2019any 2002 \u00e9s nomenat director de l\u2019associaci\u00f3 Just\u00edcia i Pau de l\u2019arxidi\u00f2cesi de Barcelona, que \u00e9s la seva principal activitat professional fins al dia d'avui. Entre 2010 i 2018 ha estat president de Just\u00edcia i Pau d\u2019Espanya.<\/span>\r\n<div class=\"field field--name-body field--type-text-with-summary field--label-hidden field__item\">\r\n\r\nTamb\u00e9 ha fet classes en diversos centres universitaris, com la Facultat de Filosofia de Catalunya, la Facultat d\u2019Educaci\u00f3 Social i Treball Social de la Fundaci\u00f3 Pere Tarr\u00e9s i la Facultat de Comunicaci\u00f3 Blanquerna -de la Universitat Ramon Llull- i abans a l\u2019Institut Cat\u00f2lic d\u2019Estudis Socials de Barcelona (ICESB). Durant dos anys va treballar com a t\u00e8cnic a la Direcci\u00f3 General d\u2019Afers Religiosos, del Departament de Just\u00edcia de la Generalitat de Catalunya.\r\n\r\nT\u00e9 molts articles a revistes especialitzades i ha publicat diversos llibres, com <a href=\"https:\/\/www.claret.cat\/llibre\/leconomia-de-francesc-9788491363118\/?c=\" target=\"_blank\" rel=\"nofollow noopener\"><em>L\u2019Economia de Francesc<\/em><\/a>, (Editorial Claret, 2020); <a href=\"https:\/\/www.claret.cat\/llibre\/la-lluita-per-la-llibertat-religiosa-i-de-consciencia-9788491362456\/?c=\" target=\"_blank\" rel=\"nofollow noopener\"><em>La lluita per la llibertat religiosa i de consci\u00e8ncia<\/em><\/a> (Editorial Claret, 2019), entre d'altres.\r\n\r\n<\/div>","post_title":"EDUARD IB\u00c1\u00d1EZ","post_excerpt":"","post_status":"publish","comment_status":"closed","ping_status":"closed","post_password":"","post_name":"eduard-ibanez","to_ping":"","pinged":"","post_modified":"2024-10-10 12:42:50","post_modified_gmt":"2024-10-10 10:42:50","post_content_filtered":"","post_parent":0,"guid":"http:\/\/dev.claret.cat\/autor\/eduard-ibanez\/","menu_order":0,"post_type":"autor","post_mime_type":"","comment_count":"0","filter":"raw"}],"autor":"IB\u00c1\u00d1EZ, EDUARD","codart":"849136311","libros-coleccion":"","ediciones":"1","encuadernacion":"R\u00fastica","fecha_de_publicacion":"12\/11\/2020","novedad":"0","paginas":"160","subtitulo":"","orden":"0","portada":"0","idioma":"cat","booktrailer":"","linkebook":"","ficha":"849136311_1688655326.pdf","muestra":"","precioebook":"0","presentacion":"","resenas":""},"aioseo_notices":[],"_links":{"self":[{"href":"https:\/\/www.claret.cat\/es\/wp-json\/wp\/v2\/product\/8741","targetHints":{"allow":["GET"]}}],"collection":[{"href":"https:\/\/www.claret.cat\/es\/wp-json\/wp\/v2\/product"}],"about":[{"href":"https:\/\/www.claret.cat\/es\/wp-json\/wp\/v2\/types\/product"}],"wp:featuredmedia":[{"embeddable":true,"href":"https:\/\/www.claret.cat\/es\/wp-json\/wp\/v2\/media\/386550"}],"wp:attachment":[{"href":"https:\/\/www.claret.cat\/es\/wp-json\/wp\/v2\/media?parent=8741"}],"wp:term":[{"taxonomy":"product_brand","embeddable":true,"href":"https:\/\/www.claret.cat\/es\/wp-json\/wp\/v2\/product_brand?post=8741"},{"taxonomy":"product_cat","embeddable":true,"href":"https:\/\/www.claret.cat\/es\/wp-json\/wp\/v2\/product_cat?post=8741"},{"taxonomy":"product_tag","embeddable":true,"href":"https:\/\/www.claret.cat\/es\/wp-json\/wp\/v2\/product_tag?post=8741"}],"curies":[{"name":"wp","href":"https:\/\/api.w.org\/{rel}","templated":true}]}}

<p>El papa Francesc ha provocat una enèrgica alenada d’aire fresc en l’Església. Malgrat moltes resistències, Francesc ha donat un fort impuls a una Església autènticament evangèlica: més missionera, més pobra, en diàleg amb tothom i compromesa socialment.<br />Una de les seves principals preocupacions, connectada radicalment amb l’Evangeli, és la insuportable realitat de la pobresa i l’exclusió social a escala global.<br />D’aquí que en les seves cartes i discursos ha volgut deixar pedagògicament clar que l’economia i les finances existeixen per servir les persones i no a l’inrevés. Que l’activitat econòmica i financera té com a finalitat la promoció del bé comú, en comptes de l’enriquiment d’uns pocs mitjançant l’exclusió de molts i la destrucció de la terra.<br />Per això, Francesc, en continuïtat amb els seus predecessors i amb les innumerables aportacions de diverses institucions eclesials, pensadors i economistes cristians, reclama un canvi radical en l’economia mundial, tot proposant les actituds, els valors, els principis i algunes línies d’acció que poden ajudar a fer-lo possible.<br />Amb aquest treball volem precisament presentar globalment i divulgar les aportacions i les propostes més importants del papa Francesc i del pensament social de l’Església sobre el sentit i finalitat de l’economia.<br />&#8212;<br />Aquest llibre inaugura la nova col·lecció Oikos, publicada conjuntament per Editorial Claret i Justícia i Pau, que proposa una reflexió sobre l’economia actual i el seu impacte en la societat a partir del magisteri i la doctrina social de l’Església i el testimoniatge de persones rellevants però connectades amb la realitat quotidiana.</p>
<p>Podeu veure la presentació del llibre aquí:</p>

<p>IBÁÑEZ, EDUARD</p>

<span class="fontstyle0"><strong>Eduard Ibáñez</strong> va néixer el 1969 a Barcelona, on ha viscut sempre. És casat i pare de dos fills. Es va llicenciar en dret (1992) per la Universitat de Barcelona, on més tard va obtenir el títol de doctor en dret penal (2007). És també llicenciat en filosofia per la Universitat Ramon Llull (2012). L’any 1993 va començar a exercir com a advocat, dedicat principalment durant més de deu anys a l’àmbit penal i penitenciari. L’any 2002 és nomenat director de l’associació Justícia i Pau de l’arxidiòcesi de Barcelona, que és la seva principal activitat professional fins al dia d'avui. Entre 2010 i 2018 ha estat president de Justícia i Pau d’Espanya.</span>
<div class="field field--name-body field--type-text-with-summary field--label-hidden field__item">

També ha fet classes en diversos centres universitaris, com la Facultat de Filosofia de Catalunya, la Facultat d’Educació Social i Treball Social de la Fundació Pere Tarrés i la Facultat de Comunicació Blanquerna -de la Universitat Ramon Llull- i abans a l’Institut Catòlic d’Estudis Socials de Barcelona (ICESB). Durant dos anys va treballar com a tècnic a la Direcció General d’Afers Religiosos, del Departament de Justícia de la Generalitat de Catalunya.

Té molts articles a revistes especialitzades i ha publicat diversos llibres, com <a href="https://www.claret.cat/llibre/leconomia-de-francesc-9788491363118/?c=" target="_blank" rel="nofollow noopener"><em>L’Economia de Francesc</em></a>, (Editorial Claret, 2020); <a href="https://www.claret.cat/llibre/la-lluita-per-la-llibertat-religiosa-i-de-consciencia-9788491362456/?c=" target="_blank" rel="nofollow noopener"><em>La lluita per la llibertat religiosa i de consciència</em></a> (Editorial Claret, 2019), entre d'altres.

</div>

EDUARD IBÁÑEZ

IBÁÑEZ, EDUARD

Rústica
