{"id":87526,"date":"2022-10-11T18:05:58","date_gmt":"2022-10-11T16:05:58","guid":{"rendered":"http:\/\/dev.claret.cat\/producte\/sin-animo-de-ofender\/"},"modified":"2023-01-28T07:26:26","modified_gmt":"2023-01-28T06:26:26","slug":"sin-animo-de-ofender-9788418114847","status":"publish","type":"product","link":"https:\/\/www.claret.cat\/es\/libro\/sin-animo-de-ofender-9788418114847\/","title":{"rendered":"SIN \u00c1NIMO DE OFENDER"},"content":{"rendered":"<p>La ofensa nos aleja de todo lo bueno, lo noble y lo amable que hay en nosotros, y nos acerca hacia la desconfianza y la mezquindad. Hacia el sufrimiento.<br \/> La ofensa es uno de los contaminantes emocionales m\u00e1s t\u00f3xicos que emitimos los seres humanos. Lo peor de este sentimiento es que es un territorio abonado para que crezcan el resentimiento y el rencor, grandes enrarecedores del clima emocional y bloqueadores de la energ\u00eda creativa. Para conseguir gestionarla adecuadamente cabe reforzar nuestra competencia emocional, lo que evitar\u00e1 que caigamos de forma reiterada en situaciones de sufrimiento, malestar y destrucci\u00f3n. &#8216;Sin \u00e1nimo de ofender&#8217;, escrito por los creadores del modelo Ecolog\u00eda Emocional, trata de la ofensa y del f\u00e1cil arte de ofender y de sentirse ofendido, y nos proporciona herramientas para ser menos susceptibles a ella y aprender a recuperar la paz perdida.<\/p>\n","protected":false},"excerpt":{"rendered":"<p>CONANGLA MARIN, MERC\u00c8 \/ SOLER LLEONART, JAUME<\/p>\n","protected":false},"featured_media":318233,"template":"","meta":{"_acf_changed":false,"om_disable_all_campaigns":false,"rs_blank_template":"","rs_page_bg_color":"","slide_template_v7":"","inline_featured_image":false,"_monsterinsights_skip_tracking":false,"_monsterinsights_sitenote_active":false,"_monsterinsights_sitenote_note":"","_monsterinsights_sitenote_category":0},"product_brand":[],"product_cat":[179,377],"product_tag":[],"class_list":{"0":"post-87526","1":"product","2":"type-product","3":"status-publish","4":"has-post-thumbnail","6":"product_cat-autoajuda-i-salut-mental","7":"product_cat-autoayuda-y-salud-mental","9":"first","10":"instock","11":"taxable","12":"shipping-taxable","13":"purchasable","14":"product-type-simple"},"acf":{"autor":"CONANGLA MARIN, MERC\u00c8 \/ SOLER LLEONART, JAUME","codart":"841811484","libros-coleccion":"FORA DE COL.LECCI\u00d3","ediciones":"1","encuadernacion":"R\u00fastica","fecha_de_publicacion":"01\/04\/2021","novedad":"1","paginas":"232","subtitulo":"LA OFENSA COMO CONTAMINANTE EMOCIONAL: ESTRATEGIAS PARA LOGRAR UN TERRITORIO INT","orden":"0","portada":"0","idioma":"spa","editorial":[{"ID":147420,"post_author":"3","post_date":"2022-10-14 11:50:26","post_date_gmt":"2022-10-14 09:50:26","post_content":"","post_title":"AMAT EDITORIAL","post_excerpt":"","post_status":"publish","comment_status":"closed","ping_status":"closed","post_password":"","post_name":"amat-editorial","to_ping":"","pinged":"","post_modified":"2022-10-14 11:50:26","post_modified_gmt":"2022-10-14 09:50:26","post_content_filtered":"","post_parent":0,"guid":"http:\/\/dev.claret.cat\/editorial\/amat-editorial\/","menu_order":0,"post_type":"editorial","post_mime_type":"","comment_count":"0","filter":"raw"}],"autores-libros":[{"ID":164691,"post_author":"3","post_date":"2022-10-14 17:49:06","post_date_gmt":"2022-10-14 15:49:06","post_content":"","post_title":"MERC\u00c8 CONANGLA MAR\u00cdN","post_excerpt":"","post_status":"publish","comment_status":"closed","ping_status":"closed","post_password":"","post_name":"merce-conangla-marin","to_ping":"","pinged":"","post_modified":"2022-10-14 17:49:06","post_modified_gmt":"2022-10-14 15:49:06","post_content_filtered":"","post_parent":0,"guid":"http:\/\/dev.claret.cat\/autor\/merce-conangla-marin\/","menu_order":0,"post_type":"autor","post_mime_type":"","comment_count":"0","filter":"raw"},{"ID":158637,"post_author":"3","post_date":"2022-10-14 15:38:25","post_date_gmt":"2022-10-14 13:38:25","post_content":"","post_title":"JAUME SOLER LLEONART","post_excerpt":"","post_status":"publish","comment_status":"closed","ping_status":"closed","post_password":"","post_name":"jaume-soler-lleonart","to_ping":"","pinged":"","post_modified":"2022-10-14 15:38:25","post_modified_gmt":"2022-10-14 13:38:25","post_content_filtered":"","post_parent":0,"guid":"http:\/\/dev.claret.cat\/autor\/jaume-soler-lleonart\/","menu_order":0,"post_type":"autor","post_mime_type":"","comment_count":"0","filter":"raw"}]},"aioseo_notices":[],"_links":{"self":[{"href":"https:\/\/www.claret.cat\/es\/wp-json\/wp\/v2\/product\/87526","targetHints":{"allow":["GET"]}}],"collection":[{"href":"https:\/\/www.claret.cat\/es\/wp-json\/wp\/v2\/product"}],"about":[{"href":"https:\/\/www.claret.cat\/es\/wp-json\/wp\/v2\/types\/product"}],"wp:featuredmedia":[{"embeddable":true,"href":"https:\/\/www.claret.cat\/es\/wp-json\/wp\/v2\/media\/318233"}],"wp:attachment":[{"href":"https:\/\/www.claret.cat\/es\/wp-json\/wp\/v2\/media?parent=87526"}],"wp:term":[{"taxonomy":"product_brand","embeddable":true,"href":"https:\/\/www.claret.cat\/es\/wp-json\/wp\/v2\/product_brand?post=87526"},{"taxonomy":"product_cat","embeddable":true,"href":"https:\/\/www.claret.cat\/es\/wp-json\/wp\/v2\/product_cat?post=87526"},{"taxonomy":"product_tag","embeddable":true,"href":"https:\/\/www.claret.cat\/es\/wp-json\/wp\/v2\/product_tag?post=87526"}],"curies":[{"name":"wp","href":"https:\/\/api.w.org\/{rel}","templated":true}]}}

SIN ÁNIMO DE OFENDER

<p>La ofensa nos aleja de todo lo bueno, lo noble y lo amable que hay en nosotros, y nos acerca hacia la desconfianza y la mezquindad. Hacia el sufrimiento.<br /> La ofensa es uno de los contaminantes emocionales más tóxicos que emitimos los seres humanos. Lo peor de este sentimiento es que es un territorio abonado para que crezcan el resentimiento y el rencor, grandes enrarecedores del clima emocional y bloqueadores de la energía creativa. Para conseguir gestionarla adecuadamente cabe reforzar nuestra competencia emocional, lo que evitará que caigamos de forma reiterada en situaciones de sufrimiento, malestar y destrucción. &#8216;Sin ánimo de ofender&#8217;, escrito por los creadores del modelo Ecología Emocional, trata de la ofensa y del fácil arte de ofender y de sentirse ofendido, y nos proporciona herramientas para ser menos susceptibles a ella y aprender a recuperar la paz perdida.</p>

<p>CONANGLA MARIN, MERCÈ / SOLER LLEONART, JAUME</p>

CONANGLA MARIN, MERCÈ / SOLER LLEONART, JAUME

FORA DE COL.LECCIÓ

Rústica

MERCÈ CONANGLA MARÍN
