{"id":876878,"date":"2023-09-26T19:35:06","date_gmt":"2023-09-26T17:35:06","guid":{"rendered":"https:\/\/www.claret.cat\/llibre\/a-proposito-de-joan-manuel-serrat-9788448035945\/"},"modified":"2023-10-11T00:40:15","modified_gmt":"2023-10-10T22:40:15","slug":"a-proposito-de-joan-manuel-serrat-9788448035945","status":"publish","type":"product","link":"https:\/\/www.claret.cat\/es\/libro\/a-proposito-de-joan-manuel-serrat-9788448035945\/","title":{"rendered":"A PROP\u00d3SITO DE JOAN MANUEL SERRAT"},"content":{"rendered":"<p>El retrato del cantautor que se ha convertido en la banda sonora de varias generaciones.A prop\u00f3sito de Joan Manuel Serrat no se trata solo<br \/>de un libro sobre \u00e9l. Es la biograf\u00eda de un tiempo y de un pa\u00eds, desde<br \/>su nacimiento el 27 de diciembre de 1943 hasta su \u00faltimo concierto<br \/>el 23 de diciembre de 2022 en Barcelona, vista a trav\u00e9s de los ojos<br \/>de un periodista y escritor que le ha seguido desde cr\u00edo, cuando lo<br \/>escuch\u00f3 por primera vez y pidi\u00f3 a familiares emigradosa Barcelona<br \/>que le trajeran sus primeros discos grabados en catal\u00e1n.<br \/> Serrat ha construido la banda sonora de varias generaciones. Ahora,<br \/>Juan Ram\u00f3n Iborra escribe sobre el noi de Poble Sec como si de<br \/>un recuerdo se tratase, intercalando cap\u00edtulos de sus encuentros<br \/>y entrevistas, desde que se conocieron en 1973, tras su concierto<br \/>en la plaza de toros de Valencia.<br \/> Serrat representa, m\u00e1s all\u00e1 de sus canciones, un ejemplo de<br \/>honestidad y de conceptos morales bien arraigados. Naci\u00f3 cuatro<br \/>a\u00f1os despu\u00e9s de acabar la guerra civil en el seno de una familia<br \/>de perdedores, que sufri\u00f3 la posguerra del estraperlo y las penurias.<br \/>\u00c9l supo subir a lo m\u00e1s alto. Ahora que se ha jubilado de los<br \/>escenarios, merece la pena acercarse al bagaje que nos deja Serrat,<br \/>con un manojo de hermosas canciones y una \u00e9tica a prueba<br \/>de insensatos. Y de nostalgias.<\/p>\n","protected":false},"excerpt":{"rendered":"<p>IBORRA, JUAN RAM\u00d3N<\/p>\n","protected":false},"featured_media":876922,"template":"","meta":{"_acf_changed":false,"om_disable_all_campaigns":false,"rs_blank_template":"","rs_page_bg_color":"","slide_template_v7":"","inline_featured_image":false,"_monsterinsights_skip_tracking":false,"_monsterinsights_sitenote_active":false,"_monsterinsights_sitenote_note":"","_monsterinsights_sitenote_category":0},"product_brand":[],"product_cat":[549,99,111,332],"product_tag":[],"class_list":{"0":"post-876878","1":"product","2":"type-product","3":"status-publish","4":"has-post-thumbnail","6":"product_cat-biografias","7":"product_cat-biografies","8":"product_cat-musica","9":"product_cat-musica-4_escolar-spa","11":"first","12":"instock","13":"taxable","14":"shipping-taxable","15":"purchasable","16":"product-type-simple"},"acf":{"autor":"IBORRA, JUAN RAM\u00d3N","codart":"844803594","libros-coleccion":"MUSICA","ediciones":"1","encuadernacion":"Carton\u00e9","fecha_de_publicacion":"01\/09\/2023","novedad":"1","paginas":"494","subtitulo":"ENSAYO","orden":"0","portada":"0","idioma":"spa","editorial":[{"ID":148426,"post_author":"3","post_date":"2022-10-14 11:58:09","post_date_gmt":"2022-10-14 09:58:09","post_content":"","post_title":"LIBROS C\u00daPULA","post_excerpt":"","post_status":"publish","comment_status":"closed","ping_status":"closed","post_password":"","post_name":"libros-cupula","to_ping":"","pinged":"","post_modified":"2022-10-14 11:58:09","post_modified_gmt":"2022-10-14 09:58:09","post_content_filtered":"","post_parent":0,"guid":"http:\/\/dev.claret.cat\/editorial\/libros-cupula\/","menu_order":0,"post_type":"editorial","post_mime_type":"","comment_count":"0","filter":"raw"}],"autores-libros":[{"ID":876919,"post_author":"3","post_date":"2023-09-26 19:51:23","post_date_gmt":"2023-09-26 17:51:23","post_content":"","post_title":"JUAN RAMON IBORRA","post_excerpt":"","post_status":"publish","comment_status":"closed","ping_status":"closed","post_password":"","post_name":"juan-ramon-iborra","to_ping":"","pinged":"","post_modified":"2023-09-26 19:51:23","post_modified_gmt":"2023-09-26 17:51:23","post_content_filtered":"","post_parent":0,"guid":"https:\/\/www.claret.cat\/autor\/juan-ramon-iborra\/","menu_order":0,"post_type":"autor","post_mime_type":"","comment_count":"0","filter":"raw"}]},"aioseo_notices":[],"_links":{"self":[{"href":"https:\/\/www.claret.cat\/es\/wp-json\/wp\/v2\/product\/876878","targetHints":{"allow":["GET"]}}],"collection":[{"href":"https:\/\/www.claret.cat\/es\/wp-json\/wp\/v2\/product"}],"about":[{"href":"https:\/\/www.claret.cat\/es\/wp-json\/wp\/v2\/types\/product"}],"wp:featuredmedia":[{"embeddable":true,"href":"https:\/\/www.claret.cat\/es\/wp-json\/wp\/v2\/media\/876922"}],"wp:attachment":[{"href":"https:\/\/www.claret.cat\/es\/wp-json\/wp\/v2\/media?parent=876878"}],"wp:term":[{"taxonomy":"product_brand","embeddable":true,"href":"https:\/\/www.claret.cat\/es\/wp-json\/wp\/v2\/product_brand?post=876878"},{"taxonomy":"product_cat","embeddable":true,"href":"https:\/\/www.claret.cat\/es\/wp-json\/wp\/v2\/product_cat?post=876878"},{"taxonomy":"product_tag","embeddable":true,"href":"https:\/\/www.claret.cat\/es\/wp-json\/wp\/v2\/product_tag?post=876878"}],"curies":[{"name":"wp","href":"https:\/\/api.w.org\/{rel}","templated":true}]}}

A PROPÓSITO DE JOAN MANUEL SERRAT

<p>El retrato del cantautor que se ha convertido en la banda sonora de varias generaciones.A propósito de Joan Manuel Serrat no se trata solo<br />de un libro sobre él. Es la biografía de un tiempo y de un país, desde<br />su nacimiento el 27 de diciembre de 1943 hasta su último concierto<br />el 23 de diciembre de 2022 en Barcelona, vista a través de los ojos<br />de un periodista y escritor que le ha seguido desde crío, cuando lo<br />escuchó por primera vez y pidió a familiares emigradosa Barcelona<br />que le trajeran sus primeros discos grabados en catalán.<br /> Serrat ha construido la banda sonora de varias generaciones. Ahora,<br />Juan Ramón Iborra escribe sobre el noi de Poble Sec como si de<br />un recuerdo se tratase, intercalando capítulos de sus encuentros<br />y entrevistas, desde que se conocieron en 1973, tras su concierto<br />en la plaza de toros de Valencia.<br /> Serrat representa, más allá de sus canciones, un ejemplo de<br />honestidad y de conceptos morales bien arraigados. Nació cuatro<br />años después de acabar la guerra civil en el seno de una familia<br />de perdedores, que sufrió la posguerra del estraperlo y las penurias.<br />Él supo subir a lo más alto. Ahora que se ha jubilado de los<br />escenarios, merece la pena acercarse al bagaje que nos deja Serrat,<br />con un manojo de hermosas canciones y una ética a prueba<br />de insensatos. Y de nostalgias.</p>

<p>IBORRA, JUAN RAMÓN</p>

IBORRA, JUAN RAMÓN

Cartoné

LIBROS CÚPULA
