{"id":877037,"date":"2023-09-27T13:40:15","date_gmt":"2023-09-27T11:40:15","guid":{"rendered":"https:\/\/www.claret.cat\/llibre\/tina-i-tavi-on-es-el-bubu-9788448959463\/"},"modified":"2023-10-11T00:39:18","modified_gmt":"2023-10-10T22:39:18","slug":"tina-i-tavi-on-es-el-bubu-9788448959463","status":"publish","type":"product","link":"https:\/\/www.claret.cat\/es\/libro\/tina-i-tavi-on-es-el-bubu-9788448959463\/","title":{"rendered":"TINA I TAVI. ON \u00c9S EL BUBU?"},"content":{"rendered":"<p>Amb aquesta nova hist\u00f2ria de la Tina i el Tavi els nens i nenes reconeixeran una situaci\u00f3 molt quotidiana: no trobar una joguina! Acompanyant als petits follets en aquesta nova aventura els infants es familiaritzaran amb el vocabulari que permet recon\u00e8ixer i situar objectes en l&#8217;espai: a dalt, a baix, davant, darrere&#8230;<br \/> La Tina i el Tavi volen sortir a jugar, per\u00f2 la Tina no troba el Bubu, el seu elefant de peluix. A sota el llit no el veuen, tampoc hi \u00e9s dins la banyera&#8230; On deu ser?<\/p>\n","protected":false},"excerpt":{"rendered":"<p>SARD\u00c0, \u00d2SCAR<\/p>\n","protected":false},"featured_media":877139,"template":"","meta":{"_acf_changed":false,"om_disable_all_campaigns":false,"rs_blank_template":"","rs_page_bg_color":"","slide_template_v7":"","inline_featured_image":false,"_monsterinsights_skip_tracking":false,"_monsterinsights_sitenote_active":false,"_monsterinsights_sitenote_note":"","_monsterinsights_sitenote_category":0},"product_brand":[],"product_cat":[131,361],"product_tag":[],"class_list":{"0":"post-877037","1":"product","2":"type-product","3":"status-publish","4":"has-post-thumbnail","6":"product_cat-contes-per-infants-0-6-anys","7":"product_cat-cuentos-para-ninos-0-6-anos","9":"first","10":"instock","11":"taxable","12":"shipping-taxable","13":"purchasable","14":"product-type-simple"},"acf":{"autor":"SARD\u00c0, \u00d2SCAR","codart":"844895946","libros-coleccion":"Llibres Infantils I Juvenils - Sopa De C","ediciones":"1","encuadernacion":"Carton\u00e9","fecha_de_publicacion":"01\/09\/2023","novedad":"1","paginas":"32","subtitulo":"","orden":"0","portada":"0","idioma":"cat","editorial":[{"ID":147525,"post_author":"3","post_date":"2022-10-14 11:51:14","post_date_gmt":"2022-10-14 09:51:14","post_content":"","post_title":"BARCANOVA","post_excerpt":"","post_status":"publish","comment_status":"closed","ping_status":"closed","post_password":"","post_name":"barcanova","to_ping":"","pinged":"","post_modified":"2022-10-14 11:51:14","post_modified_gmt":"2022-10-14 09:51:14","post_content_filtered":"","post_parent":0,"guid":"http:\/\/dev.claret.cat\/editorial\/barcanova\/","menu_order":0,"post_type":"editorial","post_mime_type":"","comment_count":"0","filter":"raw"}],"autores-libros":[{"ID":166329,"post_author":"3","post_date":"2022-10-14 18:02:17","post_date_gmt":"2022-10-14 16:02:17","post_content":"","post_title":"\u00d2SCAR SARD\u00c0","post_excerpt":"","post_status":"publish","comment_status":"closed","ping_status":"closed","post_password":"","post_name":"oscar-sarda","to_ping":"","pinged":"","post_modified":"2022-10-14 18:02:17","post_modified_gmt":"2022-10-14 16:02:17","post_content_filtered":"","post_parent":0,"guid":"http:\/\/dev.claret.cat\/autor\/oscar-sarda\/","menu_order":0,"post_type":"autor","post_mime_type":"","comment_count":"0","filter":"raw"}]},"aioseo_notices":[],"_links":{"self":[{"href":"https:\/\/www.claret.cat\/es\/wp-json\/wp\/v2\/product\/877037","targetHints":{"allow":["GET"]}}],"collection":[{"href":"https:\/\/www.claret.cat\/es\/wp-json\/wp\/v2\/product"}],"about":[{"href":"https:\/\/www.claret.cat\/es\/wp-json\/wp\/v2\/types\/product"}],"wp:featuredmedia":[{"embeddable":true,"href":"https:\/\/www.claret.cat\/es\/wp-json\/wp\/v2\/media\/877139"}],"wp:attachment":[{"href":"https:\/\/www.claret.cat\/es\/wp-json\/wp\/v2\/media?parent=877037"}],"wp:term":[{"taxonomy":"product_brand","embeddable":true,"href":"https:\/\/www.claret.cat\/es\/wp-json\/wp\/v2\/product_brand?post=877037"},{"taxonomy":"product_cat","embeddable":true,"href":"https:\/\/www.claret.cat\/es\/wp-json\/wp\/v2\/product_cat?post=877037"},{"taxonomy":"product_tag","embeddable":true,"href":"https:\/\/www.claret.cat\/es\/wp-json\/wp\/v2\/product_tag?post=877037"}],"curies":[{"name":"wp","href":"https:\/\/api.w.org\/{rel}","templated":true}]}}

TINA I TAVI. ON ÉS EL BUBU?

<p>Amb aquesta nova història de la Tina i el Tavi els nens i nenes reconeixeran una situació molt quotidiana: no trobar una joguina! Acompanyant als petits follets en aquesta nova aventura els infants es familiaritzaran amb el vocabulari que permet reconèixer i situar objectes en l&#8217;espai: a dalt, a baix, davant, darrere&#8230;<br /> La Tina i el Tavi volen sortir a jugar, però la Tina no troba el Bubu, el seu elefant de peluix. A sota el llit no el veuen, tampoc hi és dins la banyera&#8230; On deu ser?</p>

<p>SARDÀ, ÒSCAR</p>

SARDÀ, ÒSCAR

Cartoné

ÒSCAR SARDÀ
