{"id":877121,"date":"2023-09-27T17:05:19","date_gmt":"2023-09-27T15:05:19","guid":{"rendered":"https:\/\/www.claret.cat\/llibre\/a-proposit-de-joan-manuel-serrat-9788466430500\/"},"modified":"2024-01-31T16:25:26","modified_gmt":"2024-01-31T15:25:26","slug":"a-proposit-de-joan-manuel-serrat-9788466430500","status":"publish","type":"product","link":"https:\/\/www.claret.cat\/es\/libro\/a-proposit-de-joan-manuel-serrat-9788466430500\/","title":{"rendered":"A PROP\u00d2SIT DE JOAN MANUEL SERRAT"},"content":{"rendered":"<p>El retrat d&#8221;un temps i d&#8221;un pa\u00eds. De l&#8221;home que ha constru\u00eft la banda sonora de diverses generacions.A prop\u00f2sit de Joan Manuel Serrat no \u00e9s nom\u00e9s un llibre sobre ell. \u00c9s la biografia d&#8221;un temps i d&#8221;un pa\u00eds, des que va n\u00e9ixer el 27 de desembre de 1943 fins a l&#8221;\u00faltim concert que ha fet, el 23 de desembre de 2022 a Barcelona, vista pels ulls d&#8221;un periodista i escriptor que l&#8221;ha seguit des que era petit, quan el va sentir per primera vegada i va demanar a familiars emigrats a Barcelona que li portessin els seus primers discos gravats en catal\u00e0.<br \/> Serrat ha constru\u00eft la banda sonora de diverses generacions. Ara, Juan Ram\u00f3n Iborra escriu sobre el Noi del Poble-sec com si expliqu\u00e9s un record, intercalant cap\u00edtols de les seves trobades i entrevistes en el seu context, des que es van con\u00e8ixer el 1973, despr\u00e9s del concert que va fer a la pla\u00e7a de toros de Val\u00e8ncia.<br \/> Serrat representa, m\u00e9s enll\u00e0 de les seves can\u00e7ons, un exemple d&#8221;honestedat, de conceptes morals ben arrelats. Va n\u00e9ixer quatre anys despr\u00e9s que s&#8221;acab\u00e9s la Guerra Civil en el si d&#8221;una fam\u00edlia de perdedors que va patir la postguerra de l&#8221;estraperlo i les pen\u00faries. Ell va saber pujar fins a dalt de tot. Ara que s&#8221;ha jubilat dels escenaris, val la pena acostar-se al bagatge que ens deixa Serrat amb un grapat de boniques can\u00e7ons i una \u00e8tica a prova d&#8221;insensats. I de nost\u00e0lgies.<\/p>\n","protected":false},"excerpt":{"rendered":"<p>IBORRA, JUAN RAM\u00d3N<\/p>\n","protected":false},"featured_media":877122,"template":"","meta":{"_acf_changed":false,"om_disable_all_campaigns":false,"rs_blank_template":"","rs_page_bg_color":"","slide_template_v7":"","inline_featured_image":false,"_monsterinsights_skip_tracking":false,"_monsterinsights_sitenote_active":false,"_monsterinsights_sitenote_note":"","_monsterinsights_sitenote_category":0},"product_brand":[],"product_cat":[90,540],"product_tag":[],"class_list":{"0":"post-877121","1":"product","2":"type-product","3":"status-publish","4":"has-post-thumbnail","6":"product_cat-altres","7":"product_cat-otros","9":"first","10":"instock","11":"taxable","12":"shipping-taxable","13":"purchasable","14":"product-type-simple"},"acf":{"autor":"IBORRA, JUAN RAM\u00d3N","codart":"846643050","libros-coleccion":"NO FICCI\u00d3 COLUMNA","ediciones":"1","encuadernacion":"Carton\u00e9","fecha_de_publicacion":"01\/09\/2023","novedad":"1","paginas":"0","subtitulo":"","orden":"0","portada":"0","idioma":"cat","editorial":[{"ID":6166,"post_author":"3","post_date":"2022-07-28 17:46:19","post_date_gmt":"2022-07-28 15:46:19","post_content":"","post_title":"Columna CAT","post_excerpt":"","post_status":"publish","comment_status":"closed","ping_status":"closed","post_password":"","post_name":"columna-cat","to_ping":"","pinged":"","post_modified":"2022-07-28 17:46:19","post_modified_gmt":"2022-07-28 15:46:19","post_content_filtered":"","post_parent":0,"guid":"http:\/\/dev.claret.cat\/editorial\/columna-cat\/","menu_order":0,"post_type":"editorial","post_mime_type":"","comment_count":"0","filter":"raw"}],"autores-libros":[{"ID":876919,"post_author":"3","post_date":"2023-09-26 19:51:23","post_date_gmt":"2023-09-26 17:51:23","post_content":"","post_title":"JUAN RAMON IBORRA","post_excerpt":"","post_status":"publish","comment_status":"closed","ping_status":"closed","post_password":"","post_name":"juan-ramon-iborra","to_ping":"","pinged":"","post_modified":"2023-09-26 19:51:23","post_modified_gmt":"2023-09-26 17:51:23","post_content_filtered":"","post_parent":0,"guid":"https:\/\/www.claret.cat\/autor\/juan-ramon-iborra\/","menu_order":0,"post_type":"autor","post_mime_type":"","comment_count":"0","filter":"raw"}]},"aioseo_notices":[],"_links":{"self":[{"href":"https:\/\/www.claret.cat\/es\/wp-json\/wp\/v2\/product\/877121","targetHints":{"allow":["GET"]}}],"collection":[{"href":"https:\/\/www.claret.cat\/es\/wp-json\/wp\/v2\/product"}],"about":[{"href":"https:\/\/www.claret.cat\/es\/wp-json\/wp\/v2\/types\/product"}],"wp:featuredmedia":[{"embeddable":true,"href":"https:\/\/www.claret.cat\/es\/wp-json\/wp\/v2\/media\/877122"}],"wp:attachment":[{"href":"https:\/\/www.claret.cat\/es\/wp-json\/wp\/v2\/media?parent=877121"}],"wp:term":[{"taxonomy":"product_brand","embeddable":true,"href":"https:\/\/www.claret.cat\/es\/wp-json\/wp\/v2\/product_brand?post=877121"},{"taxonomy":"product_cat","embeddable":true,"href":"https:\/\/www.claret.cat\/es\/wp-json\/wp\/v2\/product_cat?post=877121"},{"taxonomy":"product_tag","embeddable":true,"href":"https:\/\/www.claret.cat\/es\/wp-json\/wp\/v2\/product_tag?post=877121"}],"curies":[{"name":"wp","href":"https:\/\/api.w.org\/{rel}","templated":true}]}}

A PROPÒSIT DE JOAN MANUEL SERRAT

<p>El retrat d&#8221;un temps i d&#8221;un país. De l&#8221;home que ha construït la banda sonora de diverses generacions.A propòsit de Joan Manuel Serrat no és només un llibre sobre ell. És la biografia d&#8221;un temps i d&#8221;un país, des que va néixer el 27 de desembre de 1943 fins a l&#8221;últim concert que ha fet, el 23 de desembre de 2022 a Barcelona, vista pels ulls d&#8221;un periodista i escriptor que l&#8221;ha seguit des que era petit, quan el va sentir per primera vegada i va demanar a familiars emigrats a Barcelona que li portessin els seus primers discos gravats en català.<br /> Serrat ha construït la banda sonora de diverses generacions. Ara, Juan Ramón Iborra escriu sobre el Noi del Poble-sec com si expliqués un record, intercalant capítols de les seves trobades i entrevistes en el seu context, des que es van conèixer el 1973, després del concert que va fer a la plaça de toros de València.<br /> Serrat representa, més enllà de les seves cançons, un exemple d&#8221;honestedat, de conceptes morals ben arrelats. Va néixer quatre anys després que s&#8221;acabés la Guerra Civil en el si d&#8221;una família de perdedors que va patir la postguerra de l&#8221;estraperlo i les penúries. Ell va saber pujar fins a dalt de tot. Ara que s&#8221;ha jubilat dels escenaris, val la pena acostar-se al bagatge que ens deixa Serrat amb un grapat de boniques cançons i una ètica a prova d&#8221;insensats. I de nostàlgies.</p>

<p>IBORRA, JUAN RAMÓN</p>

IBORRA, JUAN RAMÓN

NO FICCIÓ COLUMNA

Cartoné
