{"id":877301,"date":"2023-09-28T09:45:06","date_gmt":"2023-09-28T07:45:06","guid":{"rendered":"https:\/\/www.claret.cat\/llibre\/el-pozo-de-sicar-2-competencias-para-la-mision-del-catequista-2-9788428840576\/"},"modified":"2024-05-24T10:07:12","modified_gmt":"2024-05-24T08:07:12","slug":"el-pozo-de-sicar-2-competencias-para-la-mision-del-catequista-2-9788428840576","status":"publish","type":"product","link":"https:\/\/www.claret.cat\/es\/libro\/el-pozo-de-sicar-2-competencias-para-la-mision-del-catequista-2-9788428840576\/","title":{"rendered":"EL POZO DE SICAR. 2. COMPETENCIAS PARA LA MISI\u00d3N DEL CATEQUISTA. 2"},"content":{"rendered":"<p>Este material para la formaci\u00f3n de catequistas se basa\u00a0en el nuevo perfil de catequista y las claves y exigencias de formaci\u00f3n que presenta el nuevo\u00a0Directorio para la catequesis. Se propone al catequista un camino que recorrer para adquirir progresivamente determinadas habilidades y destrezas. Estas habilidades y destrezas ser\u00e1n las que lo acrediten como competente para poder actuar como tal y para ejercer dignamente su ministerio catequ\u00e9tico. En este camino formativo, paso a paso, el catequista tendr\u00e1 la oportunidad de ejercitarse o entrenarse en las dimensiones formativas del &#8216;ser&#8217; y del &#8216;saber estar con&#8217;, del &#8216;saber&#8217; y del &#8216;saber hacer&#8217;.La novedad de este material est\u00e1 en\u00a0presentar una formaci\u00f3n para los catequistas basada en la misma inspiraci\u00f3n catecumenal que se le pide que tenga la catequesis; a la vez que integra en ella el actual enfoque del aprendizaje basado en competencias. Ambas perspectivas\u00a0se integran en este material para ponerse al servicio de la formaci\u00f3n de los catequistas desde los nuevos par\u00e1metros marcados por el nuevo\u00a0Directorio\u00a0y convertirlos en aut\u00e9nticos disc\u00edpulos-misioneros.En el segundo tomo -en cuatro vol\u00famenes- de la Formaci\u00f3n de catequistas basada en el nuevo\u00a0Directorio para la catequesis, nos centramos en las &#8216;Competencias para la misi\u00f3n del catequista&#8217; para que pueda ejercer como tal; o sea, qu\u00e9 conocimientos y actitudes, qu\u00e9 habilidades y destrezas ha de ir asimilando en su proceso de formaci\u00f3n para llegar a ser un catequista verdaderamente competente.En este\u00a0segundo volumen\u00a0(El arte de narrar), que contin\u00faa al anterior, dedicado a las dos primeras dimensiones de la competencia narrativa, el &#8216;Ser&#8217; y el &#8216;Saber&#8217;, se ocupa de las otras dos: el &#8216;Saber hacer&#8217; y el &#8216;Saber estar con&#8217;. Con\u00e9l queda completo el tratamiento de la competencia narrativa del catequista. De esta forma aparecer\u00e1 perfilado el camino que seguir para formar catequistas competentes en su misi\u00f3n de narrar la Historia de Dios con la humanidad y la propia historia de amistad con el mismo Dios.<\/p>\n","protected":false},"excerpt":{"rendered":"<p>SECRETARIADOS DE CATEQUESIS DE GALICIA<\/p>\n","protected":false},"featured_media":883596,"template":"","meta":{"_acf_changed":false,"om_disable_all_campaigns":false,"rs_blank_template":"","rs_page_bg_color":"","slide_template_v7":"","inline_featured_image":false,"_monsterinsights_skip_tracking":false,"_monsterinsights_sitenote_active":false,"_monsterinsights_sitenote_note":"","_monsterinsights_sitenote_category":0},"product_brand":[],"product_cat":[219,478],"product_tag":[],"class_list":{"0":"post-877301","1":"product","2":"type-product","3":"status-publish","4":"has-post-thumbnail","6":"product_cat-infantil-catequesi","7":"product_cat-infantil-catequesis-1_espiritualidad","9":"first","10":"instock","11":"taxable","12":"shipping-taxable","13":"purchasable","14":"product-type-simple"},"acf":{"autor":"SECRETARIADOS DE CATEQUESIS DE GALICIA","codart":"842884057","libros-coleccion":"CATEQUESIS GALICIA","ediciones":"1","encuadernacion":"R\u00fastica","fecha_de_publicacion":"01\/09\/2023","novedad":"1","paginas":"72","subtitulo":"","orden":"999","portada":"0","idioma":"spa","editorial":[{"ID":6335,"post_author":"3","post_date":"2022-07-28 17:49:59","post_date_gmt":"2022-07-28 15:49:59","post_content":"","post_title":"PPC altres","post_excerpt":"","post_status":"publish","comment_status":"closed","ping_status":"closed","post_password":"","post_name":"ppc-altres","to_ping":"","pinged":"","post_modified":"2022-07-28 17:49:59","post_modified_gmt":"2022-07-28 15:49:59","post_content_filtered":"","post_parent":0,"guid":"http:\/\/dev.claret.cat\/editorial\/ppc-altres\/","menu_order":0,"post_type":"editorial","post_mime_type":"","comment_count":"0","filter":"raw"}],"autores-libros":[{"ID":8438,"post_author":"3","post_date":"2022-09-30 09:48:35","post_date_gmt":"2022-09-30 07:48:35","post_content":"","post_title":"SECRETARIADOS DE CATEQUESIS DE GALICIA","post_excerpt":"","post_status":"publish","comment_status":"closed","ping_status":"closed","post_password":"","post_name":"secretariados-de-catequesis-de-galicia","to_ping":"","pinged":"","post_modified":"2022-09-30 09:48:35","post_modified_gmt":"2022-09-30 07:48:35","post_content_filtered":"","post_parent":0,"guid":"http:\/\/dev.claret.cat\/autor\/secretariados-de-catequesis-de-galicia\/","menu_order":0,"post_type":"autor","post_mime_type":"","comment_count":"0","filter":"raw"}]},"aioseo_notices":[],"_links":{"self":[{"href":"https:\/\/www.claret.cat\/es\/wp-json\/wp\/v2\/product\/877301","targetHints":{"allow":["GET"]}}],"collection":[{"href":"https:\/\/www.claret.cat\/es\/wp-json\/wp\/v2\/product"}],"about":[{"href":"https:\/\/www.claret.cat\/es\/wp-json\/wp\/v2\/types\/product"}],"wp:featuredmedia":[{"embeddable":true,"href":"https:\/\/www.claret.cat\/es\/wp-json\/wp\/v2\/media\/883596"}],"wp:attachment":[{"href":"https:\/\/www.claret.cat\/es\/wp-json\/wp\/v2\/media?parent=877301"}],"wp:term":[{"taxonomy":"product_brand","embeddable":true,"href":"https:\/\/www.claret.cat\/es\/wp-json\/wp\/v2\/product_brand?post=877301"},{"taxonomy":"product_cat","embeddable":true,"href":"https:\/\/www.claret.cat\/es\/wp-json\/wp\/v2\/product_cat?post=877301"},{"taxonomy":"product_tag","embeddable":true,"href":"https:\/\/www.claret.cat\/es\/wp-json\/wp\/v2\/product_tag?post=877301"}],"curies":[{"name":"wp","href":"https:\/\/api.w.org\/{rel}","templated":true}]}}

EL POZO DE SICAR. 2. COMPETENCIAS PARA LA MISIÓN DEL CATEQUISTA. 2

<p>Este material para la formación de catequistas se basa en el nuevo perfil de catequista y las claves y exigencias de formación que presenta el nuevo Directorio para la catequesis. Se propone al catequista un camino que recorrer para adquirir progresivamente determinadas habilidades y destrezas. Estas habilidades y destrezas serán las que lo acrediten como competente para poder actuar como tal y para ejercer dignamente su ministerio catequético. En este camino formativo, paso a paso, el catequista tendrá la oportunidad de ejercitarse o entrenarse en las dimensiones formativas del &#8216;ser&#8217; y del &#8216;saber estar con&#8217;, del &#8216;saber&#8217; y del &#8216;saber hacer&#8217;.La novedad de este material está en presentar una formación para los catequistas basada en la misma inspiración catecumenal que se le pide que tenga la catequesis; a la vez que integra en ella el actual enfoque del aprendizaje basado en competencias. Ambas perspectivas se integran en este material para ponerse al servicio de la formación de los catequistas desde los nuevos parámetros marcados por el nuevo Directorio y convertirlos en auténticos discípulos-misioneros.En el segundo tomo -en cuatro volúmenes- de la Formación de catequistas basada en el nuevo Directorio para la catequesis, nos centramos en las &#8216;Competencias para la misión del catequista&#8217; para que pueda ejercer como tal; o sea, qué conocimientos y actitudes, qué habilidades y destrezas ha de ir asimilando en su proceso de formación para llegar a ser un catequista verdaderamente competente.En este segundo volumen (El arte de narrar), que continúa al anterior, dedicado a las dos primeras dimensiones de la competencia narrativa, el &#8216;Ser&#8217; y el &#8216;Saber&#8217;, se ocupa de las otras dos: el &#8216;Saber hacer&#8217; y el &#8216;Saber estar con&#8217;. Conél queda completo el tratamiento de la competencia narrativa del catequista. De esta forma aparecerá perfilado el camino que seguir para formar catequistas competentes en su misión de narrar la Historia de Dios con la humanidad y la propia historia de amistad con el mismo Dios.</p>

Rústica
