{"id":878984,"date":"2023-10-10T16:57:24","date_gmt":"2023-10-10T14:57:24","guid":{"rendered":"https:\/\/www.claret.cat\/llibre\/la-metamorfosis-9788412669701\/"},"modified":"2024-07-23T18:00:12","modified_gmt":"2024-07-23T16:00:12","slug":"la-metamorfosis-9788412669701","status":"publish","type":"product","link":"https:\/\/www.claret.cat\/es\/libro\/la-metamorfosis-9788412669701\/","title":{"rendered":"LA METAMORFOSIS"},"content":{"rendered":"<p>El inmortal relato sobre los horrores del cambio, la diferencia y el rechazo familiar.<br \/> \u00bfQu\u00e9 tal si durmiera un poquito m\u00e1s y me olvidara de todas esas tonter\u00edas?.<br \/> Gregor Samsa se hace una pregunta, tal y como se la har\u00eda cualquier persona al despertar de una pesadilla. Pero la pesadilla de Samsa es real, se ha transformado en un enorme y horrendo insecto y no encuentra ninguna explicaci\u00f3n.<br \/> A trav\u00e9s de este relato aleg\u00f3rico y fant\u00e1stico. Franz Kafka expone la insensibilidad e incomprensi\u00f3n del ser humano hacia sus semejantes, al tiempo que nos lleva a reflexionar acerca de nuestro papel en el mundo. una lectura emocionante e inspiradora que no se olvida jam\u00e1s.<\/p>\n","protected":false},"excerpt":{"rendered":"<p>KAFKA, FRANZ<\/p>\n","protected":false},"featured_media":878985,"template":"","meta":{"_acf_changed":false,"om_disable_all_campaigns":false,"rs_blank_template":"","rs_page_bg_color":"","slide_template_v7":"","inline_featured_image":false,"_monsterinsights_skip_tracking":false,"_monsterinsights_sitenote_active":false,"_monsterinsights_sitenote_note":"","_monsterinsights_sitenote_category":0},"product_brand":[],"product_cat":[354,123],"product_tag":[],"class_list":{"0":"post-878984","1":"product","2":"type-product","3":"status-publish","4":"has-post-thumbnail","6":"product_cat-clasica","7":"product_cat-classica","9":"first","10":"instock","11":"taxable","12":"shipping-taxable","13":"purchasable","14":"product-type-simple"},"acf":{"autor":"KAFKA, FRANZ","codart":"841266970","libros-coleccion":"GRAN TRAVES\u00cdA","ediciones":"1","encuadernacion":"R\u00fastica","fecha_de_publicacion":"01\/08\/2023","novedad":"1","paginas":"96","subtitulo":"","orden":"0","portada":"0","idioma":"spa","editorial":[{"ID":148219,"post_author":"3","post_date":"2022-10-14 11:56:33","post_date_gmt":"2022-10-14 09:56:33","post_content":"","post_title":"GRAN TRAVESIA","post_excerpt":"","post_status":"publish","comment_status":"closed","ping_status":"closed","post_password":"","post_name":"gran-travesia","to_ping":"","pinged":"","post_modified":"2022-10-14 11:56:33","post_modified_gmt":"2022-10-14 09:56:33","post_content_filtered":"","post_parent":0,"guid":"http:\/\/dev.claret.cat\/editorial\/gran-travesia\/","menu_order":0,"post_type":"editorial","post_mime_type":"","comment_count":"0","filter":"raw"}],"autores-libros":[{"ID":156380,"post_author":"3","post_date":"2022-10-14 15:20:21","post_date_gmt":"2022-10-14 13:20:21","post_content":"","post_title":"FRANZ KAFKA","post_excerpt":"","post_status":"publish","comment_status":"closed","ping_status":"closed","post_password":"","post_name":"franz-kafka","to_ping":"","pinged":"","post_modified":"2022-10-14 15:20:21","post_modified_gmt":"2022-10-14 13:20:21","post_content_filtered":"","post_parent":0,"guid":"http:\/\/dev.claret.cat\/autor\/franz-kafka\/","menu_order":0,"post_type":"autor","post_mime_type":"","comment_count":"0","filter":"raw"}]},"aioseo_notices":[],"_links":{"self":[{"href":"https:\/\/www.claret.cat\/es\/wp-json\/wp\/v2\/product\/878984","targetHints":{"allow":["GET"]}}],"collection":[{"href":"https:\/\/www.claret.cat\/es\/wp-json\/wp\/v2\/product"}],"about":[{"href":"https:\/\/www.claret.cat\/es\/wp-json\/wp\/v2\/types\/product"}],"wp:featuredmedia":[{"embeddable":true,"href":"https:\/\/www.claret.cat\/es\/wp-json\/wp\/v2\/media\/878985"}],"wp:attachment":[{"href":"https:\/\/www.claret.cat\/es\/wp-json\/wp\/v2\/media?parent=878984"}],"wp:term":[{"taxonomy":"product_brand","embeddable":true,"href":"https:\/\/www.claret.cat\/es\/wp-json\/wp\/v2\/product_brand?post=878984"},{"taxonomy":"product_cat","embeddable":true,"href":"https:\/\/www.claret.cat\/es\/wp-json\/wp\/v2\/product_cat?post=878984"},{"taxonomy":"product_tag","embeddable":true,"href":"https:\/\/www.claret.cat\/es\/wp-json\/wp\/v2\/product_tag?post=878984"}],"curies":[{"name":"wp","href":"https:\/\/api.w.org\/{rel}","templated":true}]}}

<p>El inmortal relato sobre los horrores del cambio, la diferencia y el rechazo familiar.<br /> ¿Qué tal si durmiera un poquito más y me olvidara de todas esas tonterías?.<br /> Gregor Samsa se hace una pregunta, tal y como se la haría cualquier persona al despertar de una pesadilla. Pero la pesadilla de Samsa es real, se ha transformado en un enorme y horrendo insecto y no encuentra ninguna explicación.<br /> A través de este relato alegórico y fantástico. Franz Kafka expone la insensibilidad e incomprensión del ser humano hacia sus semejantes, al tiempo que nos lleva a reflexionar acerca de nuestro papel en el mundo. una lectura emocionante e inspiradora que no se olvida jamás.</p>

GRAN TRAVESÍA

Rústica
