{"id":879130,"date":"2023-10-10T17:07:35","date_gmt":"2023-10-10T15:07:35","guid":{"rendered":"https:\/\/www.claret.cat\/llibre\/codigo-de-derecho-canonico-9788422022145\/"},"modified":"2024-04-12T13:15:49","modified_gmt":"2024-04-12T11:15:49","slug":"codigo-de-derecho-canonico-9788422022145","status":"publish","type":"product","link":"https:\/\/www.claret.cat\/es\/libro\/codigo-de-derecho-canonico-9788422022145\/","title":{"rendered":"C\u00d3DIGO DE DERECHO CAN\u00d3NICO"},"content":{"rendered":"<p>El C\u00f3digo de Derecho Can\u00f3nico es del todo necesario a la Iglesia. Por estar constituida a modo de cuerpo tambi\u00e9n social y visible, ella necesita normas para hacer visible su estructura jer\u00e1rquica y org\u00e1nica, para ordenar correctamente el ejercicio de las funciones confiadas a ella divinamente, sobre todo de la potestad sagrada y de la administraci\u00f3n de los sacramentos; para componer, seg\u00fan la justicia fundamentada en la caridad, las relaciones mutuas de los fi eles cristianos, tutelando y definiendo los derechos de cada uno; en fi n, para apoyar las iniciativas comunes que se asumen aun para vivir m\u00e1s perfectamente la vida cristiana, reforzarlas y promoverlas por medio de leyes can\u00f3nicas.<\/p>\n","protected":false},"excerpt":{"rendered":"<p>AA.VV<\/p>\n","protected":false},"featured_media":879131,"template":"","meta":{"_acf_changed":false,"om_disable_all_campaigns":false,"rs_blank_template":"","rs_page_bg_color":"","slide_template_v7":"","inline_featured_image":false,"_monsterinsights_skip_tracking":false,"_monsterinsights_sitenote_active":false,"_monsterinsights_sitenote_note":"","_monsterinsights_sitenote_category":0},"product_brand":[],"product_cat":[519,518,293,292],"product_tag":[],"class_list":{"0":"post-879130","1":"product","2":"type-product","3":"status-publish","4":"has-post-thumbnail","6":"product_cat-derecho-canonico-eclesial","7":"product_cat-derecho-canonico-en-general","8":"product_cat-dret-canonic-eclesial","9":"product_cat-dret-canonic-en-general","11":"first","12":"instock","13":"taxable","14":"shipping-taxable","15":"purchasable","16":"product-type-simple"},"acf":{"autor":"AA.VV","codart":"842202214","libros-coleccion":"MINOR","ediciones":"1","encuadernacion":"R\u00fastica","fecha_de_publicacion":"01\/10\/2021","novedad":"1","paginas":"960","subtitulo":"EDICI\u00d3N ACTUALIZADA CON LA REVISI\u00d3N DE LA NORMATIVA PENAL DEL LIBRO VI DEL CIC P","orden":"0","portada":"0","idioma":"spa","editorial":[{"ID":147509,"post_author":"3","post_date":"2022-10-14 11:51:07","post_date_gmt":"2022-10-14 09:51:07","post_content":"","post_title":"B.A.C.","post_excerpt":"","post_status":"publish","comment_status":"closed","ping_status":"closed","post_password":"","post_name":"b-a-c","to_ping":"","pinged":"","post_modified":"2022-10-14 11:51:07","post_modified_gmt":"2022-10-14 09:51:07","post_content_filtered":"","post_parent":0,"guid":"http:\/\/dev.claret.cat\/editorial\/b-a-c\/","menu_order":0,"post_type":"editorial","post_mime_type":"","comment_count":"0","filter":"raw"}],"autores-libros":[{"ID":5198,"post_author":"3","post_date":"2022-07-28 17:16:52","post_date_gmt":"2022-07-28 15:16:52","post_content":"","post_title":"AA.VV","post_excerpt":"","post_status":"publish","comment_status":"closed","ping_status":"closed","post_password":"","post_name":"aa-vv-2","to_ping":"","pinged":"","post_modified":"2022-07-28 17:16:52","post_modified_gmt":"2022-07-28 15:16:52","post_content_filtered":"","post_parent":0,"guid":"http:\/\/dev.claret.cat\/autor\/aa-vv-2\/","menu_order":0,"post_type":"autor","post_mime_type":"","comment_count":"0","filter":"raw"}]},"aioseo_notices":[],"_links":{"self":[{"href":"https:\/\/www.claret.cat\/es\/wp-json\/wp\/v2\/product\/879130","targetHints":{"allow":["GET"]}}],"collection":[{"href":"https:\/\/www.claret.cat\/es\/wp-json\/wp\/v2\/product"}],"about":[{"href":"https:\/\/www.claret.cat\/es\/wp-json\/wp\/v2\/types\/product"}],"wp:featuredmedia":[{"embeddable":true,"href":"https:\/\/www.claret.cat\/es\/wp-json\/wp\/v2\/media\/879131"}],"wp:attachment":[{"href":"https:\/\/www.claret.cat\/es\/wp-json\/wp\/v2\/media?parent=879130"}],"wp:term":[{"taxonomy":"product_brand","embeddable":true,"href":"https:\/\/www.claret.cat\/es\/wp-json\/wp\/v2\/product_brand?post=879130"},{"taxonomy":"product_cat","embeddable":true,"href":"https:\/\/www.claret.cat\/es\/wp-json\/wp\/v2\/product_cat?post=879130"},{"taxonomy":"product_tag","embeddable":true,"href":"https:\/\/www.claret.cat\/es\/wp-json\/wp\/v2\/product_tag?post=879130"}],"curies":[{"name":"wp","href":"https:\/\/api.w.org\/{rel}","templated":true}]}}

CÓDIGO DE DERECHO CANÓNICO

<p>El Código de Derecho Canónico es del todo necesario a la Iglesia. Por estar constituida a modo de cuerpo también social y visible, ella necesita normas para hacer visible su estructura jerárquica y orgánica, para ordenar correctamente el ejercicio de las funciones confiadas a ella divinamente, sobre todo de la potestad sagrada y de la administración de los sacramentos; para componer, según la justicia fundamentada en la caridad, las relaciones mutuas de los fi eles cristianos, tutelando y definiendo los derechos de cada uno; en fi n, para apoyar las iniciativas comunes que se asumen aun para vivir más perfectamente la vida cristiana, reforzarlas y promoverlas por medio de leyes canónicas.</p>

Rústica

EDICIÓN ACTUALIZADA CON LA REVISIÓN DE LA NORMATIVA PENAL DEL LIBRO VI DEL CIC P
