{"id":87924,"date":"2022-10-11T18:10:57","date_gmt":"2022-10-11T16:10:57","guid":{"rendered":"http:\/\/dev.claret.cat\/producte\/para-orar-con-los-salmos\/"},"modified":"2025-04-16T13:10:23","modified_gmt":"2025-04-16T11:10:23","slug":"para-orar-con-los-salmos-9788422021902","status":"publish","type":"product","link":"https:\/\/www.claret.cat\/es\/libro\/para-orar-con-los-salmos-9788422021902\/","title":{"rendered":"PARA ORAR CON LOS SALMOS"},"content":{"rendered":"<p>Los Salmos no han perdido actualidad a lo largo de los siglos. Nos presentan el drama permanente de la humanidad: la impostura y la opresi\u00f3n, la arrogancia de los poderosos y el dolor de los perseguidos, la angustia de los pobres y los enfermos, y la alegr\u00eda de los fieles que cantan al Se\u00f1or. Los Salmos son la canci\u00f3n multiforme de la vida. A estos antiguos testimonios de la oraci\u00f3n de Israel nos acercamos ahora nosotros con veneraci\u00f3n, intentando identificarnos con el esp\u00edritu que encierran, y reley\u00e9ndolos a la luz del misterio de Jes\u00fas, nuestro Se\u00f1or y Redentor.<\/p>\n","protected":false},"excerpt":{"rendered":"<p>FLECHA, JOS\u00c9 ROM\u00c1N<\/p>\n","protected":false},"featured_media":450397,"template":"","meta":{"_acf_changed":false,"om_disable_all_campaigns":false,"rs_blank_template":"","rs_page_bg_color":"","slide_template_v7":"","inline_featured_image":false,"_monsterinsights_skip_tracking":false,"_monsterinsights_sitenote_active":false,"_monsterinsights_sitenote_note":"","_monsterinsights_sitenote_category":0},"product_brand":[],"product_cat":[383,198],"product_tag":[],"class_list":{"0":"post-87924","1":"product","2":"type-product","3":"status-publish","4":"has-post-thumbnail","6":"product_cat-salmos-y-libros-poeticos","7":"product_cat-salms-i-llibres-poetics","9":"first","10":"instock","11":"taxable","12":"shipping-taxable","13":"purchasable","14":"product-type-simple"},"acf":{"editorial":[{"ID":6142,"post_author":"3","post_date":"2022-07-28 17:45:47","post_date_gmt":"2022-07-28 15:45:47","post_content":"","post_title":"BIBLIOTECA AUTORES CRI   B.A.C","post_excerpt":"","post_status":"publish","comment_status":"closed","ping_status":"closed","post_password":"","post_name":"biblioteca-autores-cri-b-a-c","to_ping":"","pinged":"","post_modified":"2022-07-28 17:45:47","post_modified_gmt":"2022-07-28 15:45:47","post_content_filtered":"","post_parent":0,"guid":"http:\/\/dev.claret.cat\/editorial\/biblioteca-autores-cri-b-a-c\/","menu_order":0,"post_type":"editorial","post_mime_type":"","comment_count":"0","filter":"raw"}],"autor":"FLECHA, JOS\u00c9 ROM\u00c1N","codart":"842202190","libros-coleccion":"OBRAS LITURGICAS","ediciones":"1","encuadernacion":"Carpeta","fecha_de_publicacion":"01\/04\/2021","novedad":"1","paginas":"400","subtitulo":"","orden":"0","portada":"0","idioma":"spa","autores-libros":[{"ID":160572,"post_author":"3","post_date":"2022-10-14 15:54:09","post_date_gmt":"2022-10-14 13:54:09","post_content":"","post_title":"JOS\u00c9 ROM\u00c1N FLECHA","post_excerpt":"","post_status":"publish","comment_status":"closed","ping_status":"closed","post_password":"","post_name":"jose-roman-flecha-2","to_ping":"","pinged":"","post_modified":"2022-10-14 15:54:09","post_modified_gmt":"2022-10-14 13:54:09","post_content_filtered":"","post_parent":0,"guid":"http:\/\/dev.claret.cat\/autor\/jose-roman-flecha-2\/","menu_order":0,"post_type":"autor","post_mime_type":"","comment_count":"0","filter":"raw"}],"booktrailer":"","resenas":""},"aioseo_notices":[],"_links":{"self":[{"href":"https:\/\/www.claret.cat\/es\/wp-json\/wp\/v2\/product\/87924","targetHints":{"allow":["GET"]}}],"collection":[{"href":"https:\/\/www.claret.cat\/es\/wp-json\/wp\/v2\/product"}],"about":[{"href":"https:\/\/www.claret.cat\/es\/wp-json\/wp\/v2\/types\/product"}],"wp:featuredmedia":[{"embeddable":true,"href":"https:\/\/www.claret.cat\/es\/wp-json\/wp\/v2\/media\/450397"}],"wp:attachment":[{"href":"https:\/\/www.claret.cat\/es\/wp-json\/wp\/v2\/media?parent=87924"}],"wp:term":[{"taxonomy":"product_brand","embeddable":true,"href":"https:\/\/www.claret.cat\/es\/wp-json\/wp\/v2\/product_brand?post=87924"},{"taxonomy":"product_cat","embeddable":true,"href":"https:\/\/www.claret.cat\/es\/wp-json\/wp\/v2\/product_cat?post=87924"},{"taxonomy":"product_tag","embeddable":true,"href":"https:\/\/www.claret.cat\/es\/wp-json\/wp\/v2\/product_tag?post=87924"}],"curies":[{"name":"wp","href":"https:\/\/api.w.org\/{rel}","templated":true}]}}

<p>Los Salmos no han perdido actualidad a lo largo de los siglos. Nos presentan el drama permanente de la humanidad: la impostura y la opresión, la arrogancia de los poderosos y el dolor de los perseguidos, la angustia de los pobres y los enfermos, y la alegría de los fieles que cantan al Señor. Los Salmos son la canción multiforme de la vida. A estos antiguos testimonios de la oración de Israel nos acercamos ahora nosotros con veneración, intentando identificarnos con el espíritu que encierran, y releyéndolos a la luz del misterio de Jesús, nuestro Señor y Redentor.</p>

<p>FLECHA, JOSÉ ROMÁN</p>

FLECHA, JOSÉ ROMÁN

JOSÉ ROMÁN FLECHA
