{"id":87954,"date":"2022-10-11T18:11:19","date_gmt":"2022-10-11T16:11:19","guid":{"rendered":"http:\/\/dev.claret.cat\/producte\/apuntes-de-otra-clase\/"},"modified":"2026-04-01T02:25:44","modified_gmt":"2026-04-01T00:25:44","slug":"apuntes-de-otra-clase-9788427145986","status":"publish","type":"product","link":"https:\/\/www.claret.cat\/es\/libro\/apuntes-de-otra-clase-9788427145986\/","title":{"rendered":"APUNTES DE OTRA CLASE"},"content":{"rendered":"<p>En el actual contexto de ense\u00f1anza y educaci\u00f3n se prima la promoci\u00f3n de conocimientos reglados. Pero las distintas dimensiones del ser humano -incluida la espiritual- han quedado relegadas a un segundo plano. En este ensayo, Jos\u00e9 Chamorro ofrece una propuesta introspectiva muy audaz y estimulante que pone en marcha todas las inteligencias, y ayuda a entender mejor el viaje interior de crecimiento y maduraci\u00f3n hasta la persona o personas que estamos llamados a ser.<\/p>\n","protected":false},"excerpt":{"rendered":"<p>CHAMORRO, JOSE<\/p>\n","protected":false},"featured_media":332871,"template":"","meta":{"_acf_changed":false,"om_disable_all_campaigns":false,"rs_blank_template":"","rs_page_bg_color":"","slide_template_v7":"","inline_featured_image":false,"_monsterinsights_skip_tracking":false,"_monsterinsights_sitenote_active":false,"_monsterinsights_sitenote_note":"","_monsterinsights_sitenote_category":0},"product_brand":[],"product_cat":[189,453],"product_tag":[],"class_list":{"0":"post-87954","1":"product","2":"type-product","3":"status-publish","4":"has-post-thumbnail","6":"product_cat-didactica-i-praxi-escolar","7":"product_cat-didactica-y-praxis-escolar","9":"first","10":"instock","11":"taxable","12":"shipping-taxable","13":"purchasable","14":"product-type-simple"},"acf":{"editorial":[{"ID":8258,"post_author":"3","post_date":"2022-09-30 09:21:32","post_date_gmt":"2022-09-30 07:21:32","post_content":"","post_title":"MENSAJERO","post_excerpt":"","post_status":"publish","comment_status":"closed","ping_status":"closed","post_password":"","post_name":"mensajero","to_ping":"","pinged":"","post_modified":"2022-09-30 09:21:32","post_modified_gmt":"2022-09-30 07:21:32","post_content_filtered":"","post_parent":0,"guid":"http:\/\/dev.claret.cat\/editorial\/mensajero\/","menu_order":0,"post_type":"editorial","post_mime_type":"","comment_count":"0","filter":"raw"}],"autor":"CHAMORRO, JOSE","codart":"842714598","libros-coleccion":"Educaci\u00f3n","ediciones":"1","encuadernacion":"R\u00fastica","fecha_de_publicacion":"07\/06\/2021","novedad":"1","paginas":"224","subtitulo":"EXPERIMENTAR EL SER QUE NOS HABITA","orden":"0","portada":"0","idioma":"spa","autores-libros":[{"ID":160224,"post_author":"3","post_date":"2022-10-14 15:51:18","post_date_gmt":"2022-10-14 13:51:18","post_content":"","post_title":"JOSE CHAMORRO","post_excerpt":"","post_status":"publish","comment_status":"closed","ping_status":"closed","post_password":"","post_name":"jose-chamorro","to_ping":"","pinged":"","post_modified":"2022-10-14 15:51:18","post_modified_gmt":"2022-10-14 13:51:18","post_content_filtered":"","post_parent":0,"guid":"http:\/\/dev.claret.cat\/autor\/jose-chamorro\/","menu_order":0,"post_type":"autor","post_mime_type":"","comment_count":"0","filter":"raw"}],"booktrailer":"","resenas":""},"aioseo_notices":[],"_links":{"self":[{"href":"https:\/\/www.claret.cat\/es\/wp-json\/wp\/v2\/product\/87954","targetHints":{"allow":["GET"]}}],"collection":[{"href":"https:\/\/www.claret.cat\/es\/wp-json\/wp\/v2\/product"}],"about":[{"href":"https:\/\/www.claret.cat\/es\/wp-json\/wp\/v2\/types\/product"}],"wp:featuredmedia":[{"embeddable":true,"href":"https:\/\/www.claret.cat\/es\/wp-json\/wp\/v2\/media\/332871"}],"wp:attachment":[{"href":"https:\/\/www.claret.cat\/es\/wp-json\/wp\/v2\/media?parent=87954"}],"wp:term":[{"taxonomy":"product_brand","embeddable":true,"href":"https:\/\/www.claret.cat\/es\/wp-json\/wp\/v2\/product_brand?post=87954"},{"taxonomy":"product_cat","embeddable":true,"href":"https:\/\/www.claret.cat\/es\/wp-json\/wp\/v2\/product_cat?post=87954"},{"taxonomy":"product_tag","embeddable":true,"href":"https:\/\/www.claret.cat\/es\/wp-json\/wp\/v2\/product_tag?post=87954"}],"curies":[{"name":"wp","href":"https:\/\/api.w.org\/{rel}","templated":true}]}}

<p>En el actual contexto de enseñanza y educación se prima la promoción de conocimientos reglados. Pero las distintas dimensiones del ser humano -incluida la espiritual- han quedado relegadas a un segundo plano. En este ensayo, José Chamorro ofrece una propuesta introspectiva muy audaz y estimulante que pone en marcha todas las inteligencias, y ayuda a entender mejor el viaje interior de crecimiento y maduración hasta la persona o personas que estamos llamados a ser.</p>

Educación

Rústica
