{"id":884155,"date":"2023-10-19T18:20:03","date_gmt":"2023-10-19T16:20:03","guid":{"rendered":"https:\/\/www.claret.cat\/llibre\/muchas-vidas-muchos-maestros-9788490707180\/"},"modified":"2026-04-01T14:58:45","modified_gmt":"2026-04-01T12:58:45","slug":"muchas-vidas-muchos-maestros-9788490707180","status":"publish","type":"product","link":"https:\/\/www.claret.cat\/es\/libro\/muchas-vidas-muchos-maestros-9788490707180\/","title":{"rendered":"MUCHAS VIDAS, MUCHOS MAESTROS"},"content":{"rendered":"<p>La historia real de un psiquiatra, su joven paciente y la terapia de regresi\u00f3n que cambi\u00f3 sus vidas para siempre. Un punto de encuentro entre ciencia y metaf\u00edsica. El doctor Brian Weiss, jefe de psiquiatr\u00eda del hospital Mount Sinai de Miami, relata en \u00e9ste, su primer libro, una asombrosa experiencia que cambi\u00f3 por completo su propia vida y su visi\u00f3n de la psicoterapia.Una de sus pacientes, Catherine, record\u00f3 bajo hipnosis varias de sus vidas pasadas y pudo encontrar en ellas el origen de muchos de los traumas que sufr\u00eda. Catherine se cur\u00f3, pero ocurri\u00f3 algo todav\u00eda m\u00e1s importante: logr\u00f3 ponerse en contacto con los Maestros, esp\u00edritus superiores que habitan los estados entre dos vidas. Ellos le comunicaron importantes mensajes de sabidur\u00eda y de conocimiento.Este relato, profundamente conmovedor, punto de encuentro entre ciencia y metaf\u00edsica, constituy\u00f3 un extraordinario best seller y sigue siendo de obligada lectura en un mundo convulsionado, en especial para los que buscan un sentido espiritual.Los mejores comentarios de los lectores sobre Muchas vidas, muchos maestros:<br \/>\u00abImpactante. Un libro que te obliga a realizar pausas de vez en cuando para asimilar y procesar las experiencias que relata. Tiene la credibilidad de una eminencia en psiquiatr\u00eda y se asemeja en ocasiones al Libro Tibetano de los muertos pero bajo mi opini\u00f3n hay aceptar esta informaci\u00f3n y cogerlo con pinzas ya que ning\u00fan hombre a lo largo de la humanidad muri\u00f3 y volvi\u00f3 para contarnos lo que hay en el m\u00e1s all\u00e1\u00bb.\u00abInteresante lectura incluso para esc\u00e9pticos. He disfrutado su lectura, a pesar de ser muy esc\u00e9ptico sobre estas cuestiones. Habituado a lectura cient\u00edfica, sent\u00eda una sana curiosidad por este libro. Quer\u00eda descubrir si se trataba de una farsa o ten\u00eda visos de seriedad y, tras su lectura, no puedo sino recomendarlo. Se puede creer o no lo que en \u00e9l se describe, eso es cuesti\u00f3n de cada uno, pero sin duda merece la pena su conocimiento\u00bb.\u00abUn libro incre\u00edblemente interesante. Libro muy f\u00e1cil de leer y de tremendo impacto. Las cosas que hablan y los temas que abordan deber\u00edan ser aprendidos en el colegio. Todo ser humano deber\u00eda leer este libro y respetar las teor\u00edas que mencionan en el. Brian Weiss es sin lugar a dudas un psiquiatra de prestigio que se atreve a abordar temas muy estigmatizados en nuestra \u00e9poca y sociedad actual\u00bb.<\/p>\n","protected":false},"excerpt":{"rendered":"<p>WEISS, BRIAN<\/p>\n","protected":false},"featured_media":1087074,"template":"","meta":{"_acf_changed":false,"om_disable_all_campaigns":false,"rs_blank_template":"","rs_page_bg_color":"","slide_template_v7":"","inline_featured_image":false,"_monsterinsights_skip_tracking":false,"_monsterinsights_sitenote_active":false,"_monsterinsights_sitenote_note":"","_monsterinsights_sitenote_category":0},"product_brand":[],"product_cat":[179,377],"product_tag":[],"class_list":{"0":"post-884155","1":"product","2":"type-product","3":"status-publish","4":"has-post-thumbnail","6":"product_cat-autoajuda-i-salut-mental","7":"product_cat-autoayuda-y-salud-mental","9":"first","10":"instock","11":"taxable","12":"shipping-taxable","13":"purchasable","14":"product-type-simple"},"acf":{"autor":"WEISS, BRIAN","codart":"849070718","libros-coleccion":"NO FICCION","ediciones":"1","encuadernacion":"R\u00fastica","fecha_de_publicacion":"01\/05\/2018","novedad":"1","paginas":"240","subtitulo":"","orden":"0","portada":"0","idioma":"spa","editorial":[{"ID":6138,"post_author":"3","post_date":"2022-07-28 17:45:42","post_date_gmt":"2022-07-28 15:45:42","post_content":"","post_title":"B de Bolsillo (Ediciones B)","post_excerpt":"","post_status":"publish","comment_status":"closed","ping_status":"closed","post_password":"","post_name":"b-de-bolsillo-ediciones-b","to_ping":"","pinged":"","post_modified":"2022-07-28 17:45:42","post_modified_gmt":"2022-07-28 15:45:42","post_content_filtered":"","post_parent":0,"guid":"http:\/\/dev.claret.cat\/editorial\/b-de-bolsillo-ediciones-b\/","menu_order":0,"post_type":"editorial","post_mime_type":"","comment_count":"0","filter":"raw"}],"autores-libros":[{"ID":420838,"post_author":"3","post_date":"2023-05-16 00:59:05","post_date_gmt":"2023-05-15 22:59:05","post_content":"","post_title":"BRIAN WEISS","post_excerpt":"","post_status":"publish","comment_status":"closed","ping_status":"closed","post_password":"","post_name":"brian-weiss","to_ping":"","pinged":"","post_modified":"2023-05-16 00:59:05","post_modified_gmt":"2023-05-15 22:59:05","post_content_filtered":"","post_parent":0,"guid":"https:\/\/www.claret.cat\/autor\/brian-weiss\/","menu_order":0,"post_type":"autor","post_mime_type":"","comment_count":"0","filter":"raw"}],"booktrailer":"","resenas":""},"aioseo_notices":[],"_links":{"self":[{"href":"https:\/\/www.claret.cat\/es\/wp-json\/wp\/v2\/product\/884155","targetHints":{"allow":["GET"]}}],"collection":[{"href":"https:\/\/www.claret.cat\/es\/wp-json\/wp\/v2\/product"}],"about":[{"href":"https:\/\/www.claret.cat\/es\/wp-json\/wp\/v2\/types\/product"}],"wp:featuredmedia":[{"embeddable":true,"href":"https:\/\/www.claret.cat\/es\/wp-json\/wp\/v2\/media\/1087074"}],"wp:attachment":[{"href":"https:\/\/www.claret.cat\/es\/wp-json\/wp\/v2\/media?parent=884155"}],"wp:term":[{"taxonomy":"product_brand","embeddable":true,"href":"https:\/\/www.claret.cat\/es\/wp-json\/wp\/v2\/product_brand?post=884155"},{"taxonomy":"product_cat","embeddable":true,"href":"https:\/\/www.claret.cat\/es\/wp-json\/wp\/v2\/product_cat?post=884155"},{"taxonomy":"product_tag","embeddable":true,"href":"https:\/\/www.claret.cat\/es\/wp-json\/wp\/v2\/product_tag?post=884155"}],"curies":[{"name":"wp","href":"https:\/\/api.w.org\/{rel}","templated":true}]}}

<p>La historia real de un psiquiatra, su joven paciente y la terapia de regresión que cambió sus vidas para siempre. Un punto de encuentro entre ciencia y metafísica. El doctor Brian Weiss, jefe de psiquiatría del hospital Mount Sinai de Miami, relata en éste, su primer libro, una asombrosa experiencia que cambió por completo su propia vida y su visión de la psicoterapia.Una de sus pacientes, Catherine, recordó bajo hipnosis varias de sus vidas pasadas y pudo encontrar en ellas el origen de muchos de los traumas que sufría. Catherine se curó, pero ocurrió algo todavía más importante: logró ponerse en contacto con los Maestros, espíritus superiores que habitan los estados entre dos vidas. Ellos le comunicaron importantes mensajes de sabiduría y de conocimiento.Este relato, profundamente conmovedor, punto de encuentro entre ciencia y metafísica, constituyó un extraordinario best seller y sigue siendo de obligada lectura en un mundo convulsionado, en especial para los que buscan un sentido espiritual.Los mejores comentarios de los lectores sobre Muchas vidas, muchos maestros:<br />«Impactante. Un libro que te obliga a realizar pausas de vez en cuando para asimilar y procesar las experiencias que relata. Tiene la credibilidad de una eminencia en psiquiatría y se asemeja en ocasiones al Libro Tibetano de los muertos pero bajo mi opinión hay aceptar esta información y cogerlo con pinzas ya que ningún hombre a lo largo de la humanidad murió y volvió para contarnos lo que hay en el más allá».«Interesante lectura incluso para escépticos. He disfrutado su lectura, a pesar de ser muy escéptico sobre estas cuestiones. Habituado a lectura científica, sentía una sana curiosidad por este libro. Quería descubrir si se trataba de una farsa o tenía visos de seriedad y, tras su lectura, no puedo sino recomendarlo. Se puede creer o no lo que en él se describe, eso es cuestión de cada uno, pero sin duda merece la pena su conocimiento».«Un libro increíblemente interesante. Libro muy fácil de leer y de tremendo impacto. Las cosas que hablan y los temas que abordan deberían ser aprendidos en el colegio. Todo ser humano debería leer este libro y respetar las teorías que mencionan en el. Brian Weiss es sin lugar a dudas un psiquiatra de prestigio que se atreve a abordar temas muy estigmatizados en nuestra época y sociedad actual».</p>

Rústica
