{"id":88456,"date":"2022-10-11T18:17:37","date_gmt":"2022-10-11T16:17:37","guid":{"rendered":"http:\/\/dev.claret.cat\/producte\/situar-se-en-el-mon-davui\/"},"modified":"2023-01-28T02:19:23","modified_gmt":"2023-01-28T01:19:23","slug":"situarse-en-el-mon-davui-9788413982816","status":"publish","type":"product","link":"https:\/\/www.claret.cat\/es\/libro\/situarse-en-el-mon-davui-9788413982816\/","title":{"rendered":"SITUAR-SE EN EL M\u00d3N D&#8217;AVUI"},"content":{"rendered":"<p>S&#8217;apleguen en aquest llibre les activitats de l&#8217;associaci\u00f3 civil \u00abCristianisme al segle XXI\u00bb relatives al curs 2019-2020: el nostre XI Congr\u00e9s clebrat els 8 i 9 de novembre del 2019, que duia per t\u00edtol \u00abDiscernir els canvis del m\u00f3n actual\u00bb, del cicle \u00abEspai Obert\u00bb 2019-20, sota el lema \u00abSituar-se en el m\u00f3n d&#8217;avui\u00bb, i una sola sessi\u00f3 dels \u00abDebats de Sant Ildefons\u00bb, a causa de la pand\u00e8mia, dedicada als reptes que obr\u00ed el S\u00ednode de l&#8217;Amaz\u00f2nia.<br \/>El nostre XI\u00e8 Congr\u00e9s pretenia \u00abafrontar la necessitat de discernir els canvis del m\u00f3n d&#8217;avui \u2013socials, econ\u00f2mics, pol\u00edtics, culturals&#8230;\u2013 per tal de ser m\u00e9s fidels al missatge evang\u00e8lic en la construcci\u00f3 d&#8217;un m\u00f3n nou i alternatiu\u00bb. S&#8217;organitz\u00e0 en una doble sessi\u00f3. En la primera (8-XI-2019), Lucetta Scaraffia, historiadora i exresponsable de \u00abDones, Esgl\u00e9sia, M\u00f3n\u00bb, suplement mensual de L&#8217;Osservatore Romano, obr\u00ed el Congr\u00e9s amb una pon\u00e8ncia global: \u00abVisi\u00f3 panor\u00e0mica dels problemes del m\u00f3n i de l&#8217;Esgl\u00e9sia d&#8217;avui\u00bb, que fou molt debatuda. Segu\u00ed una taula rodona sota el t\u00edtol \u00abAvui \u00e9s dem\u00e0: el futur que ja tenim\u00bb, en la qual van intervenir Joan B. Casas, exdeg\u00e0 del col\u00b7legi d&#8217;Economistes, Pere Vilanova, catedr\u00e0tic de Ci\u00e8ncia Pol\u00edtica de la UB, i \u00c0ngel Miret, coordinador del Comit\u00e8 Catal\u00e0 de les persones refugiades. L&#8217;endem\u00e0 tingu\u00e9 lloc la segona sessi\u00f3, amb dues pon\u00e8ncies sobre la necess\u00e0ria transici\u00f3 ecol\u00f2gica a c\u00e0rrec d&#8217;Assumpta Farran i sobre les persecucions religioses per part de Pilar Rahola.<br \/>El cicle \u00abEspai Obert\u00bb aprofund\u00ed en els temes del Congr\u00e8s. Les tres primeres foren aquestes: \u00abDe les religions a l&#8217;espiritualitat: entre salvaci\u00f3 i narcisisme?\u00bb, a c\u00e0rrec de Ramon M. Nogu\u00e9s, bi\u00f2leg i antrop\u00f2leg (29-X-2019); \u00abEnvelliment, degradaci\u00f3 f\u00edsica i mental, aferrisament terap\u00e8tic i Testament vital\u00bb, per Josep de Mart\u00ed, director d&#8217;Inforesi-decencias.com (25-I-2020) i \u00abEducaci\u00f3 en valors: una eina per a l&#8217;esperan\u00e7a\u00bb, dictada per Josep Puig, catedr\u00e0tic de Teoria de l&#8217;Educaci\u00f3 (22-II-2020). Despr\u00e9s, amb el calendari traslladat al darrer trimestre de l&#8217;any a causa de la pand\u00e8mia de la COVID-19 i per via telem\u00e0tica \u2013algunes sessions van superar el centenar de connectats\u2013, vam tenir les seg\u00fcents pon\u00e8ncies: \u00abNoves formes d&#8217;organitzaci\u00f3 col\u00b7lectiva per a una societat m\u00e9s justa\u00bb, a c\u00e0rrec d&#8217;Edith Wustefeld (3-X-2020); \u00abLa premsa, els digitals i el control de la gent\u00bb, per Joan Manuel Tresserras (24-X-2020) i \u00abIdeologia de g\u00e8nere\u00bb, il\u00b7luminadora xerrada de Teresa Forcades (28-XI-2020).<br \/>El colof\u00f3 del&#8217;any es program\u00e0 per al 12-XII-2020, diada en qu\u00e8, despr\u00e9s de l&#8217;Assemblea anual de l&#8217;Associaci\u00f3, vam tenir l&#8217;\u00fanic \u00abDebat a Sant Ildefons\u00bb del curs sobre \u00abL&#8217;Amaz\u00f2nia, natura i humanitat: el S\u00ednode i els seus reptes\u00bb, a c\u00e0rrec del pare V\u00edctor Codina, jesu\u00efta i assistent al S\u00ednode tingut el 2019 a Roma, expressament convidat pel Papa.<\/p>\n","protected":false},"excerpt":{"rendered":"<p>RAMON MARIA NOGU\u00c9, JOSEP MARIA; JOSEP PUIG; EDITH ; JOAN; TRESSERRAS; TERESA ..<\/p>\n","protected":false},"featured_media":306563,"template":"","meta":{"_acf_changed":false,"om_disable_all_campaigns":false,"rs_blank_template":"","rs_page_bg_color":"","slide_template_v7":"","inline_featured_image":false,"_monsterinsights_skip_tracking":false,"_monsterinsights_sitenote_active":false,"_monsterinsights_sitenote_note":"","_monsterinsights_sitenote_category":0},"product_brand":[],"product_cat":[90,540],"product_tag":[],"class_list":{"0":"post-88456","1":"product","2":"type-product","3":"status-publish","4":"has-post-thumbnail","6":"product_cat-altres","7":"product_cat-otros","9":"first","10":"instock","11":"taxable","12":"shipping-taxable","13":"purchasable","14":"product-type-simple"},"acf":{"autores-libros":[{"ID":8354,"post_author":"3","post_date":"2022-09-30 09:47:57","post_date_gmt":"2022-09-30 07:47:57","post_content":"","post_title":"JOAN","post_excerpt":"","post_status":"publish","comment_status":"closed","ping_status":"closed","post_password":"","post_name":"joan","to_ping":"","pinged":"","post_modified":"2022-09-30 09:47:57","post_modified_gmt":"2022-09-30 07:47:57","post_content_filtered":"","post_parent":0,"guid":"http:\/\/dev.claret.cat\/autor\/joan\/","menu_order":0,"post_type":"autor","post_mime_type":"","comment_count":"0","filter":"raw"},{"ID":160767,"post_author":"3","post_date":"2022-10-14 15:55:44","post_date_gmt":"2022-10-14 13:55:44","post_content":"","post_title":"JOSEP MARIA RAMON MARIA NOGU\u00c9","post_excerpt":"","post_status":"publish","comment_status":"closed","ping_status":"closed","post_password":"","post_name":"josep-maria-ramon-maria-nogue","to_ping":"","pinged":"","post_modified":"2022-10-14 15:55:44","post_modified_gmt":"2022-10-14 13:55:44","post_content_filtered":"","post_parent":0,"guid":"http:\/\/dev.claret.cat\/autor\/josep-maria-ramon-maria-nogue\/","menu_order":0,"post_type":"autor","post_mime_type":"","comment_count":"0","filter":"raw"},{"ID":160810,"post_author":"3","post_date":"2022-10-14 15:56:04","post_date_gmt":"2022-10-14 13:56:04","post_content":"","post_title":"JOSEP PUIG","post_excerpt":"","post_status":"publish","comment_status":"closed","ping_status":"closed","post_password":"","post_name":"josep-puig","to_ping":"","pinged":"","post_modified":"2022-10-14 15:56:04","post_modified_gmt":"2022-10-14 13:56:04","post_content_filtered":"","post_parent":0,"guid":"http:\/\/dev.claret.cat\/autor\/josep-puig\/","menu_order":0,"post_type":"autor","post_mime_type":"","comment_count":"0","filter":"raw"},{"ID":154509,"post_author":"3","post_date":"2022-10-14 15:05:22","post_date_gmt":"2022-10-14 13:05:22","post_content":"","post_title":"EDITH","post_excerpt":"","post_status":"publish","comment_status":"closed","ping_status":"closed","post_password":"","post_name":"edith","to_ping":"","pinged":"","post_modified":"2022-10-14 15:05:22","post_modified_gmt":"2022-10-14 13:05:22","post_content_filtered":"","post_parent":0,"guid":"http:\/\/dev.claret.cat\/autor\/edith\/","menu_order":0,"post_type":"autor","post_mime_type":"","comment_count":"0","filter":"raw"},{"ID":170625,"post_author":"3","post_date":"2022-10-14 22:36:51","post_date_gmt":"2022-10-14 20:36:51","post_content":"","post_title":"TRESSERRAS","post_excerpt":"","post_status":"publish","comment_status":"closed","ping_status":"closed","post_password":"","post_name":"tresserras","to_ping":"","pinged":"","post_modified":"2022-10-14 22:36:51","post_modified_gmt":"2022-10-14 20:36:51","post_content_filtered":"","post_parent":0,"guid":"http:\/\/dev.claret.cat\/autor\/tresserras\/","menu_order":0,"post_type":"autor","post_mime_type":"","comment_count":"0","filter":"raw"},{"ID":170191,"post_author":"3","post_date":"2022-10-14 22:33:19","post_date_gmt":"2022-10-14 20:33:19","post_content":"","post_title":"TERESA ..","post_excerpt":"","post_status":"publish","comment_status":"closed","ping_status":"closed","post_password":"","post_name":"teresa","to_ping":"","pinged":"","post_modified":"2022-10-14 22:33:19","post_modified_gmt":"2022-10-14 20:33:19","post_content_filtered":"","post_parent":0,"guid":"http:\/\/dev.claret.cat\/autor\/teresa\/","menu_order":0,"post_type":"autor","post_mime_type":"","comment_count":"0","filter":"raw"}],"autor":"RAMON MARIA NOGU\u00c9, JOSEP MARIA; JOSEP PUIG; EDITH ; JOAN; TRESSERRAS; TERESA ..","codart":"841398281","libros-coleccion":"","ediciones":"1","encuadernacion":"R\u00fastica","fecha_de_publicacion":"31\/05\/2021","novedad":"1","paginas":"240","subtitulo":"","orden":"0","portada":"0","idioma":"cat","editorial":[{"ID":147631,"post_author":"3","post_date":"2022-10-14 11:52:03","post_date_gmt":"2022-10-14 09:52:03","post_content":"","post_title":"CIRCULO ROJO","post_excerpt":"","post_status":"publish","comment_status":"closed","ping_status":"closed","post_password":"","post_name":"circulo-rojo","to_ping":"","pinged":"","post_modified":"2022-10-14 11:52:03","post_modified_gmt":"2022-10-14 09:52:03","post_content_filtered":"","post_parent":0,"guid":"http:\/\/dev.claret.cat\/editorial\/circulo-rojo\/","menu_order":0,"post_type":"editorial","post_mime_type":"","comment_count":"0","filter":"raw"}]},"aioseo_notices":[],"_links":{"self":[{"href":"https:\/\/www.claret.cat\/es\/wp-json\/wp\/v2\/product\/88456","targetHints":{"allow":["GET"]}}],"collection":[{"href":"https:\/\/www.claret.cat\/es\/wp-json\/wp\/v2\/product"}],"about":[{"href":"https:\/\/www.claret.cat\/es\/wp-json\/wp\/v2\/types\/product"}],"wp:featuredmedia":[{"embeddable":true,"href":"https:\/\/www.claret.cat\/es\/wp-json\/wp\/v2\/media\/306563"}],"wp:attachment":[{"href":"https:\/\/www.claret.cat\/es\/wp-json\/wp\/v2\/media?parent=88456"}],"wp:term":[{"taxonomy":"product_brand","embeddable":true,"href":"https:\/\/www.claret.cat\/es\/wp-json\/wp\/v2\/product_brand?post=88456"},{"taxonomy":"product_cat","embeddable":true,"href":"https:\/\/www.claret.cat\/es\/wp-json\/wp\/v2\/product_cat?post=88456"},{"taxonomy":"product_tag","embeddable":true,"href":"https:\/\/www.claret.cat\/es\/wp-json\/wp\/v2\/product_tag?post=88456"}],"curies":[{"name":"wp","href":"https:\/\/api.w.org\/{rel}","templated":true}]}}

SITUAR-SE EN EL MÓN D&#8217;AVUI

<p>S&#8217;apleguen en aquest llibre les activitats de l&#8217;associació civil «Cristianisme al segle XXI» relatives al curs 2019-2020: el nostre XI Congrés clebrat els 8 i 9 de novembre del 2019, que duia per títol «Discernir els canvis del món actual», del cicle «Espai Obert» 2019-20, sota el lema «Situar-se en el món d&#8217;avui», i una sola sessió dels «Debats de Sant Ildefons», a causa de la pandèmia, dedicada als reptes que obrí el Sínode de l&#8217;Amazònia.<br />El nostre XIè Congrés pretenia «afrontar la necessitat de discernir els canvis del món d&#8217;avui –socials, econòmics, polítics, culturals&#8230;– per tal de ser més fidels al missatge evangèlic en la construcció d&#8217;un món nou i alternatiu». S&#8217;organitzà en una doble sessió. En la primera (8-XI-2019), Lucetta Scaraffia, historiadora i exresponsable de «Dones, Església, Món», suplement mensual de L&#8217;Osservatore Romano, obrí el Congrés amb una ponència global: «Visió panoràmica dels problemes del món i de l&#8217;Església d&#8217;avui», que fou molt debatuda. Seguí una taula rodona sota el títol «Avui és demà: el futur que ja tenim», en la qual van intervenir Joan B. Casas, exdegà del col·legi d&#8217;Economistes, Pere Vilanova, catedràtic de Ciència Política de la UB, i Àngel Miret, coordinador del Comitè Català de les persones refugiades. L&#8217;endemà tingué lloc la segona sessió, amb dues ponències sobre la necessària transició ecològica a càrrec d&#8217;Assumpta Farran i sobre les persecucions religioses per part de Pilar Rahola.<br />El cicle «Espai Obert» aprofundí en els temes del Congrès. Les tres primeres foren aquestes: «De les religions a l&#8217;espiritualitat: entre salvació i narcisisme?», a càrrec de Ramon M. Nogués, biòleg i antropòleg (29-X-2019); «Envelliment, degradació física i mental, aferrisament terapètic i Testament vital», per Josep de Martí, director d&#8217;Inforesi-decencias.com (25-I-2020) i «Educació en valors: una eina per a l&#8217;esperança», dictada per Josep Puig, catedràtic de Teoria de l&#8217;Educació (22-II-2020). Després, amb el calendari traslladat al darrer trimestre de l&#8217;any a causa de la pandèmia de la COVID-19 i per via telemàtica –algunes sessions van superar el centenar de connectats–, vam tenir les següents ponències: «Noves formes d&#8217;organització col·lectiva per a una societat més justa», a càrrec d&#8217;Edith Wustefeld (3-X-2020); «La premsa, els digitals i el control de la gent», per Joan Manuel Tresserras (24-X-2020) i «Ideologia de gènere», il·luminadora xerrada de Teresa Forcades (28-XI-2020).<br />El colofó del&#8217;any es programà per al 12-XII-2020, diada en què, després de l&#8217;Assemblea anual de l&#8217;Associació, vam tenir l&#8217;únic «Debat a Sant Ildefons» del curs sobre «L&#8217;Amazònia, natura i humanitat: el Sínode i els seus reptes», a càrrec del pare Víctor Codina, jesuïta i assistent al Sínode tingut el 2019 a Roma, expressament convidat pel Papa.</p>

<p>RAMON MARIA NOGUÉ, JOSEP MARIA; JOSEP PUIG; EDITH ; JOAN; TRESSERRAS; TERESA ..</p>

JOSEP MARIA RAMON MARIA NOGUÉ

RAMON MARIA NOGUÉ, JOSEP MARIA; JOSEP PUIG; EDITH ; JOAN; TRESSERRAS; TERESA ..

Rústica
