{"id":885430,"date":"2023-10-23T19:21:07","date_gmt":"2023-10-23T17:21:07","guid":{"rendered":"https:\/\/www.claret.cat\/llibre\/cest-la-confiance-exhoratacion-apostolica-s-s-francisco-9788428570183\/"},"modified":"2026-03-19T13:00:24","modified_gmt":"2026-03-19T12:00:24","slug":"cest-la-confiance-exhoratacion-apostolica-s-s-francisco-9788428570183","status":"publish","type":"product","link":"https:\/\/www.claret.cat\/es\/libro\/cest-la-confiance-exhoratacion-apostolica-s-s-francisco-9788428570183\/","title":{"rendered":"C&#8217;EST LA CONFIANCE  &#8211; EXHORATACI\u00d3N APOST\u00d3LICA S. S. FRANCISCO"},"content":{"rendered":"<p>En conmemoraci\u00f3n de los 150 a\u00f1os del nacimiento de santa Teresita y del centenario de su beatificaci\u00f3n, el Santo Padre ha publicado esta exhortaci\u00f3n apost\u00f3lica para invitarnos a ahondar en la experiencia espiritual de la santa francesa del Carmelo de Lisieux.<br \/>En palabras del papa Francisco: \u00abLa genialidad de esta santa consiste en llevarnos al centro, a lo que es esencial, a lo que es indispensable en la vida cristiana: la confianza en el amor misericordioso de Dios\u00bb.<br \/>Sin duda, Teresa del Ni\u00f1o Jes\u00fas y de la Santa Faz, doctora de la Iglesia, experta en la \u00abciencia del amor\u00bb, es actualmente una fidedigna gu\u00eda para todo el pueblo de Dios, muy especialmente para quienes desempe\u00f1an el ministerio de te\u00f3logos.<\/p>\n","protected":false},"excerpt":{"rendered":"<p>PAPA FRANCISCO<\/p>\n","protected":false},"featured_media":885487,"template":"","meta":{"_acf_changed":false,"om_disable_all_campaigns":false,"rs_blank_template":"","rs_page_bg_color":"","slide_template_v7":"","inline_featured_image":false,"_monsterinsights_skip_tracking":false,"_monsterinsights_sitenote_active":false,"_monsterinsights_sitenote_note":"","_monsterinsights_sitenote_category":0},"product_brand":[],"product_cat":[468,207],"product_tag":[],"class_list":{"0":"post-885430","1":"product","2":"type-product","3":"status-publish","4":"has-post-thumbnail","6":"product_cat-epistolas-catolicas","7":"product_cat-epistoles-catoliques","9":"first","10":"instock","11":"taxable","12":"shipping-taxable","13":"purchasable","14":"product-type-simple"},"acf":{"autor":"PAPA FRANCISCO","codart":"842857018","libros-coleccion":"SAN PABLO - ENCICLICAS-DOCUMENTOS","ediciones":"1","encuadernacion":"R\u00fastica","fecha_de_publicacion":"17\/10\/2023","novedad":"1","paginas":"48","subtitulo":"SOBRE LA CONFIANZA EN EL AMOR MISERICORDIOSO DE DIOS","orden":"0","portada":"1","idioma":"spa","editorial":[{"ID":6356,"post_author":"3","post_date":"2022-07-28 17:50:26","post_date_gmt":"2022-07-28 15:50:26","post_content":"","post_title":"SAN PABLO COMUNICACI\u00d3N","post_excerpt":"","post_status":"publish","comment_status":"closed","ping_status":"closed","post_password":"","post_name":"san-pablo-comunicacion","to_ping":"","pinged":"","post_modified":"2022-07-28 17:50:26","post_modified_gmt":"2022-07-28 15:50:26","post_content_filtered":"","post_parent":0,"guid":"http:\/\/dev.claret.cat\/editorial\/san-pablo-comunicacion\/","menu_order":0,"post_type":"editorial","post_mime_type":"","comment_count":"0","filter":"raw"}],"autores-libros":[{"ID":5919,"post_author":"3","post_date":"2022-07-28 17:34:18","post_date_gmt":"2022-07-28 15:34:18","post_content":"","post_title":"PAPA FRANCISCO","post_excerpt":"","post_status":"publish","comment_status":"closed","ping_status":"closed","post_password":"","post_name":"papa-francisco","to_ping":"","pinged":"","post_modified":"2022-07-28 17:34:18","post_modified_gmt":"2022-07-28 15:34:18","post_content_filtered":"","post_parent":0,"guid":"http:\/\/dev.claret.cat\/autor\/papa-francisco\/","menu_order":0,"post_type":"autor","post_mime_type":"","comment_count":"0","filter":"raw"}],"booktrailer":"","resenas":""},"aioseo_notices":[],"_links":{"self":[{"href":"https:\/\/www.claret.cat\/es\/wp-json\/wp\/v2\/product\/885430","targetHints":{"allow":["GET"]}}],"collection":[{"href":"https:\/\/www.claret.cat\/es\/wp-json\/wp\/v2\/product"}],"about":[{"href":"https:\/\/www.claret.cat\/es\/wp-json\/wp\/v2\/types\/product"}],"wp:featuredmedia":[{"embeddable":true,"href":"https:\/\/www.claret.cat\/es\/wp-json\/wp\/v2\/media\/885487"}],"wp:attachment":[{"href":"https:\/\/www.claret.cat\/es\/wp-json\/wp\/v2\/media?parent=885430"}],"wp:term":[{"taxonomy":"product_brand","embeddable":true,"href":"https:\/\/www.claret.cat\/es\/wp-json\/wp\/v2\/product_brand?post=885430"},{"taxonomy":"product_cat","embeddable":true,"href":"https:\/\/www.claret.cat\/es\/wp-json\/wp\/v2\/product_cat?post=885430"},{"taxonomy":"product_tag","embeddable":true,"href":"https:\/\/www.claret.cat\/es\/wp-json\/wp\/v2\/product_tag?post=885430"}],"curies":[{"name":"wp","href":"https:\/\/api.w.org\/{rel}","templated":true}]}}

C&#8217;EST LA CONFIANCE  &#8211; EXHORATACIÓN APOSTÓLICA S. S. FRANCISCO

<p>En conmemoración de los 150 años del nacimiento de santa Teresita y del centenario de su beatificación, el Santo Padre ha publicado esta exhortación apostólica para invitarnos a ahondar en la experiencia espiritual de la santa francesa del Carmelo de Lisieux.<br />En palabras del papa Francisco: «La genialidad de esta santa consiste en llevarnos al centro, a lo que es esencial, a lo que es indispensable en la vida cristiana: la confianza en el amor misericordioso de Dios».<br />Sin duda, Teresa del Niño Jesús y de la Santa Faz, doctora de la Iglesia, experta en la «ciencia del amor», es actualmente una fidedigna guía para todo el pueblo de Dios, muy especialmente para quienes desempeñan el ministerio de teólogos.</p>

Rústica

SAN PABLO COMUNICACIÓN
