{"id":88558,"date":"2022-10-11T18:18:52","date_gmt":"2022-10-11T16:18:52","guid":{"rendered":"http:\/\/dev.claret.cat\/producte\/el-contrato-social\/"},"modified":"2026-01-28T13:06:56","modified_gmt":"2026-01-28T12:06:56","slug":"el-contrato-social-9788416540877","status":"publish","type":"product","link":"https:\/\/www.claret.cat\/es\/libro\/el-contrato-social-9788416540877\/","title":{"rendered":"EL CONTRATO SOCIAL."},"content":{"rendered":"<p>Rousseau, personaje exc\u00e9ntrico y rebelde, fue un pensador contradictorio e inclasificable, cuyo legado ha sido reclamado  y repudiado al mismo tiempo por las tres ideolog\u00edas que han dominado el pensamiento pol\u00edtico moderno: liberalismo, socialismo y nacionalismo. He aqu\u00ed la versi\u00f3n manga de su obra capital, libro de cabecera de los revolucionarios de 1789 y de figuras posteriores como Sim\u00f3n Bol\u00edvar y Fidel Castro.<\/p>\n","protected":false},"excerpt":{"rendered":"<p>ROUSSEAU, JEAN-JACQUES<\/p>\n","protected":false},"featured_media":88559,"template":"","meta":{"_acf_changed":false,"om_disable_all_campaigns":false,"rs_blank_template":"","rs_page_bg_color":"","slide_template_v7":"","inline_featured_image":false,"_monsterinsights_skip_tracking":false,"_monsterinsights_sitenote_active":false,"_monsterinsights_sitenote_note":"","_monsterinsights_sitenote_category":0},"product_brand":[],"product_cat":[108,558],"product_tag":[],"class_list":{"0":"post-88558","1":"product","2":"type-product","3":"status-publish","4":"has-post-thumbnail","6":"product_cat-comic","7":"product_cat-comic-3_infantil-juvenil-spa-spa","9":"first","10":"instock","11":"taxable","12":"shipping-taxable","13":"purchasable","14":"product-type-simple"},"acf":{"editorial":[{"ID":148375,"post_author":"3","post_date":"2022-10-14 11:57:45","post_date_gmt":"2022-10-14 09:57:45","post_content":"","post_title":"La otra h","post_excerpt":"","post_status":"publish","comment_status":"closed","ping_status":"closed","post_password":"","post_name":"la-otra-h","to_ping":"","pinged":"","post_modified":"2022-10-14 11:57:45","post_modified_gmt":"2022-10-14 09:57:45","post_content_filtered":"","post_parent":0,"guid":"http:\/\/dev.claret.cat\/editorial\/la-otra-h\/","menu_order":0,"post_type":"editorial","post_mime_type":"","comment_count":"0","filter":"raw"}],"autores-libros":[{"ID":158890,"post_author":"3","post_date":"2022-10-14 15:40:25","post_date_gmt":"2022-10-14 13:40:25","post_content":"","post_title":"JEAN-JACQUES ROUSSEAU","post_excerpt":"","post_status":"publish","comment_status":"closed","ping_status":"closed","post_password":"","post_name":"jean-jacques-rousseau","to_ping":"","pinged":"","post_modified":"2022-10-14 15:40:25","post_modified_gmt":"2022-10-14 13:40:25","post_content_filtered":"","post_parent":0,"guid":"http:\/\/dev.claret.cat\/autor\/jean-jacques-rousseau\/","menu_order":0,"post_type":"autor","post_mime_type":"","comment_count":"0","filter":"raw"}],"autor":"ROUSSEAU, JEAN-JACQUES","codart":"841654087","libros-coleccion":"FORA DE COL.LECCI\u00d3","ediciones":"1","encuadernacion":"R\u00fastica","fecha_de_publicacion":"01\/09\/2018","novedad":"1","paginas":"198","subtitulo":"EL MANGA","orden":"0","portada":"0","idioma":"spa","booktrailer":"","resenas":""},"aioseo_notices":[],"_links":{"self":[{"href":"https:\/\/www.claret.cat\/es\/wp-json\/wp\/v2\/product\/88558","targetHints":{"allow":["GET"]}}],"collection":[{"href":"https:\/\/www.claret.cat\/es\/wp-json\/wp\/v2\/product"}],"about":[{"href":"https:\/\/www.claret.cat\/es\/wp-json\/wp\/v2\/types\/product"}],"wp:featuredmedia":[{"embeddable":true,"href":"https:\/\/www.claret.cat\/es\/wp-json\/wp\/v2\/media\/88559"}],"wp:attachment":[{"href":"https:\/\/www.claret.cat\/es\/wp-json\/wp\/v2\/media?parent=88558"}],"wp:term":[{"taxonomy":"product_brand","embeddable":true,"href":"https:\/\/www.claret.cat\/es\/wp-json\/wp\/v2\/product_brand?post=88558"},{"taxonomy":"product_cat","embeddable":true,"href":"https:\/\/www.claret.cat\/es\/wp-json\/wp\/v2\/product_cat?post=88558"},{"taxonomy":"product_tag","embeddable":true,"href":"https:\/\/www.claret.cat\/es\/wp-json\/wp\/v2\/product_tag?post=88558"}],"curies":[{"name":"wp","href":"https:\/\/api.w.org\/{rel}","templated":true}]}}

<p>Rousseau, personaje excéntrico y rebelde, fue un pensador contradictorio e inclasificable, cuyo legado ha sido reclamado  y repudiado al mismo tiempo por las tres ideologías que han dominado el pensamiento político moderno: liberalismo, socialismo y nacionalismo. He aquí la versión manga de su obra capital, libro de cabecera de los revolucionarios de 1789 y de figuras posteriores como Simón Bolívar y Fidel Castro.</p>

FORA DE COL.LECCIÓ

Rústica
