{"id":885920,"date":"2023-10-25T17:57:10","date_gmt":"2023-10-25T15:57:10","guid":{"rendered":"https:\/\/www.claret.cat\/llibre\/collegi-de-poders-secrets-3-el-viatger-del-temps-9788419366306\/"},"modified":"2023-10-30T13:05:51","modified_gmt":"2023-10-30T12:05:51","slug":"collegi-de-poders-secrets-3-el-viatger-del-temps-9788419366306","status":"publish","type":"product","link":"https:\/\/www.claret.cat\/es\/libro\/collegi-de-poders-secrets-3-el-viatger-del-temps-9788419366306\/","title":{"rendered":"COL\u00b7LEGI DE PODERS SECRETS 3 &#8211; EL VIATGER DEL TEMPS"},"content":{"rendered":"<p>El col\u00b7legi on voldries estudiar. Misteris, poders secrets i aventures inimaginables&#8230; Benvingut, ja ets un nou alumne!  L&#8221;\u00c0xel t\u00e9 un do, com el Tretze, un gat rondinaire que parla. Per aix\u00f2 pot estudiar al Col\u00b7legi de Poders Secrets. All\u00e0 ha fet amics incre\u00efbles com la Lola i el seu ratol\u00ed Goliat. Quan un nad\u00f3 amb poders extraordinaris apareix a l&#8221;escola, l&#8221;\u00c0xel i els amics descobriran un nou misteri a trav\u00e9s de l&#8221;espai i el temps. Aqu\u00ed cada dia \u00e9s una aventura!Mascotes parlants i molta m\u00e0gia en una col\u00b7lecci\u00f3 per a lectors aprenents: -Text senzill i f\u00e0cil d&#8221;entendre per a lectors a partir de 7 anys. Quedaran embruixats pel poder de la lectura! -Ideal per a lectors amants de la fantasia i les aventures m\u00e9s emocionants. -Un llibre que \u00e9s tot m\u00e0gia, amb il\u00b7lustracions a color a cada p\u00e0gina. -Una trama enlluernadorament encantadora i divertida. No podr\u00e0s resistir-te al seu poder! -Un m\u00f3n m\u00e0gic creat per l&#8221;autor bestseller C\u00e9sar Mallorqu\u00ed, que ha captivat m\u00e9s de 200.000 lectors.<\/p>\n","protected":false},"excerpt":{"rendered":"<p>MALLORQU\u00cd, C\u00c9SAR<\/p>\n","protected":false},"featured_media":886629,"template":"","meta":{"_acf_changed":false,"om_disable_all_campaigns":false,"rs_blank_template":"","rs_page_bg_color":"","slide_template_v7":"","inline_featured_image":false,"_monsterinsights_skip_tracking":false,"_monsterinsights_sitenote_active":false,"_monsterinsights_sitenote_note":"","_monsterinsights_sitenote_category":0},"product_brand":[],"product_cat":[132,362],"product_tag":[],"class_list":{"0":"post-885920","1":"product","2":"type-product","3":"status-publish","4":"has-post-thumbnail","6":"product_cat-lectures-per-preadolescents-6-12-anys","7":"product_cat-libros-preadolescentes-6-12-anos","9":"first","10":"instock","11":"taxable","12":"shipping-taxable","13":"purchasable","14":"product-type-simple"},"acf":{"autor":"MALLORQU\u00cd, C\u00c9SAR","codart":"841936630","libros-coleccion":"","ediciones":"1","encuadernacion":"R\u00fastica","fecha_de_publicacion":"01\/10\/2023","novedad":"1","paginas":"125","subtitulo":"","orden":"0","portada":"0","idioma":"cat","editorial":[{"ID":6118,"post_author":"3","post_date":"2022-07-28 17:45:17","post_date_gmt":"2022-07-28 15:45:17","post_content":"","post_title":"ALFAGUARA","post_excerpt":"","post_status":"publish","comment_status":"closed","ping_status":"closed","post_password":"","post_name":"alfaguara","to_ping":"","pinged":"","post_modified":"2022-07-28 17:45:17","post_modified_gmt":"2022-07-28 15:45:17","post_content_filtered":"","post_parent":0,"guid":"http:\/\/dev.claret.cat\/editorial\/alfaguara\/","menu_order":0,"post_type":"editorial","post_mime_type":"","comment_count":"0","filter":"raw"}],"autores-libros":[{"ID":152718,"post_author":"3","post_date":"2022-10-14 14:51:01","post_date_gmt":"2022-10-14 12:51:01","post_content":"","post_title":"C\u00c9SAR MALLORQU\u00cd","post_excerpt":"","post_status":"publish","comment_status":"closed","ping_status":"closed","post_password":"","post_name":"cesar-mallorqui","to_ping":"","pinged":"","post_modified":"2022-10-14 14:51:01","post_modified_gmt":"2022-10-14 12:51:01","post_content_filtered":"","post_parent":0,"guid":"http:\/\/dev.claret.cat\/autor\/cesar-mallorqui\/","menu_order":0,"post_type":"autor","post_mime_type":"","comment_count":"0","filter":"raw"}]},"aioseo_notices":[],"_links":{"self":[{"href":"https:\/\/www.claret.cat\/es\/wp-json\/wp\/v2\/product\/885920","targetHints":{"allow":["GET"]}}],"collection":[{"href":"https:\/\/www.claret.cat\/es\/wp-json\/wp\/v2\/product"}],"about":[{"href":"https:\/\/www.claret.cat\/es\/wp-json\/wp\/v2\/types\/product"}],"wp:featuredmedia":[{"embeddable":true,"href":"https:\/\/www.claret.cat\/es\/wp-json\/wp\/v2\/media\/886629"}],"wp:attachment":[{"href":"https:\/\/www.claret.cat\/es\/wp-json\/wp\/v2\/media?parent=885920"}],"wp:term":[{"taxonomy":"product_brand","embeddable":true,"href":"https:\/\/www.claret.cat\/es\/wp-json\/wp\/v2\/product_brand?post=885920"},{"taxonomy":"product_cat","embeddable":true,"href":"https:\/\/www.claret.cat\/es\/wp-json\/wp\/v2\/product_cat?post=885920"},{"taxonomy":"product_tag","embeddable":true,"href":"https:\/\/www.claret.cat\/es\/wp-json\/wp\/v2\/product_tag?post=885920"}],"curies":[{"name":"wp","href":"https:\/\/api.w.org\/{rel}","templated":true}]}}

<p>El col·legi on voldries estudiar. Misteris, poders secrets i aventures inimaginables&#8230; Benvingut, ja ets un nou alumne!  L&#8221;Àxel té un do, com el Tretze, un gat rondinaire que parla. Per això pot estudiar al Col·legi de Poders Secrets. Allà ha fet amics increïbles com la Lola i el seu ratolí Goliat. Quan un nadó amb poders extraordinaris apareix a l&#8221;escola, l&#8221;Àxel i els amics descobriran un nou misteri a través de l&#8221;espai i el temps. Aquí cada dia és una aventura!Mascotes parlants i molta màgia en una col·lecció per a lectors aprenents: -Text senzill i fàcil d&#8221;entendre per a lectors a partir de 7 anys. Quedaran embruixats pel poder de la lectura! -Ideal per a lectors amants de la fantasia i les aventures més emocionants. -Un llibre que és tot màgia, amb il·lustracions a color a cada pàgina. -Una trama enlluernadorament encantadora i divertida. No podràs resistir-te al seu poder! -Un món màgic creat per l&#8221;autor bestseller César Mallorquí, que ha captivat més de 200.000 lectors.</p>

<p>MALLORQUÍ, CÉSAR</p>

MALLORQUÍ, CÉSAR

Rústica

CÉSAR MALLORQUÍ
