{"id":886348,"date":"2023-10-27T17:03:49","date_gmt":"2023-10-27T15:03:49","guid":{"rendered":"https:\/\/www.claret.cat\/llibre\/detectius-extraescolars-4-misteriosa-fira-dels-invents-9788413896533\/"},"modified":"2025-10-20T20:22:50","modified_gmt":"2025-10-20T18:22:50","slug":"detectius-extraescolars-4-misteriosa-fira-dels-invents-9788413896533","status":"publish","type":"product","link":"https:\/\/www.claret.cat\/es\/libro\/detectius-extraescolars-4-misteriosa-fira-dels-invents-9788413896533\/","title":{"rendered":"DETECTIUS EXTRAESCOLARS 4. MISTERIOSA FIRA DELS INVENTS"},"content":{"rendered":"<p>Un altre cas misteri\u00f3s dels Detectius Extraescolars!Ets un bon detectiu?<br \/> Observa els dibuixos, segueix les pistes i investiga el cas.<br \/> Apunta&#8217;t als Detectius Extraescolars i resol el misteri!<br \/> Els Detectius Extraescolars estan molt engrescats: els han cridat a la Fira dels Invents! Sempre els ha divertit aquest esdeveniment, per\u00f2 el que els hi espera no \u00e9s gens festiu: l&#8217;edifici intel\u00b7ligent on se celebra ha embogit! O aix\u00f2 \u00e9s el que sembla, perqu\u00e8 les m\u00e0quines autom\u00e0tiques i els robots actuen de manera irregular i perillosa. El director est\u00e0 conven\u00e7ut que alg\u00fa intenta boicotejar la fira.<br \/> Els nostres herois tindran pocs dies per descobrir qu\u00e8 hi passa, mentre s&#8217;enfronten a inventors, androides i&#8230; ninges? Seran capa\u00e7os de desvelar l&#8217;enigma cibern\u00e8tic i sortir il\u00b7lesos d&#8217;aquesta aventura tan arriscada?<\/p>\n","protected":false},"excerpt":{"rendered":"<p>MART\u00cdN, ENRIQUE CARLOS<\/p>\n","protected":false},"featured_media":886627,"template":"","meta":{"_acf_changed":false,"om_disable_all_campaigns":false,"rs_blank_template":"","rs_page_bg_color":"","slide_template_v7":"","inline_featured_image":false,"_monsterinsights_skip_tracking":false,"_monsterinsights_sitenote_active":false,"_monsterinsights_sitenote_note":"","_monsterinsights_sitenote_category":0},"product_brand":[],"product_cat":[132,362],"product_tag":[],"class_list":{"0":"post-886348","1":"product","2":"type-product","3":"status-publish","4":"has-post-thumbnail","6":"product_cat-lectures-per-preadolescents-6-12-anys","7":"product_cat-libros-preadolescentes-6-12-anos","9":"first","10":"instock","11":"taxable","12":"shipping-taxable","13":"purchasable","14":"product-type-simple"},"acf":{"autor":"MART\u00cdN, ENRIQUE CARLOS","codart":"841389653","libros-coleccion":"Lectors avan\u00e7ats","ediciones":"1","encuadernacion":"R\u00fastica","fecha_de_publicacion":"01\/10\/2023","novedad":"1","paginas":"262","subtitulo":"","orden":"0","portada":"0","idioma":"cat","editorial":[{"ID":6249,"post_author":"3","post_date":"2022-07-28 17:48:09","post_date_gmt":"2022-07-28 15:48:09","post_content":"","post_title":"Estrella Polar","post_excerpt":"","post_status":"publish","comment_status":"closed","ping_status":"closed","post_password":"","post_name":"estrella-polar","to_ping":"","pinged":"","post_modified":"2022-07-28 17:48:09","post_modified_gmt":"2022-07-28 15:48:09","post_content_filtered":"","post_parent":0,"guid":"http:\/\/dev.claret.cat\/editorial\/estrella-polar\/","menu_order":0,"post_type":"editorial","post_mime_type":"","comment_count":"0","filter":"raw"}],"autores-libros":[{"ID":379043,"post_author":"3","post_date":"2023-02-02 11:35:25","post_date_gmt":"2023-02-02 10:35:25","post_content":"","post_title":"ENRIQUE CARLOS MART\u00cdN","post_excerpt":"","post_status":"publish","comment_status":"closed","ping_status":"closed","post_password":"","post_name":"enrique-carlos-martin","to_ping":"","pinged":"","post_modified":"2023-02-02 11:35:25","post_modified_gmt":"2023-02-02 10:35:25","post_content_filtered":"","post_parent":0,"guid":"https:\/\/www.claret.cat\/autor\/enrique-carlos-martin\/","menu_order":0,"post_type":"autor","post_mime_type":"","comment_count":"0","filter":"raw"}],"booktrailer":"","resenas":""},"aioseo_notices":[],"_links":{"self":[{"href":"https:\/\/www.claret.cat\/es\/wp-json\/wp\/v2\/product\/886348","targetHints":{"allow":["GET"]}}],"collection":[{"href":"https:\/\/www.claret.cat\/es\/wp-json\/wp\/v2\/product"}],"about":[{"href":"https:\/\/www.claret.cat\/es\/wp-json\/wp\/v2\/types\/product"}],"wp:featuredmedia":[{"embeddable":true,"href":"https:\/\/www.claret.cat\/es\/wp-json\/wp\/v2\/media\/886627"}],"wp:attachment":[{"href":"https:\/\/www.claret.cat\/es\/wp-json\/wp\/v2\/media?parent=886348"}],"wp:term":[{"taxonomy":"product_brand","embeddable":true,"href":"https:\/\/www.claret.cat\/es\/wp-json\/wp\/v2\/product_brand?post=886348"},{"taxonomy":"product_cat","embeddable":true,"href":"https:\/\/www.claret.cat\/es\/wp-json\/wp\/v2\/product_cat?post=886348"},{"taxonomy":"product_tag","embeddable":true,"href":"https:\/\/www.claret.cat\/es\/wp-json\/wp\/v2\/product_tag?post=886348"}],"curies":[{"name":"wp","href":"https:\/\/api.w.org\/{rel}","templated":true}]}}

<p>Un altre cas misteriós dels Detectius Extraescolars!Ets un bon detectiu?<br /> Observa els dibuixos, segueix les pistes i investiga el cas.<br /> Apunta&#8217;t als Detectius Extraescolars i resol el misteri!<br /> Els Detectius Extraescolars estan molt engrescats: els han cridat a la Fira dels Invents! Sempre els ha divertit aquest esdeveniment, però el que els hi espera no és gens festiu: l&#8217;edifici intel·ligent on se celebra ha embogit! O això és el que sembla, perquè les màquines automàtiques i els robots actuen de manera irregular i perillosa. El director està convençut que algú intenta boicotejar la fira.<br /> Els nostres herois tindran pocs dies per descobrir què hi passa, mentre s&#8217;enfronten a inventors, androides i&#8230; ninges? Seran capaços de desvelar l&#8217;enigma cibernètic i sortir il·lesos d&#8217;aquesta aventura tan arriscada?</p>

<p>MARTÍN, ENRIQUE CARLOS</p>

MARTÍN, ENRIQUE CARLOS

Lectors avançats

Rústica

ENRIQUE CARLOS MARTÍN
