{"id":89032,"date":"2022-10-11T18:24:56","date_gmt":"2022-10-11T16:24:56","guid":{"rendered":"http:\/\/dev.claret.cat\/producte\/el-llenguatge-no-verbal-en-la-comunicacio-online\/"},"modified":"2023-01-28T11:46:51","modified_gmt":"2023-01-28T10:46:51","slug":"el-llenguatge-no-verbal-en-la-comunicacio-online-9788418114908","status":"publish","type":"product","link":"https:\/\/www.claret.cat\/es\/libro\/el-llenguatge-no-verbal-en-la-comunicacio-online-9788418114908\/","title":{"rendered":"EL LLENGUATGE NO VERBAL EN LA COMUNICACI\u00d3 ONLINE"},"content":{"rendered":"<p>Durant la crisi de la Covid-19, hem hagut d&#8217;incorporar al nostre dia a dia un nombre quasi il\u00b7limitat de plataformes tecnol\u00f2giques per poder mantenir les nostres connexions professionals o personals. Aix\u00ed doncs, si abans del 2020 fer una videoconfer\u00e8ncia podia tenir, en segons quins \u00e0mbits, fins i tot un punt d&#8217;esnobisme, ara \u00e9s un fet habitual que ha vingut per quedar-se.<br \/> Arran d&#8217;aquesta situaci\u00f3, les persones (m\u00e9s preparades per relacionar-nos de manera presencial que remota) hem hagut d&#8217;aprendre a marxes for\u00e7ades els secrets i les efici\u00e8ncies d&#8217;aquesta nova comunicaci\u00f3 online. A base d&#8217;encerts i errors, cada persona ha anat erigint un manual propi de com comunicar-se en una videoconfer\u00e8ncia, de manera que, sense saber-ho, tots junts hem anat creant un nou llenguatge que cal con\u00e8ixer molt b\u00e9.<br \/> Per primer cop, tots aquests aprenentatges s&#8217;han reunit en un sol llibre, &#8216;El llenguatge no verbal en la comunicaci\u00f3 online&#8217;, una obra amb una finalitat molt pr\u00e0ctica i did\u00e0ctica que dona resposta als milers de dubtes que sorgeixen a l&#8217;hora de preparar i participar en una videoconfer\u00e8ncia, com per exemple quin fons s&#8217;ha d&#8217;utilitzar, quin tipus de pla o angle de la c\u00e0mera, quina roba o complements son idonis per sortir en pantalla, quina il\u00b7luminaci\u00f3 \u00e9s la correcta, i un llargu\u00edssim etc\u00e8tera. I sense oblidar l&#8217;adequaci\u00f3 del tipus de llenguatge utilitzat (verbal, vocal i no verbal), ja que, com en qualsevol altra comunicaci\u00f3, condicionaran molt el resultat final.<br \/> \u00a1BENVINGUTS A LA NOVA COMUNICACI\u00d3 DEL SEGLE XXI!<\/p>\n","protected":false},"excerpt":{"rendered":"<p>C\u00c1NOVAS TOM\u00c0S, JOAN FRANCESC<\/p>\n","protected":false},"featured_media":318235,"template":"","meta":{"_acf_changed":false,"om_disable_all_campaigns":false,"rs_blank_template":"","rs_page_bg_color":"","slide_template_v7":"","inline_featured_image":false,"_monsterinsights_skip_tracking":false,"_monsterinsights_sitenote_active":false,"_monsterinsights_sitenote_note":"","_monsterinsights_sitenote_category":0},"product_brand":[],"product_cat":[376,178],"product_tag":[],"class_list":{"0":"post-89032","1":"product","2":"type-product","3":"status-publish","4":"has-post-thumbnail","6":"product_cat-autores-psicologia-2_humanidades","7":"product_cat-autors-psicologia","9":"first","10":"instock","11":"taxable","12":"shipping-taxable","13":"purchasable","14":"product-type-simple"},"acf":{"autor":"C\u00c1NOVAS TOM\u00c0S, JOAN FRANCESC","codart":"841811490","libros-coleccion":"FORA DE COL.LECCI\u00d3","ediciones":"1","encuadernacion":"R\u00fastica","fecha_de_publicacion":"01\/03\/2021","novedad":"1","paginas":"200","subtitulo":"CONSELLS PR\u00c0CTICS PER OFERIR UNA BONA IMATGE EN LES VIDEOCONFER\u00c8NCIES","orden":"0","portada":"0","idioma":"cat","editorial":[{"ID":147420,"post_author":"3","post_date":"2022-10-14 11:50:26","post_date_gmt":"2022-10-14 09:50:26","post_content":"","post_title":"AMAT EDITORIAL","post_excerpt":"","post_status":"publish","comment_status":"closed","ping_status":"closed","post_password":"","post_name":"amat-editorial","to_ping":"","pinged":"","post_modified":"2022-10-14 11:50:26","post_modified_gmt":"2022-10-14 09:50:26","post_content_filtered":"","post_parent":0,"guid":"http:\/\/dev.claret.cat\/editorial\/amat-editorial\/","menu_order":0,"post_type":"editorial","post_mime_type":"","comment_count":"0","filter":"raw"}],"autores-libros":[{"ID":159313,"post_author":"3","post_date":"2022-10-14 15:43:49","post_date_gmt":"2022-10-14 13:43:49","post_content":"","post_title":"JOAN FRANCESC C\u00c1NOVAS TOMAS","post_excerpt":"","post_status":"publish","comment_status":"closed","ping_status":"closed","post_password":"","post_name":"joan-francesc-canovas-tomas","to_ping":"","pinged":"","post_modified":"2022-10-14 15:43:49","post_modified_gmt":"2022-10-14 13:43:49","post_content_filtered":"","post_parent":0,"guid":"http:\/\/dev.claret.cat\/autor\/joan-francesc-canovas-tomas\/","menu_order":0,"post_type":"autor","post_mime_type":"","comment_count":"0","filter":"raw"}]},"aioseo_notices":[],"_links":{"self":[{"href":"https:\/\/www.claret.cat\/es\/wp-json\/wp\/v2\/product\/89032","targetHints":{"allow":["GET"]}}],"collection":[{"href":"https:\/\/www.claret.cat\/es\/wp-json\/wp\/v2\/product"}],"about":[{"href":"https:\/\/www.claret.cat\/es\/wp-json\/wp\/v2\/types\/product"}],"wp:featuredmedia":[{"embeddable":true,"href":"https:\/\/www.claret.cat\/es\/wp-json\/wp\/v2\/media\/318235"}],"wp:attachment":[{"href":"https:\/\/www.claret.cat\/es\/wp-json\/wp\/v2\/media?parent=89032"}],"wp:term":[{"taxonomy":"product_brand","embeddable":true,"href":"https:\/\/www.claret.cat\/es\/wp-json\/wp\/v2\/product_brand?post=89032"},{"taxonomy":"product_cat","embeddable":true,"href":"https:\/\/www.claret.cat\/es\/wp-json\/wp\/v2\/product_cat?post=89032"},{"taxonomy":"product_tag","embeddable":true,"href":"https:\/\/www.claret.cat\/es\/wp-json\/wp\/v2\/product_tag?post=89032"}],"curies":[{"name":"wp","href":"https:\/\/api.w.org\/{rel}","templated":true}]}}

EL LLENGUATGE NO VERBAL EN LA COMUNICACIÓ ONLINE

<p>Durant la crisi de la Covid-19, hem hagut d&#8217;incorporar al nostre dia a dia un nombre quasi il·limitat de plataformes tecnològiques per poder mantenir les nostres connexions professionals o personals. Així doncs, si abans del 2020 fer una videoconferència podia tenir, en segons quins àmbits, fins i tot un punt d&#8217;esnobisme, ara és un fet habitual que ha vingut per quedar-se.<br /> Arran d&#8217;aquesta situació, les persones (més preparades per relacionar-nos de manera presencial que remota) hem hagut d&#8217;aprendre a marxes forçades els secrets i les eficiències d&#8217;aquesta nova comunicació online. A base d&#8217;encerts i errors, cada persona ha anat erigint un manual propi de com comunicar-se en una videoconferència, de manera que, sense saber-ho, tots junts hem anat creant un nou llenguatge que cal conèixer molt bé.<br /> Per primer cop, tots aquests aprenentatges s&#8217;han reunit en un sol llibre, &#8216;El llenguatge no verbal en la comunicació online&#8217;, una obra amb una finalitat molt pràctica i didàctica que dona resposta als milers de dubtes que sorgeixen a l&#8217;hora de preparar i participar en una videoconferència, com per exemple quin fons s&#8217;ha d&#8217;utilitzar, quin tipus de pla o angle de la càmera, quina roba o complements son idonis per sortir en pantalla, quina il·luminació és la correcta, i un llarguíssim etcètera. I sense oblidar l&#8217;adequació del tipus de llenguatge utilitzat (verbal, vocal i no verbal), ja que, com en qualsevol altra comunicació, condicionaran molt el resultat final.<br /> ¡BENVINGUTS A LA NOVA COMUNICACIÓ DEL SEGLE XXI!</p>

<p>CÁNOVAS TOMÀS, JOAN FRANCESC</p>

CÁNOVAS TOMÀS, JOAN FRANCESC

FORA DE COL.LECCIÓ

Rústica

CONSELLS PRÀCTICS PER OFERIR UNA BONA IMATGE EN LES VIDEOCONFERÈNCIES

JOAN FRANCESC CÁNOVAS TOMAS
