{"id":89275,"date":"2022-10-11T18:28:14","date_gmt":"2022-10-11T16:28:14","guid":{"rendered":"http:\/\/dev.claret.cat\/producte\/lungomare\/"},"modified":"2024-01-31T20:37:09","modified_gmt":"2024-01-31T19:37:09","slug":"lungomare-9788475888880","status":"publish","type":"product","link":"https:\/\/www.claret.cat\/es\/libro\/lungomare-9788475888880\/","title":{"rendered":"LUNGOMARE"},"content":{"rendered":"<p>El relat de Lungomare abra\u00e7a els anys d&#8217;abans i despr\u00e9s del canvi de segle tal com Gabriel Janer Manila els ha vist i viscut. Hi trobem les seves relacions amb la gent de lletres, tant les devocions com les disputes, les complicitats i els malentesos. Tamb\u00e9 la fren\u00e8tica activitat internacional, la dedicaci\u00f3 a la gesti\u00f3 de la cultura, l&#8217;atenci\u00f3 als canvis dels nostres pobles i ciutats, l&#8217;enuig davant l&#8217;euf\u00f2ria de la corrupci\u00f3 a Mallorca i l&#8217;especulaci\u00f3 del paisatge. De punta a punta, hi batega el m\u00f3n ancestral illenc i les seves ru\u00efnes, font de tantes novel\u00b7les i relats de Janer Manila. L&#8217;escriptor tanca amb Lungomare un cicle memorial\u00edstic de gran ambici\u00f3 liter\u00e0ria.<\/p>\n","protected":false},"excerpt":{"rendered":"<p>JANER MANILA, GABRIEL<\/p>\n","protected":false},"featured_media":89276,"template":"","meta":{"_acf_changed":false,"om_disable_all_campaigns":false,"rs_blank_template":"","rs_page_bg_color":"","slide_template_v7":"","inline_featured_image":false,"_monsterinsights_skip_tracking":false,"_monsterinsights_sitenote_active":false,"_monsterinsights_sitenote_note":"","_monsterinsights_sitenote_category":0},"product_brand":[],"product_cat":[549,99],"product_tag":[],"class_list":{"0":"post-89275","1":"product","2":"type-product","3":"status-publish","4":"has-post-thumbnail","6":"product_cat-biografias","7":"product_cat-biografies","9":"first","10":"instock","11":"taxable","12":"shipping-taxable","13":"purchasable","14":"product-type-simple"},"acf":{"editorial":[{"ID":6336,"post_author":"3","post_date":"2022-07-28 17:50:00","post_date_gmt":"2022-07-28 15:50:00","post_content":"","post_title":"Proa","post_excerpt":"","post_status":"publish","comment_status":"closed","ping_status":"closed","post_password":"","post_name":"proa","to_ping":"","pinged":"","post_modified":"2022-07-28 17:50:00","post_modified_gmt":"2022-07-28 15:50:00","post_content_filtered":"","post_parent":0,"guid":"http:\/\/dev.claret.cat\/editorial\/proa\/","menu_order":0,"post_type":"editorial","post_mime_type":"","comment_count":"0","filter":"raw"}],"autor":"JANER MANILA, GABRIEL","codart":"847588888","libros-coleccion":"A TOT VENT-R\u00daST","ediciones":"1","encuadernacion":"Carton\u00e9","fecha_de_publicacion":"01\/05\/2021","novedad":"1","paginas":"416","subtitulo":"MEM\u00d2RIES","orden":"0","portada":"0","idioma":"cat","autores-libros":[{"ID":156526,"post_author":"3","post_date":"2022-10-14 15:21:31","post_date_gmt":"2022-10-14 13:21:31","post_content":"","post_title":"GABRIEL JANER MANILA","post_excerpt":"","post_status":"publish","comment_status":"closed","ping_status":"closed","post_password":"","post_name":"gabriel-janer-manila","to_ping":"","pinged":"","post_modified":"2022-10-14 15:21:31","post_modified_gmt":"2022-10-14 13:21:31","post_content_filtered":"","post_parent":0,"guid":"http:\/\/dev.claret.cat\/autor\/gabriel-janer-manila\/","menu_order":0,"post_type":"autor","post_mime_type":"","comment_count":"0","filter":"raw"}]},"aioseo_notices":[],"_links":{"self":[{"href":"https:\/\/www.claret.cat\/es\/wp-json\/wp\/v2\/product\/89275","targetHints":{"allow":["GET"]}}],"collection":[{"href":"https:\/\/www.claret.cat\/es\/wp-json\/wp\/v2\/product"}],"about":[{"href":"https:\/\/www.claret.cat\/es\/wp-json\/wp\/v2\/types\/product"}],"wp:featuredmedia":[{"embeddable":true,"href":"https:\/\/www.claret.cat\/es\/wp-json\/wp\/v2\/media\/89276"}],"wp:attachment":[{"href":"https:\/\/www.claret.cat\/es\/wp-json\/wp\/v2\/media?parent=89275"}],"wp:term":[{"taxonomy":"product_brand","embeddable":true,"href":"https:\/\/www.claret.cat\/es\/wp-json\/wp\/v2\/product_brand?post=89275"},{"taxonomy":"product_cat","embeddable":true,"href":"https:\/\/www.claret.cat\/es\/wp-json\/wp\/v2\/product_cat?post=89275"},{"taxonomy":"product_tag","embeddable":true,"href":"https:\/\/www.claret.cat\/es\/wp-json\/wp\/v2\/product_tag?post=89275"}],"curies":[{"name":"wp","href":"https:\/\/api.w.org\/{rel}","templated":true}]}}

<p>El relat de Lungomare abraça els anys d&#8217;abans i després del canvi de segle tal com Gabriel Janer Manila els ha vist i viscut. Hi trobem les seves relacions amb la gent de lletres, tant les devocions com les disputes, les complicitats i els malentesos. També la frenètica activitat internacional, la dedicació a la gestió de la cultura, l&#8217;atenció als canvis dels nostres pobles i ciutats, l&#8217;enuig davant l&#8217;eufòria de la corrupció a Mallorca i l&#8217;especulació del paisatge. De punta a punta, hi batega el món ancestral illenc i les seves ruïnes, font de tantes novel·les i relats de Janer Manila. L&#8217;escriptor tanca amb Lungomare un cicle memorialístic de gran ambició literària.</p>

A TOT VENT-RÚST

Cartoné

MEMÒRIES
