{"id":8933,"date":"2022-09-30T12:23:39","date_gmt":"2022-09-30T10:23:39","guid":{"rendered":"http:\/\/dev.claret.cat\/producte\/les-celebracions-dominicals-en-absencia-de-prevere\/"},"modified":"2026-01-27T10:50:14","modified_gmt":"2026-01-27T09:50:14","slug":"les-celebracions-dominicals-en-absencia-de-prevere-8498051703","status":"publish","type":"product","link":"https:\/\/www.claret.cat\/es\/libro\/les-celebracions-dominicals-en-absencia-de-prevere-8498051703\/","title":{"rendered":"LES CELEBRACIONS DOMINICALS EN ABS\u00c8NCIA DE PREVERE"},"content":{"rendered":"<p>La col\u00b7lecci\u00f3 LIT\u00daRGIA B\u00c1SICA vol presentar d&#8217;una manera senzilla i comunicativa, realitats b\u00e0siques de la celebraci\u00f3 que practiquem els seguidors del Senyor Jes\u00fas. Ajudar a con\u00e8ixer, a viure, a participar&#8230; Voldr\u00edem que fos \u00fatil a molts cristians i cristianes, joves i grans, que -com qui compra al quiosc uns fascicles de qualsevol curs- tamb\u00e9 els vingui de gust saber m\u00e9s de la lit\u00fargia b\u00e0sica.<\/p>\n","protected":false},"excerpt":{"rendered":"<p>AYMERICH, XAVIER<\/p>\n","protected":false},"featured_media":1078353,"template":"","meta":{"_acf_changed":false,"om_disable_all_campaigns":false,"rs_blank_template":"","rs_page_bg_color":"","slide_template_v7":"","inline_featured_image":false,"_monsterinsights_skip_tracking":false,"_monsterinsights_sitenote_active":false,"_monsterinsights_sitenote_note":"","_monsterinsights_sitenote_category":0},"product_brand":[],"product_cat":[252,227,255],"product_tag":[],"class_list":{"0":"post-8933","1":"product","2":"type-product","3":"status-publish","4":"has-post-thumbnail","6":"product_cat-altres-rituals","7":"product_cat-formacio","8":"product_cat-missals","10":"first","11":"instock","12":"taxable","13":"shipping-taxable","14":"purchasable","15":"product-type-simple"},"acf":{"editorial":[{"ID":6172,"post_author":"3","post_date":"2022-07-28 17:46:27","post_date_gmt":"2022-07-28 15:46:27","post_content":"","post_title":"CPL","post_excerpt":"","post_status":"publish","comment_status":"closed","ping_status":"closed","post_password":"","post_name":"cpl","to_ping":"","pinged":"","post_modified":"2022-07-28 17:46:27","post_modified_gmt":"2022-07-28 15:46:27","post_content_filtered":"","post_parent":0,"guid":"http:\/\/dev.claret.cat\/editorial\/cpl\/","menu_order":0,"post_type":"editorial","post_mime_type":"","comment_count":"0","filter":"raw"}],"autor":"AYMERICH, XAVIER","codart":"849805170","libros-coleccion":"Lit\u00fargia B\u00e0sica","ediciones":"1","encuadernacion":"R\u00fastica","fecha_de_publicacion":"21\/02\/2007","novedad":"0","paginas":"24","subtitulo":"","orden":"999","portada":"0","idioma":"cat","autores-libros":[{"ID":171409,"post_author":"3","post_date":"2022-10-14 22:43:10","post_date_gmt":"2022-10-14 20:43:10","post_content":"","post_title":"XAVIER AYMERICH","post_excerpt":"","post_status":"publish","comment_status":"closed","ping_status":"closed","post_password":"","post_name":"xavier-aymerich","to_ping":"","pinged":"","post_modified":"2022-10-14 22:43:10","post_modified_gmt":"2022-10-14 20:43:10","post_content_filtered":"","post_parent":0,"guid":"http:\/\/dev.claret.cat\/autor\/xavier-aymerich\/","menu_order":0,"post_type":"autor","post_mime_type":"","comment_count":"0","filter":"raw"}],"booktrailer":"","resenas":""},"aioseo_notices":[],"_links":{"self":[{"href":"https:\/\/www.claret.cat\/es\/wp-json\/wp\/v2\/product\/8933","targetHints":{"allow":["GET"]}}],"collection":[{"href":"https:\/\/www.claret.cat\/es\/wp-json\/wp\/v2\/product"}],"about":[{"href":"https:\/\/www.claret.cat\/es\/wp-json\/wp\/v2\/types\/product"}],"wp:featuredmedia":[{"embeddable":true,"href":"https:\/\/www.claret.cat\/es\/wp-json\/wp\/v2\/media\/1078353"}],"wp:attachment":[{"href":"https:\/\/www.claret.cat\/es\/wp-json\/wp\/v2\/media?parent=8933"}],"wp:term":[{"taxonomy":"product_brand","embeddable":true,"href":"https:\/\/www.claret.cat\/es\/wp-json\/wp\/v2\/product_brand?post=8933"},{"taxonomy":"product_cat","embeddable":true,"href":"https:\/\/www.claret.cat\/es\/wp-json\/wp\/v2\/product_cat?post=8933"},{"taxonomy":"product_tag","embeddable":true,"href":"https:\/\/www.claret.cat\/es\/wp-json\/wp\/v2\/product_tag?post=8933"}],"curies":[{"name":"wp","href":"https:\/\/api.w.org\/{rel}","templated":true}]}}

LES CELEBRACIONS DOMINICALS EN ABSÈNCIA DE PREVERE

<p>La col·lecció LITÚRGIA BÁSICA vol presentar d&#8217;una manera senzilla i comunicativa, realitats bàsiques de la celebració que practiquem els seguidors del Senyor Jesús. Ajudar a conèixer, a viure, a participar&#8230; Voldríem que fos útil a molts cristians i cristianes, joves i grans, que -com qui compra al quiosc uns fascicles de qualsevol curs- també els vingui de gust saber més de la litúrgia bàsica.</p>

Litúrgia Bàsica

Rústica
