{"id":89509,"date":"2022-10-11T18:31:09","date_gmt":"2022-10-11T16:31:09","guid":{"rendered":"http:\/\/dev.claret.cat\/producte\/las-tres-armas-de-santa-maria\/"},"modified":"2025-05-09T14:01:48","modified_gmt":"2025-05-09T12:01:48","slug":"las-tres-armas-de-santa-maria-9788494960543","status":"publish","type":"product","link":"https:\/\/www.claret.cat\/es\/libro\/las-tres-armas-de-santa-maria-9788494960543\/","title":{"rendered":"LAS TRES ARMAS DE SANTA MAR\u00cdA"},"content":{"rendered":"<p>Las m\u00faltiples apariciones de la Madre de Dios \u2014las m\u00e1s antiguas y las m\u00e1s recientes\u2014 completan b\u00e1sicamente los mensajes que Ella ha manifestado a la Humanidad, a trav\u00e9s de estas tres grandes advocaciones marianas: Nuestra Se\u00f1ora del Santo Rosario, Nuestra Se\u00f1ora del Monte Carmelo y la Inmaculada Concepci\u00f3n de Nuestra Se\u00f1ora, sin a\u00f1adir nada esencial a lo que Mar\u00eda Sant\u00edsima nos hizo saber a trav\u00e9s de estas tres intervenciones suyas, que hemos reunido en este ensayo.<\/p>\n","protected":false},"excerpt":{"rendered":"<p>MANI RIBERA, V\u00cdCTOR<\/p>\n","protected":false},"featured_media":1020724,"template":"","meta":{"_acf_changed":false,"om_disable_all_campaigns":false,"rs_blank_template":"","rs_page_bg_color":"","slide_template_v7":"","inline_featured_image":false,"_monsterinsights_skip_tracking":false,"_monsterinsights_sitenote_active":false,"_monsterinsights_sitenote_note":"","_monsterinsights_sitenote_category":0},"product_brand":[],"product_cat":[95,545],"product_tag":[],"class_list":{"0":"post-89509","1":"product","2":"type-product","3":"status-publish","4":"has-post-thumbnail","6":"product_cat-santoral","7":"product_cat-santoral-1_espiritualidad-spa","9":"first","10":"outofstock","11":"taxable","12":"shipping-taxable","13":"purchasable","14":"product-type-simple"},"acf":{"editorial":[{"ID":147814,"post_author":"3","post_date":"2022-10-14 11:53:25","post_date_gmt":"2022-10-14 09:53:25","post_content":"","post_title":"Ediciones Humanidades","post_excerpt":"","post_status":"publish","comment_status":"closed","ping_status":"closed","post_password":"","post_name":"ediciones-humanidades","to_ping":"","pinged":"","post_modified":"2022-10-14 11:53:25","post_modified_gmt":"2022-10-14 09:53:25","post_content_filtered":"","post_parent":0,"guid":"http:\/\/dev.claret.cat\/editorial\/ediciones-humanidades\/","menu_order":0,"post_type":"editorial","post_mime_type":"","comment_count":"0","filter":"raw"}],"autor":"MANI RIBERA, V\u00cdCTOR","codart":"849496054","libros-coleccion":"Comp\u00e0s","ediciones":"1","encuadernacion":"R\u00fastica","fecha_de_publicacion":"01\/04\/2021","novedad":"1","paginas":"34","subtitulo":"","orden":"0","portada":"0","idioma":"spa","autores-libros":[{"ID":171037,"post_author":"3","post_date":"2022-10-14 22:40:11","post_date_gmt":"2022-10-14 20:40:11","post_content":"","post_title":"V\u00cdCTOR MANI RIBERA","post_excerpt":"","post_status":"publish","comment_status":"closed","ping_status":"closed","post_password":"","post_name":"victor-mani-ribera","to_ping":"","pinged":"","post_modified":"2022-10-14 22:40:11","post_modified_gmt":"2022-10-14 20:40:11","post_content_filtered":"","post_parent":0,"guid":"http:\/\/dev.claret.cat\/autor\/victor-mani-ribera\/","menu_order":0,"post_type":"autor","post_mime_type":"","comment_count":"0","filter":"raw"}],"booktrailer":"","resenas":""},"aioseo_notices":[],"_links":{"self":[{"href":"https:\/\/www.claret.cat\/es\/wp-json\/wp\/v2\/product\/89509","targetHints":{"allow":["GET"]}}],"collection":[{"href":"https:\/\/www.claret.cat\/es\/wp-json\/wp\/v2\/product"}],"about":[{"href":"https:\/\/www.claret.cat\/es\/wp-json\/wp\/v2\/types\/product"}],"wp:featuredmedia":[{"embeddable":true,"href":"https:\/\/www.claret.cat\/es\/wp-json\/wp\/v2\/media\/1020724"}],"wp:attachment":[{"href":"https:\/\/www.claret.cat\/es\/wp-json\/wp\/v2\/media?parent=89509"}],"wp:term":[{"taxonomy":"product_brand","embeddable":true,"href":"https:\/\/www.claret.cat\/es\/wp-json\/wp\/v2\/product_brand?post=89509"},{"taxonomy":"product_cat","embeddable":true,"href":"https:\/\/www.claret.cat\/es\/wp-json\/wp\/v2\/product_cat?post=89509"},{"taxonomy":"product_tag","embeddable":true,"href":"https:\/\/www.claret.cat\/es\/wp-json\/wp\/v2\/product_tag?post=89509"}],"curies":[{"name":"wp","href":"https:\/\/api.w.org\/{rel}","templated":true}]}}

LAS TRES ARMAS DE SANTA MARÍA

<p>Las múltiples apariciones de la Madre de Dios —las más antiguas y las más recientes— completan básicamente los mensajes que Ella ha manifestado a la Humanidad, a través de estas tres grandes advocaciones marianas: Nuestra Señora del Santo Rosario, Nuestra Señora del Monte Carmelo y la Inmaculada Concepción de Nuestra Señora, sin añadir nada esencial a lo que María Santísima nos hizo saber a través de estas tres intervenciones suyas, que hemos reunido en este ensayo.</p>

<p>MANI RIBERA, VÍCTOR</p>

MANI RIBERA, VÍCTOR

Compàs

Rústica

VÍCTOR MANI RIBERA
