{"id":90170,"date":"2022-10-11T18:39:54","date_gmt":"2022-10-11T16:39:54","guid":{"rendered":"http:\/\/dev.claret.cat\/producte\/etica-para-la-accion-social\/"},"modified":"2024-05-02T05:41:03","modified_gmt":"2024-05-02T03:41:03","slug":"etica-para-la-accion-social-9788428837002","status":"publish","type":"product","link":"https:\/\/www.claret.cat\/es\/libro\/etica-para-la-accion-social-9788428837002\/","title":{"rendered":"\u00c9TICA PARA LA ACCI\u00d3N SOCIAL"},"content":{"rendered":"<p>Tomamos decisiones cada d\u00eda. En nuestra vida y en nuestro trabajo. En la intervenci\u00f3n social, casi todas las decisiones tienen una fuerte carga \u00e9tica. Ponemos continuamente en juego valores propios y ajenos, en cada paso, en cada intervenci\u00f3n, en cada relaci\u00f3n que establecemos con los destinatarios de nuestra acci\u00f3n.Este libro es una invitaci\u00f3n apasionada a hacer \u00e9tica, a pensar los problemas que los que trabajamos en entidades de acci\u00f3n social afrontamos en nuestra intervenci\u00f3n. Es una invitaci\u00f3n a pararse, a pensar cr\u00edticamente lo que estamos haciendo, a preguntarnos juntos, en grupo, qu\u00e9 es lo m\u00e1s correcto o lo menos malo para cada persona en cada circunstancia.<\/p>\n","protected":false},"excerpt":{"rendered":"<p>PRAT, FRANCISCO<\/p>\n","protected":false},"featured_media":338209,"template":"","meta":{"_acf_changed":false,"om_disable_all_campaigns":false,"rs_blank_template":"","rs_page_bg_color":"","slide_template_v7":"","inline_featured_image":false,"_monsterinsights_skip_tracking":false,"_monsterinsights_sitenote_active":false,"_monsterinsights_sitenote_note":"","_monsterinsights_sitenote_category":0},"product_brand":[],"product_cat":[182,378],"product_tag":[],"class_list":{"0":"post-90170","1":"product","2":"type-product","3":"status-publish","4":"has-post-thumbnail","6":"product_cat-social-i-economica","7":"product_cat-social-y-economica","9":"first","10":"instock","11":"taxable","12":"shipping-taxable","13":"purchasable","14":"product-type-simple"},"acf":{"editorial":[{"ID":6335,"post_author":"3","post_date":"2022-07-28 17:49:59","post_date_gmt":"2022-07-28 15:49:59","post_content":"","post_title":"PPC altres","post_excerpt":"","post_status":"publish","comment_status":"closed","ping_status":"closed","post_password":"","post_name":"ppc-altres","to_ping":"","pinged":"","post_modified":"2022-07-28 17:49:59","post_modified_gmt":"2022-07-28 15:49:59","post_content_filtered":"","post_parent":0,"guid":"http:\/\/dev.claret.cat\/editorial\/ppc-altres\/","menu_order":0,"post_type":"editorial","post_mime_type":"","comment_count":"0","filter":"raw"}],"autor":"PRAT, FRANCISCO","codart":"842883700","libros-coleccion":"Humanizar","ediciones":"1","encuadernacion":"R\u00fastica","fecha_de_publicacion":"05\/05\/2021","novedad":"1","paginas":"162","subtitulo":"CLAVES PARA PENSAR Y RESOLVER LOS CONFLICTOS","orden":"0","portada":"0","idioma":"spa","autores-libros":[{"ID":156292,"post_author":"3","post_date":"2022-10-14 15:19:39","post_date_gmt":"2022-10-14 13:19:39","post_content":"","post_title":"FRANCISCO PRAT","post_excerpt":"","post_status":"publish","comment_status":"closed","ping_status":"closed","post_password":"","post_name":"francisco-prat","to_ping":"","pinged":"","post_modified":"2022-10-14 15:19:39","post_modified_gmt":"2022-10-14 13:19:39","post_content_filtered":"","post_parent":0,"guid":"http:\/\/dev.claret.cat\/autor\/francisco-prat\/","menu_order":0,"post_type":"autor","post_mime_type":"","comment_count":"0","filter":"raw"}]},"aioseo_notices":[],"_links":{"self":[{"href":"https:\/\/www.claret.cat\/es\/wp-json\/wp\/v2\/product\/90170","targetHints":{"allow":["GET"]}}],"collection":[{"href":"https:\/\/www.claret.cat\/es\/wp-json\/wp\/v2\/product"}],"about":[{"href":"https:\/\/www.claret.cat\/es\/wp-json\/wp\/v2\/types\/product"}],"wp:featuredmedia":[{"embeddable":true,"href":"https:\/\/www.claret.cat\/es\/wp-json\/wp\/v2\/media\/338209"}],"wp:attachment":[{"href":"https:\/\/www.claret.cat\/es\/wp-json\/wp\/v2\/media?parent=90170"}],"wp:term":[{"taxonomy":"product_brand","embeddable":true,"href":"https:\/\/www.claret.cat\/es\/wp-json\/wp\/v2\/product_brand?post=90170"},{"taxonomy":"product_cat","embeddable":true,"href":"https:\/\/www.claret.cat\/es\/wp-json\/wp\/v2\/product_cat?post=90170"},{"taxonomy":"product_tag","embeddable":true,"href":"https:\/\/www.claret.cat\/es\/wp-json\/wp\/v2\/product_tag?post=90170"}],"curies":[{"name":"wp","href":"https:\/\/api.w.org\/{rel}","templated":true}]}}

ÉTICA PARA LA ACCIÓN SOCIAL

<p>Tomamos decisiones cada día. En nuestra vida y en nuestro trabajo. En la intervención social, casi todas las decisiones tienen una fuerte carga ética. Ponemos continuamente en juego valores propios y ajenos, en cada paso, en cada intervención, en cada relación que establecemos con los destinatarios de nuestra acción.Este libro es una invitación apasionada a hacer ética, a pensar los problemas que los que trabajamos en entidades de acción social afrontamos en nuestra intervención. Es una invitación a pararse, a pensar críticamente lo que estamos haciendo, a preguntarnos juntos, en grupo, qué es lo más correcto o lo menos malo para cada persona en cada circunstancia.</p>

Rústica
