{"id":90318,"date":"2022-10-11T18:41:49","date_gmt":"2022-10-11T16:41:49","guid":{"rendered":"http:\/\/dev.claret.cat\/producte\/lo-que-no-se-ve\/"},"modified":"2023-03-24T11:40:12","modified_gmt":"2023-03-24T10:40:12","slug":"lo-que-no-se-ve-9788418178498","status":"publish","type":"product","link":"https:\/\/www.claret.cat\/es\/libro\/lo-que-no-se-ve-9788418178498\/","title":{"rendered":"LO QUE NO SE VE"},"content":{"rendered":"<p>Unas manos, unas s\u00e1banas, una forma de hacer la cama. Este libro no es un libro de infancia, es el libro de un hombre que a\u00fan conserva la mirada de ni\u00f1o. Un hombre que ha hecho de la contemplaci\u00f3n un veh\u00edculo para volver a eso que importa, lo primigenio, lo sagrado, el amor, al fin y al cabo: \u00abCada d\u00eda camino hasta la hoja de papel y extraigo lo que no se muere, un poco de vida eterna, cualquier momento donde el amor irrumpe\u00bb. <br \/> Leer a Montiel es como adentrarse en uno de esos paisajes que abruman la mirada por su belleza, que enmudecen y alumbran el entendimiento. Sus p\u00e1ginas constituyen refugios, nos reconcilian con la vida y nos ofrecen esperanza frente al desencanto. Este libro deber\u00eda ser, ser\u00e1 \u2013como ya lo fueron los anteriores\u2013 un eterno acompa\u00f1ante en nuestro viaje, un faro alumbrando esa \u00aboscuridad que sabe encontrarnos\u00bb, un gu\u00eda que corrija nuestros pasos ralentiz\u00e1ndolos, indic\u00e1ndonos hacia d\u00f3nde y c\u00f3mo debemos mirar. Hoy m\u00e1s que nunca es este un libro necesario.<\/p>\n<p> Jes\u00fas Montiel (Granada, 1984) ha publicado hasta la fecha cinco poemarios que le han valido distintos reconocimientos, entre los que destacan el Premio Internacional Alegr\u00eda y el Hiperi\u00f3n. Suya es la traducci\u00f3n de Resucitar y Prisionero en la cuna, de Christian Bobin (Ed. Encuentro, 2017 y 2020). Ha publicado tambi\u00e9n un libro de aforismos, Silencio casi (Trea, 2020) y cinco libros de dif\u00edcil clasificaci\u00f3n, entre la narrativa, la poes\u00eda y el aforismo: Notas a pie de instante (Esdr\u00fajula, 2018), Suceder\u00e1 la flor (Pre-Textos, 2018), El am\u00e9n de los \u00e1rboles (Esdr\u00fajula, 2019), Se\u00f1or de las periferias (Pre-Textos 2019) y Casa de tinta (Hiperi\u00f3n, 2019).<\/p>\n","protected":false},"excerpt":{"rendered":"<p>MONTIEL, JES\u00daS<\/p>\n","protected":false},"featured_media":90319,"template":"","meta":{"_acf_changed":false,"om_disable_all_campaigns":false,"rs_blank_template":"","rs_page_bg_color":"","slide_template_v7":"","inline_featured_image":false,"_monsterinsights_skip_tracking":false,"_monsterinsights_sitenote_active":false,"_monsterinsights_sitenote_note":"","_monsterinsights_sitenote_category":0},"product_brand":[],"product_cat":[90,540],"product_tag":[],"class_list":{"0":"post-90318","1":"product","2":"type-product","3":"status-publish","4":"has-post-thumbnail","6":"product_cat-altres","7":"product_cat-otros","9":"first","10":"instock","11":"taxable","12":"shipping-taxable","13":"purchasable","14":"product-type-simple"},"acf":{"autor":"MONTIEL, JES\u00daS","codart":"841817849","libros-coleccion":"Narrativa","ediciones":"1","encuadernacion":"R\u00fastica","fecha_de_publicacion":"01\/12\/2020","novedad":"1","paginas":"72","subtitulo":"","orden":"0","portada":"0","idioma":"spa","editorial":[{"ID":148024,"post_author":"3","post_date":"2022-10-14 11:55:03","post_date_gmt":"2022-10-14 09:55:03","post_content":"","post_title":"Editorial Pre-Textos","post_excerpt":"","post_status":"publish","comment_status":"closed","ping_status":"closed","post_password":"","post_name":"editorial-pre-textos","to_ping":"","pinged":"","post_modified":"2022-10-14 11:55:03","post_modified_gmt":"2022-10-14 09:55:03","post_content_filtered":"","post_parent":0,"guid":"http:\/\/dev.claret.cat\/editorial\/editorial-pre-textos\/","menu_order":0,"post_type":"editorial","post_mime_type":"","comment_count":"0","filter":"raw"}],"autores-libros":[{"ID":159155,"post_author":"3","post_date":"2022-10-14 15:42:32","post_date_gmt":"2022-10-14 13:42:32","post_content":"","post_title":"JES\u00daS MONTIEL","post_excerpt":"","post_status":"publish","comment_status":"closed","ping_status":"closed","post_password":"","post_name":"jesus-montiel","to_ping":"","pinged":"","post_modified":"2022-10-14 15:42:32","post_modified_gmt":"2022-10-14 13:42:32","post_content_filtered":"","post_parent":0,"guid":"http:\/\/dev.claret.cat\/autor\/jesus-montiel\/","menu_order":0,"post_type":"autor","post_mime_type":"","comment_count":"0","filter":"raw"}]},"aioseo_notices":[],"_links":{"self":[{"href":"https:\/\/www.claret.cat\/es\/wp-json\/wp\/v2\/product\/90318","targetHints":{"allow":["GET"]}}],"collection":[{"href":"https:\/\/www.claret.cat\/es\/wp-json\/wp\/v2\/product"}],"about":[{"href":"https:\/\/www.claret.cat\/es\/wp-json\/wp\/v2\/types\/product"}],"wp:featuredmedia":[{"embeddable":true,"href":"https:\/\/www.claret.cat\/es\/wp-json\/wp\/v2\/media\/90319"}],"wp:attachment":[{"href":"https:\/\/www.claret.cat\/es\/wp-json\/wp\/v2\/media?parent=90318"}],"wp:term":[{"taxonomy":"product_brand","embeddable":true,"href":"https:\/\/www.claret.cat\/es\/wp-json\/wp\/v2\/product_brand?post=90318"},{"taxonomy":"product_cat","embeddable":true,"href":"https:\/\/www.claret.cat\/es\/wp-json\/wp\/v2\/product_cat?post=90318"},{"taxonomy":"product_tag","embeddable":true,"href":"https:\/\/www.claret.cat\/es\/wp-json\/wp\/v2\/product_tag?post=90318"}],"curies":[{"name":"wp","href":"https:\/\/api.w.org\/{rel}","templated":true}]}}

<p>Unas manos, unas sábanas, una forma de hacer la cama. Este libro no es un libro de infancia, es el libro de un hombre que aún conserva la mirada de niño. Un hombre que ha hecho de la contemplación un vehículo para volver a eso que importa, lo primigenio, lo sagrado, el amor, al fin y al cabo: «Cada día camino hasta la hoja de papel y extraigo lo que no se muere, un poco de vida eterna, cualquier momento donde el amor irrumpe». <br /> Leer a Montiel es como adentrarse en uno de esos paisajes que abruman la mirada por su belleza, que enmudecen y alumbran el entendimiento. Sus páginas constituyen refugios, nos reconcilian con la vida y nos ofrecen esperanza frente al desencanto. Este libro debería ser, será –como ya lo fueron los anteriores– un eterno acompañante en nuestro viaje, un faro alumbrando esa «oscuridad que sabe encontrarnos», un guía que corrija nuestros pasos ralentizándolos, indicándonos hacia dónde y cómo debemos mirar. Hoy más que nunca es este un libro necesario.</p>
<p> Jesús Montiel (Granada, 1984) ha publicado hasta la fecha cinco poemarios que le han valido distintos reconocimientos, entre los que destacan el Premio Internacional Alegría y el Hiperión. Suya es la traducción de Resucitar y Prisionero en la cuna, de Christian Bobin (Ed. Encuentro, 2017 y 2020). Ha publicado también un libro de aforismos, Silencio casi (Trea, 2020) y cinco libros de difícil clasificación, entre la narrativa, la poesía y el aforismo: Notas a pie de instante (Esdrújula, 2018), Sucederá la flor (Pre-Textos, 2018), El amén de los árboles (Esdrújula, 2019), Señor de las periferias (Pre-Textos 2019) y Casa de tinta (Hiperión, 2019).</p>

<p>MONTIEL, JESÚS</p>

MONTIEL, JESÚS

Rústica

JESÚS MONTIEL
