{"id":90655,"date":"2022-10-11T21:11:09","date_gmt":"2022-10-11T19:11:09","guid":{"rendered":"http:\/\/dev.claret.cat\/producte\/ejercicios-benedictinos\/"},"modified":"2026-04-01T07:03:13","modified_gmt":"2026-04-01T05:03:13","slug":"ejercicios-benedictinos-9788429330809","status":"publish","type":"product","link":"https:\/\/www.claret.cat\/es\/libro\/ejercicios-benedictinos-9788429330809\/","title":{"rendered":"EJERCICIOS BENEDICTINOS"},"content":{"rendered":"<p>Los ejercicios benedictinos ayudan a recorrer en comunidad un camino m\u00edstico. Pero sabiendo que este camino no hace salir fuera del mundo, sino que implica adentrarse en \u00e9l y dirigirse hacia una humanidad m\u00e1s consciente y a un &#8221;yo&#8221; m\u00e1s maduro.  La pregunta central que plantean gira en torno a c\u00f3mo encontrar y experimentar a Dios y c\u00f3mo encontrarse uno mismo: a esa imagen singular que Dios hace de cada uno de sus hijos\/as. Un camino espiritual que es siempre un camino de sanaci\u00f3n, que lleva a la salud y a la libertad interior. Ofrecen una v\u00eda para dejarse purificar e iluminar cada vez m\u00e1s por el Esp\u00edritu de Jes\u00fas y, por medio de Cristo, de hacerse uno con Dios y con el &#8221;yo&#8221; m\u00e1s \u00edntimo.<\/p>\n","protected":false},"excerpt":{"rendered":"<p>GR\u00daN, ANSELM<\/p>\n","protected":false},"featured_media":340965,"template":"","meta":{"_acf_changed":false,"om_disable_all_campaigns":false,"rs_blank_template":"","rs_page_bg_color":"","slide_template_v7":"","inline_featured_image":false,"_monsterinsights_skip_tracking":false,"_monsterinsights_sitenote_active":false,"_monsterinsights_sitenote_note":"","_monsterinsights_sitenote_category":0},"product_brand":[],"product_cat":[89,308,490,239],"product_tag":[],"class_list":{"0":"post-90655","1":"product","2":"type-product","3":"status-publish","4":"has-post-thumbnail","6":"product_cat-els-mes-venuts","7":"product_cat-castella","8":"product_cat-monastica-espiritualidad-1_espiritualidad","9":"product_cat-monastica","11":"first","12":"instock","13":"taxable","14":"shipping-taxable","15":"purchasable","16":"product-type-simple"},"acf":{"editorial":[{"ID":6351,"post_author":"3","post_date":"2022-07-28 17:50:19","post_date_gmt":"2022-07-28 15:50:19","post_content":"","post_title":"Sal Terrae","post_excerpt":"","post_status":"publish","comment_status":"closed","ping_status":"closed","post_password":"","post_name":"sal-terrae","to_ping":"","pinged":"","post_modified":"2022-07-28 17:50:19","post_modified_gmt":"2022-07-28 15:50:19","post_content_filtered":"","post_parent":0,"guid":"http:\/\/dev.claret.cat\/editorial\/sal-terrae\/","menu_order":0,"post_type":"editorial","post_mime_type":"","comment_count":"0","filter":"raw"}],"autores-libros":[{"ID":5257,"post_author":"3","post_date":"2022-07-28 17:20:12","post_date_gmt":"2022-07-28 15:20:12","post_content":"","post_title":"ANSELM GR\u00dcN","post_excerpt":"","post_status":"publish","comment_status":"closed","ping_status":"closed","post_password":"","post_name":"anselm-grun","to_ping":"","pinged":"","post_modified":"2022-07-28 17:20:12","post_modified_gmt":"2022-07-28 15:20:12","post_content_filtered":"","post_parent":0,"guid":"http:\/\/dev.claret.cat\/autor\/anselm-grun\/","menu_order":0,"post_type":"autor","post_mime_type":"","comment_count":"0","filter":"raw"}],"autor":"GR\u00daN, ANSELM","codart":"842933080","libros-coleccion":"El pozo de Siquen","ediciones":"1","encuadernacion":"R\u00fastica","fecha_de_publicacion":"11\/10\/2022","novedad":"1","paginas":"136","subtitulo":"PURIFICACI\u00d3N, ILUMINACI\u00d3N Y UNI\u00d3N","orden":"1000","portada":"0","idioma":"spa","traductores-libros":"","ilustradores-libros":"","formato":"","linkebook":"","precioebook":"0","ebookportada":false,"ficha":"","muestra":"","presentacion":"","booktrailer":"","resenas":"","recomendamos":"","mas_vendido":""},"aioseo_notices":[],"_links":{"self":[{"href":"https:\/\/www.claret.cat\/es\/wp-json\/wp\/v2\/product\/90655","targetHints":{"allow":["GET"]}}],"collection":[{"href":"https:\/\/www.claret.cat\/es\/wp-json\/wp\/v2\/product"}],"about":[{"href":"https:\/\/www.claret.cat\/es\/wp-json\/wp\/v2\/types\/product"}],"wp:featuredmedia":[{"embeddable":true,"href":"https:\/\/www.claret.cat\/es\/wp-json\/wp\/v2\/media\/340965"}],"wp:attachment":[{"href":"https:\/\/www.claret.cat\/es\/wp-json\/wp\/v2\/media?parent=90655"}],"wp:term":[{"taxonomy":"product_brand","embeddable":true,"href":"https:\/\/www.claret.cat\/es\/wp-json\/wp\/v2\/product_brand?post=90655"},{"taxonomy":"product_cat","embeddable":true,"href":"https:\/\/www.claret.cat\/es\/wp-json\/wp\/v2\/product_cat?post=90655"},{"taxonomy":"product_tag","embeddable":true,"href":"https:\/\/www.claret.cat\/es\/wp-json\/wp\/v2\/product_tag?post=90655"}],"curies":[{"name":"wp","href":"https:\/\/api.w.org\/{rel}","templated":true}]}}

<p>Los ejercicios benedictinos ayudan a recorrer en comunidad un camino místico. Pero sabiendo que este camino no hace salir fuera del mundo, sino que implica adentrarse en él y dirigirse hacia una humanidad más consciente y a un &#8221;yo&#8221; más maduro.  La pregunta central que plantean gira en torno a cómo encontrar y experimentar a Dios y cómo encontrarse uno mismo: a esa imagen singular que Dios hace de cada uno de sus hijos/as. Un camino espiritual que es siempre un camino de sanación, que lleva a la salud y a la libertad interior. Ofrecen una vía para dejarse purificar e iluminar cada vez más por el Espíritu de Jesús y, por medio de Cristo, de hacerse uno con Dios y con el &#8221;yo&#8221; más íntimo.</p>

<p>GRÚN, ANSELM</p>

ANSELM GRÜN

GRÚN, ANSELM

Rústica

PURIFICACIÓN, ILUMINACIÓN Y UNIÓN
