{"id":90770,"date":"2022-10-11T21:13:40","date_gmt":"2022-10-11T19:13:40","guid":{"rendered":"http:\/\/dev.claret.cat\/producte\/despertad-transhumanismo-y-nuevo-orden-mundial\/"},"modified":"2026-01-19T11:58:35","modified_gmt":"2026-01-19T10:58:35","slug":"despertad-transhumanismo-y-nuevo-orden-mundial-9788431336158","status":"publish","type":"product","link":"https:\/\/www.claret.cat\/es\/libro\/despertad-transhumanismo-y-nuevo-orden-mundial-9788431336158\/","title":{"rendered":"\u00a1DESPERTAD! TRANSHUMANISMO Y NUEVO ORDEN MUNDIAL"},"content":{"rendered":"<p>\u00a1NESSUN DORMA! \u00a1Que nadie duerma!? Estamos asistiendo al reseteo del mundo. A principios del 2020, durante el confinamiento motivado por la pandemia de la Covid-19, mientras la mayor parte de la poblaci\u00f3n de nuestro planeta estaba paralizada por el miedo ante un virus invisible, las \u00e9lites globalistas aceleraban sus propuestas de salvaci\u00f3n para la humanidad basadas en la ideolog\u00eda transhumanista, las tecnolog\u00edas exponenciales y la implantaci\u00f3n de un Nuevo Orden Mundial. La mayor parte de la ciudadan\u00eda todav\u00eda no comprende lo que est\u00e1 sucediendo ante sus propios ojos. Hemos vivido en un profundo sue\u00f1o del que no quer\u00edamos despertar.<br \/>Ahora el sue\u00f1o se ha convertido en pesadilla. Y es que, cuando los gobiernos anuncian una nueva normalidad, intuimos que nada volver\u00e1 a ser igual y que en este momento hist\u00f3rico nos estamos jugando nuestro presente y el futuro de las pr\u00f3ximas generaciones. Empezamos a despertar y a entender que debemos escoger entre la libertad y la dignidad de la persona, o bien, asumir la esclavitud y obsolescencia de los seres humanos no mejorados biotecnol\u00f3gicamente y la deshumanizaci\u00f3n progresiva de nuestra civilizaci\u00f3n.<br \/>En este sentido, la emergencia de un nuevo ser con inteligencia artificial que puede llegar a adquirir alg\u00fan nivel de autoconsciencia resulta preocupante y poco a poco vamos siendo conscientes de que con nuestra pasividad estamos dejando crecer un totalitarismo cibern\u00e9tico. No obstante, si despertamos y adoptamos una actitud proactiva, podemos construir la civilizaci\u00f3n del amor a la cual la humanidad est\u00e1 destinada. La esperanza es un mensaje universal.<br \/>El autor de este libro, desde una cosmovisi\u00f3n humanista avanzada y una espiritualidad cristiana, nos propone despertar a esta nueva realidad. A trav\u00e9s de un conjunto de art\u00edculos de opini\u00f3n publicados en Frontiere. Rivista di Geocultura (www.frontiere.eu) nos va ofreciendo, de forma clara y amena, algunas de las claves para que seamos protagonistas de ese gran despertar de las conciencias, que ya se est\u00e1 produciendo, gracias a un fuerte avivamiento de nuestra dimensi\u00f3n espiritual.<\/p>\n","protected":false},"excerpt":{"rendered":"<p>CORTINA RAMOS, ALBERT<\/p>\n","protected":false},"featured_media":90771,"template":"","meta":{"_acf_changed":false,"om_disable_all_campaigns":false,"rs_blank_template":"","rs_page_bg_color":"","slide_template_v7":"","inline_featured_image":false,"_monsterinsights_skip_tracking":false,"_monsterinsights_sitenote_active":false,"_monsterinsights_sitenote_note":"","_monsterinsights_sitenote_category":0},"product_brand":[],"product_cat":[279,509],"product_tag":[],"class_list":{"0":"post-90770","1":"product","2":"type-product","3":"status-publish","4":"has-post-thumbnail","6":"product_cat-antropologia-teologica","7":"product_cat-antropologia-teologica-teologia-1_espiritualidad","9":"first","10":"instock","11":"taxable","12":"shipping-taxable","13":"purchasable","14":"product-type-simple"},"acf":{"editorial":[{"ID":6251,"post_author":"3","post_date":"2022-07-28 17:48:11","post_date_gmt":"2022-07-28 15:48:11","post_content":"","post_title":"EUNSA. EDICIONES UNIVERSIDAD DE NAVARRA","post_excerpt":"","post_status":"publish","comment_status":"closed","ping_status":"closed","post_password":"","post_name":"eunsa-ediciones-universidad-de-navarra","to_ping":"","pinged":"","post_modified":"2022-07-28 17:48:11","post_modified_gmt":"2022-07-28 15:48:11","post_content_filtered":"","post_parent":0,"guid":"http:\/\/dev.claret.cat\/editorial\/eunsa-ediciones-universidad-de-navarra\/","menu_order":0,"post_type":"editorial","post_mime_type":"","comment_count":"0","filter":"raw"}],"autor":"CORTINA RAMOS, ALBERT","codart":"843133615","libros-coleccion":"Astrolabio Ciencias Sociales","ediciones":"1","encuadernacion":"R\u00fastica","fecha_de_publicacion":"01\/04\/2021","novedad":"1","paginas":"396","subtitulo":"","orden":"0","portada":"0","idioma":"spa","autores-libros":[{"ID":149410,"post_author":"3","post_date":"2022-10-14 14:24:38","post_date_gmt":"2022-10-14 12:24:38","post_content":"","post_title":"ALBERT CORTINA RAMOS","post_excerpt":"","post_status":"publish","comment_status":"closed","ping_status":"closed","post_password":"","post_name":"albert-cortina-ramos","to_ping":"","pinged":"","post_modified":"2022-10-14 14:24:38","post_modified_gmt":"2022-10-14 12:24:38","post_content_filtered":"","post_parent":0,"guid":"http:\/\/dev.claret.cat\/autor\/albert-cortina-ramos\/","menu_order":0,"post_type":"autor","post_mime_type":"","comment_count":"0","filter":"raw"}],"booktrailer":"","resenas":""},"aioseo_notices":[],"_links":{"self":[{"href":"https:\/\/www.claret.cat\/es\/wp-json\/wp\/v2\/product\/90770","targetHints":{"allow":["GET"]}}],"collection":[{"href":"https:\/\/www.claret.cat\/es\/wp-json\/wp\/v2\/product"}],"about":[{"href":"https:\/\/www.claret.cat\/es\/wp-json\/wp\/v2\/types\/product"}],"wp:featuredmedia":[{"embeddable":true,"href":"https:\/\/www.claret.cat\/es\/wp-json\/wp\/v2\/media\/90771"}],"wp:attachment":[{"href":"https:\/\/www.claret.cat\/es\/wp-json\/wp\/v2\/media?parent=90770"}],"wp:term":[{"taxonomy":"product_brand","embeddable":true,"href":"https:\/\/www.claret.cat\/es\/wp-json\/wp\/v2\/product_brand?post=90770"},{"taxonomy":"product_cat","embeddable":true,"href":"https:\/\/www.claret.cat\/es\/wp-json\/wp\/v2\/product_cat?post=90770"},{"taxonomy":"product_tag","embeddable":true,"href":"https:\/\/www.claret.cat\/es\/wp-json\/wp\/v2\/product_tag?post=90770"}],"curies":[{"name":"wp","href":"https:\/\/api.w.org\/{rel}","templated":true}]}}

<p>¡NESSUN DORMA! ¡Que nadie duerma!? Estamos asistiendo al reseteo del mundo. A principios del 2020, durante el confinamiento motivado por la pandemia de la Covid-19, mientras la mayor parte de la población de nuestro planeta estaba paralizada por el miedo ante un virus invisible, las élites globalistas aceleraban sus propuestas de salvación para la humanidad basadas en la ideología transhumanista, las tecnologías exponenciales y la implantación de un Nuevo Orden Mundial. La mayor parte de la ciudadanía todavía no comprende lo que está sucediendo ante sus propios ojos. Hemos vivido en un profundo sueño del que no queríamos despertar.<br />Ahora el sueño se ha convertido en pesadilla. Y es que, cuando los gobiernos anuncian una nueva normalidad, intuimos que nada volverá a ser igual y que en este momento histórico nos estamos jugando nuestro presente y el futuro de las próximas generaciones. Empezamos a despertar y a entender que debemos escoger entre la libertad y la dignidad de la persona, o bien, asumir la esclavitud y obsolescencia de los seres humanos no mejorados biotecnológicamente y la deshumanización progresiva de nuestra civilización.<br />En este sentido, la emergencia de un nuevo ser con inteligencia artificial que puede llegar a adquirir algún nivel de autoconsciencia resulta preocupante y poco a poco vamos siendo conscientes de que con nuestra pasividad estamos dejando crecer un totalitarismo cibernético. No obstante, si despertamos y adoptamos una actitud proactiva, podemos construir la civilización del amor a la cual la humanidad está destinada. La esperanza es un mensaje universal.<br />El autor de este libro, desde una cosmovisión humanista avanzada y una espiritualidad cristiana, nos propone despertar a esta nueva realidad. A través de un conjunto de artículos de opinión publicados en Frontiere. Rivista di Geocultura (www.frontiere.eu) nos va ofreciendo, de forma clara y amena, algunas de las claves para que seamos protagonistas de ese gran despertar de las conciencias, que ya se está produciendo, gracias a un fuerte avivamiento de nuestra dimensión espiritual.</p>

Rústica
