{"id":90866,"date":"2022-10-11T21:14:58","date_gmt":"2022-10-11T19:14:58","guid":{"rendered":"http:\/\/dev.claret.cat\/producte\/educar-a-un-robot\/"},"modified":"2024-05-02T17:27:08","modified_gmt":"2024-05-02T15:27:08","slug":"educar-a-un-robot-9788413790343","status":"publish","type":"product","link":"https:\/\/www.claret.cat\/es\/libro\/educar-a-un-robot-9788413790343\/","title":{"rendered":"\u00bfEDUCAR A UN ROBOT?"},"content":{"rendered":"<p>La pregunta obliga a debatir sobre los l\u00edmites y el potencial de m\u00e1quinas y algoritmos o m\u00e1s bien sobre la responsabilidad de nuestras opciones y sus consecuencias.<br \/> Dispositivos tecnol\u00f3gicos cada vez m\u00e1s sofisticados, aut\u00f3nomos y capaces de colaborar con nosotros, simulan capacidades humanas. Lo que llamamos inteligencia artificial marca nuestra vida cotidiana y es un desaf\u00edo para el futuro de la civilizaci\u00f3n. Desaf\u00edo que implica, por tanto, inc\u00f3gnitas, riesgos y oportunidades. <br \/> Educar a un robot significa cultivar los recursos creativos y c\u00edvicos de las personas en contextos relacionales donde la conectividad digital es tan omnipresente que resulta impensable interpretar su l\u00f3gica sin un adecuado discernimiento pedag\u00f3gico. Se trata de educar para un discernimiento que nos permita comprender de qu\u00e9 modo las innovaciones radicales en procesos y productos, pueden contribuir al bien com\u00fan para abordar las necesidades educativas y las fragilidades sociales, desigualdades y pobrezas.<br \/> Una pedagog\u00eda de la inteligencia artificial insta a cuidar del ser humano. Involucra a padres, a maestros y a otros educadores, tambi\u00e9n a los que dise\u00f1an, fabrican y utilizan m\u00e1quinas \u00abinteligentes\u00bb, para favorecer la madurez de una conciencia responsable, y generar valores y acciones justas y solidarias.<\/p>\n","protected":false},"excerpt":{"rendered":"<p>MALAVASI, PIERLUIGI<\/p>\n","protected":false},"featured_media":329778,"template":"","meta":{"_acf_changed":false,"om_disable_all_campaigns":false,"rs_blank_template":"","rs_page_bg_color":"","slide_template_v7":"","inline_featured_image":false,"_monsterinsights_skip_tracking":false,"_monsterinsights_sitenote_active":false,"_monsterinsights_sitenote_note":"","_monsterinsights_sitenote_category":0},"product_brand":[],"product_cat":[104,554],"product_tag":[],"class_list":{"0":"post-90866","1":"product","2":"type-product","3":"status-publish","4":"has-post-thumbnail","6":"product_cat-ciencia","7":"product_cat-ciencia-5_otras-spa","9":"first","10":"instock","11":"taxable","12":"shipping-taxable","13":"purchasable","14":"product-type-simple"},"acf":{"editorial":[{"ID":6155,"post_author":"3","post_date":"2022-07-28 17:46:04","post_date_gmt":"2022-07-28 15:46:04","post_content":"","post_title":"Central Catequ\u00edstica Salesiana","post_excerpt":"","post_status":"publish","comment_status":"closed","ping_status":"closed","post_password":"","post_name":"central-catequistica-salesiana","to_ping":"","pinged":"","post_modified":"2022-07-28 17:46:04","post_modified_gmt":"2022-07-28 15:46:04","post_content_filtered":"","post_parent":0,"guid":"http:\/\/dev.claret.cat\/editorial\/central-catequistica-salesiana\/","menu_order":0,"post_type":"editorial","post_mime_type":"","comment_count":"0","filter":"raw"}],"autores-libros":[{"ID":167234,"post_author":"3","post_date":"2022-10-14 18:09:35","post_date_gmt":"2022-10-14 16:09:35","post_content":"","post_title":"PIERLUIGI MALAVASI","post_excerpt":"","post_status":"publish","comment_status":"closed","ping_status":"closed","post_password":"","post_name":"pierluigi-malavasi","to_ping":"","pinged":"","post_modified":"2022-10-14 18:09:35","post_modified_gmt":"2022-10-14 16:09:35","post_content_filtered":"","post_parent":0,"guid":"http:\/\/dev.claret.cat\/autor\/pierluigi-malavasi\/","menu_order":0,"post_type":"autor","post_mime_type":"","comment_count":"0","filter":"raw"}],"autor":"MALAVASI, PIERLUIGI","codart":"841379034","libros-coleccion":"Educaci\u00f3n hoy","ediciones":"1","encuadernacion":"R\u00fastica","fecha_de_publicacion":"22\/04\/2021","novedad":"1","paginas":"128","subtitulo":"PEDAGOG\u00cdA DE LA INTELIGENCIA ARTIFICIAL","orden":"0","portada":"0","idioma":"spa"},"aioseo_notices":[],"_links":{"self":[{"href":"https:\/\/www.claret.cat\/es\/wp-json\/wp\/v2\/product\/90866","targetHints":{"allow":["GET"]}}],"collection":[{"href":"https:\/\/www.claret.cat\/es\/wp-json\/wp\/v2\/product"}],"about":[{"href":"https:\/\/www.claret.cat\/es\/wp-json\/wp\/v2\/types\/product"}],"wp:featuredmedia":[{"embeddable":true,"href":"https:\/\/www.claret.cat\/es\/wp-json\/wp\/v2\/media\/329778"}],"wp:attachment":[{"href":"https:\/\/www.claret.cat\/es\/wp-json\/wp\/v2\/media?parent=90866"}],"wp:term":[{"taxonomy":"product_brand","embeddable":true,"href":"https:\/\/www.claret.cat\/es\/wp-json\/wp\/v2\/product_brand?post=90866"},{"taxonomy":"product_cat","embeddable":true,"href":"https:\/\/www.claret.cat\/es\/wp-json\/wp\/v2\/product_cat?post=90866"},{"taxonomy":"product_tag","embeddable":true,"href":"https:\/\/www.claret.cat\/es\/wp-json\/wp\/v2\/product_tag?post=90866"}],"curies":[{"name":"wp","href":"https:\/\/api.w.org\/{rel}","templated":true}]}}

<p>La pregunta obliga a debatir sobre los límites y el potencial de máquinas y algoritmos o más bien sobre la responsabilidad de nuestras opciones y sus consecuencias.<br /> Dispositivos tecnológicos cada vez más sofisticados, autónomos y capaces de colaborar con nosotros, simulan capacidades humanas. Lo que llamamos inteligencia artificial marca nuestra vida cotidiana y es un desafío para el futuro de la civilización. Desafío que implica, por tanto, incógnitas, riesgos y oportunidades. <br /> Educar a un robot significa cultivar los recursos creativos y cívicos de las personas en contextos relacionales donde la conectividad digital es tan omnipresente que resulta impensable interpretar su lógica sin un adecuado discernimiento pedagógico. Se trata de educar para un discernimiento que nos permita comprender de qué modo las innovaciones radicales en procesos y productos, pueden contribuir al bien común para abordar las necesidades educativas y las fragilidades sociales, desigualdades y pobrezas.<br /> Una pedagogía de la inteligencia artificial insta a cuidar del ser humano. Involucra a padres, a maestros y a otros educadores, también a los que diseñan, fabrican y utilizan máquinas «inteligentes», para favorecer la madurez de una conciencia responsable, y generar valores y acciones justas y solidarias.</p>

Central Catequística Salesiana

Educación hoy

Rústica

PEDAGOGÍA DE LA INTELIGENCIA ARTIFICIAL
