{"id":91891,"date":"2022-10-11T21:28:59","date_gmt":"2022-10-11T19:28:59","guid":{"rendered":"http:\/\/dev.claret.cat\/producte\/que-necessito-quan-menfado\/"},"modified":"2023-01-28T00:48:47","modified_gmt":"2023-01-27T23:48:47","slug":"que-necessito-quan-menfado-9788448855468","status":"publish","type":"product","link":"https:\/\/www.claret.cat\/es\/libro\/que-necessito-quan-menfado-9788448855468\/","title":{"rendered":"QU\u00c8 NECESSITO QUAN M&#8221;ENFADO?"},"content":{"rendered":"<p>El primer \u00e0lbum il\u00b7lustrat de Tania Garc\u00eda, autora de Educar sin perder los nervios. Quan el Dami s&#8221;enfada crida, plora, es llen\u00e7a a terra, d\u00f3na puntades,  s&#8221;estira de els cabells&#8230; per\u00f2 NO s&#8221;est\u00e0 portant malament, nom\u00e9s est\u00e0 expressant les seves EMOCIONS. A trav\u00e9s de la hist\u00f2ria del Dami, Tania Garc\u00eda, creadora de  Educaci\u00f3n Real\u00ae, ens explica qu\u00e8 necessiten els nens i nenes quan   s&#8221;enfaden i, per tant, qu\u00e8 han de fer els adults en aquest moment per  comprendre&#8221;ls i acompanyar-los, ajudant-los aix\u00ed en la creaci\u00f3 de la seva personalitat i la seva autoestima.<\/p>\n","protected":false},"excerpt":{"rendered":"<p>GARC\u00cdA, TANIA<\/p>\n","protected":false},"featured_media":91892,"template":"","meta":{"_acf_changed":false,"om_disable_all_campaigns":false,"rs_blank_template":"","rs_page_bg_color":"","slide_template_v7":"","inline_featured_image":false,"_monsterinsights_skip_tracking":false,"_monsterinsights_sitenote_active":false,"_monsterinsights_sitenote_note":"","_monsterinsights_sitenote_category":0},"product_brand":[],"product_cat":[16],"product_tag":[],"class_list":{"0":"post-91891","1":"product","2":"type-product","3":"status-publish","4":"has-post-thumbnail","6":"product_cat-sense-categoria","8":"first","9":"instock","10":"taxable","11":"shipping-taxable","12":"purchasable","13":"product-type-simple"},"acf":{"editorial":[{"ID":6141,"post_author":"3","post_date":"2022-07-28 17:45:46","post_date_gmt":"2022-07-28 15:45:46","post_content":"","post_title":"BEASCOA","post_excerpt":"","post_status":"publish","comment_status":"closed","ping_status":"closed","post_password":"","post_name":"beascoa","to_ping":"","pinged":"","post_modified":"2022-07-28 17:45:46","post_modified_gmt":"2022-07-28 15:45:46","post_content_filtered":"","post_parent":0,"guid":"http:\/\/dev.claret.cat\/editorial\/beascoa\/","menu_order":0,"post_type":"editorial","post_mime_type":"","comment_count":"0","filter":"raw"}],"autores-libros":[{"ID":6049,"post_author":"3","post_date":"2022-07-28 17:37:04","post_date_gmt":"2022-07-28 15:37:04","post_content":"","post_title":"TANIA GARC\u00cdA","post_excerpt":"","post_status":"publish","comment_status":"closed","ping_status":"closed","post_password":"","post_name":"tania-garcia","to_ping":"","pinged":"","post_modified":"2022-07-28 17:37:04","post_modified_gmt":"2022-07-28 15:37:04","post_content_filtered":"","post_parent":0,"guid":"http:\/\/dev.claret.cat\/autor\/tania-garcia\/","menu_order":0,"post_type":"autor","post_mime_type":"","comment_count":"0","filter":"raw"}],"autor":"GARC\u00cdA, TANIA","codart":"844885546","libros-coleccion":"BEASCOA","ediciones":"1","encuadernacion":"Carton\u00e9","fecha_de_publicacion":"01\/04\/2021","novedad":"1","paginas":"45","subtitulo":"","orden":"0","portada":"0","idioma":"spa"},"aioseo_notices":[],"_links":{"self":[{"href":"https:\/\/www.claret.cat\/es\/wp-json\/wp\/v2\/product\/91891","targetHints":{"allow":["GET"]}}],"collection":[{"href":"https:\/\/www.claret.cat\/es\/wp-json\/wp\/v2\/product"}],"about":[{"href":"https:\/\/www.claret.cat\/es\/wp-json\/wp\/v2\/types\/product"}],"wp:featuredmedia":[{"embeddable":true,"href":"https:\/\/www.claret.cat\/es\/wp-json\/wp\/v2\/media\/91892"}],"wp:attachment":[{"href":"https:\/\/www.claret.cat\/es\/wp-json\/wp\/v2\/media?parent=91891"}],"wp:term":[{"taxonomy":"product_brand","embeddable":true,"href":"https:\/\/www.claret.cat\/es\/wp-json\/wp\/v2\/product_brand?post=91891"},{"taxonomy":"product_cat","embeddable":true,"href":"https:\/\/www.claret.cat\/es\/wp-json\/wp\/v2\/product_cat?post=91891"},{"taxonomy":"product_tag","embeddable":true,"href":"https:\/\/www.claret.cat\/es\/wp-json\/wp\/v2\/product_tag?post=91891"}],"curies":[{"name":"wp","href":"https:\/\/api.w.org\/{rel}","templated":true}]}}

QUÈ NECESSITO QUAN M&#8221;ENFADO?

<p>El primer àlbum il·lustrat de Tania García, autora de Educar sin perder los nervios. Quan el Dami s&#8221;enfada crida, plora, es llença a terra, dóna puntades,  s&#8221;estira de els cabells&#8230; però NO s&#8221;està portant malament, només està expressant les seves EMOCIONS. A través de la història del Dami, Tania García, creadora de  Educación Real®, ens explica què necessiten els nens i nenes quan   s&#8221;enfaden i, per tant, què han de fer els adults en aquest moment per  comprendre&#8221;ls i acompanyar-los, ajudant-los així en la creació de la seva personalitat i la seva autoestima.</p>

<p>GARCÍA, TANIA</p>

TANIA GARCÍA

GARCÍA, TANIA

Cartoné
