{"id":91957,"date":"2022-10-11T21:29:54","date_gmt":"2022-10-11T19:29:54","guid":{"rendered":"http:\/\/dev.claret.cat\/producte\/que-necessito-quan-tinc-por\/"},"modified":"2023-02-27T19:08:31","modified_gmt":"2023-02-27T18:08:31","slug":"que-necessito-quan-tinc-por-9788448857752","status":"publish","type":"product","link":"https:\/\/www.claret.cat\/es\/libro\/que-necessito-quan-tinc-por-9788448857752\/","title":{"rendered":"QU\u00c8 NECESSITO QUAN TINC POR?"},"content":{"rendered":"<p>Despr\u00e9s d&#8221;ensenyar-nos el que \u00e9s realment l&#8221;ENUIG al cervell dels nens i les nenes, Tania Garc\u00eda, autora de Germans i d&#8221;Educar  sense perdre els nervis, ens parla d&#8221;un tema tan important com la POR en la inf\u00e0ncia.  Quan la Lluna t\u00e9 por, plora, crida, es tapa els ulls, surt corrents o es  queda quieta com si fos una est\u00e0tua&#8230; Per\u00f2 NO \u00e9s pas que sigui covarda  ni que digui mentides, nom\u00e9s intenta expressar el que SENT de deb\u00f2. A trav\u00e9s de la hist\u00f2ria de la Lluna, Tania Garc\u00eda, creadora d&#8221;Educaci\u00f3n  Real\u00ae, ens explica qu\u00e8 necessiten els infants quan tenen por i, per  tant, qu\u00e8 hem de fer aleshores com a pares, mares o professionals per  comprendre&#8221;ls, acompanyar-los i demostrar-los amor, per tal que descobreixin les seves pors i es coneguin millor.<\/p>\n","protected":false},"excerpt":{"rendered":"<p>GARC\u00cdA, TANIA<\/p>\n","protected":false},"featured_media":390375,"template":"","meta":{"_acf_changed":false,"om_disable_all_campaigns":false,"rs_blank_template":"","rs_page_bg_color":"","slide_template_v7":"","inline_featured_image":false,"_monsterinsights_skip_tracking":false,"_monsterinsights_sitenote_active":false,"_monsterinsights_sitenote_note":"","_monsterinsights_sitenote_category":0},"product_brand":[],"product_cat":[90,540],"product_tag":[],"class_list":{"0":"post-91957","1":"product","2":"type-product","3":"status-publish","4":"has-post-thumbnail","6":"product_cat-altres","7":"product_cat-otros","9":"first","10":"instock","11":"taxable","12":"shipping-taxable","13":"purchasable","14":"product-type-simple"},"acf":{"editorial":[{"ID":6141,"post_author":"3","post_date":"2022-07-28 17:45:46","post_date_gmt":"2022-07-28 15:45:46","post_content":"","post_title":"BEASCOA","post_excerpt":"","post_status":"publish","comment_status":"closed","ping_status":"closed","post_password":"","post_name":"beascoa","to_ping":"","pinged":"","post_modified":"2022-07-28 17:45:46","post_modified_gmt":"2022-07-28 15:45:46","post_content_filtered":"","post_parent":0,"guid":"http:\/\/dev.claret.cat\/editorial\/beascoa\/","menu_order":0,"post_type":"editorial","post_mime_type":"","comment_count":"0","filter":"raw"}],"autores-libros":[{"ID":6049,"post_author":"3","post_date":"2022-07-28 17:37:04","post_date_gmt":"2022-07-28 15:37:04","post_content":"","post_title":"TANIA GARC\u00cdA","post_excerpt":"","post_status":"publish","comment_status":"closed","ping_status":"closed","post_password":"","post_name":"tania-garcia","to_ping":"","pinged":"","post_modified":"2022-07-28 17:37:04","post_modified_gmt":"2022-07-28 15:37:04","post_content_filtered":"","post_parent":0,"guid":"http:\/\/dev.claret.cat\/autor\/tania-garcia\/","menu_order":0,"post_type":"autor","post_mime_type":"","comment_count":"0","filter":"raw"}],"autor":"GARC\u00cdA, TANIA","codart":"844885775","libros-coleccion":"FORA DE COL.LECCI\u00d3","ediciones":"1","encuadernacion":"Carton\u00e9","fecha_de_publicacion":"01\/04\/2021","novedad":"1","paginas":"45","subtitulo":"","orden":"0","portada":"0","idioma":"spa"},"aioseo_notices":[],"_links":{"self":[{"href":"https:\/\/www.claret.cat\/es\/wp-json\/wp\/v2\/product\/91957","targetHints":{"allow":["GET"]}}],"collection":[{"href":"https:\/\/www.claret.cat\/es\/wp-json\/wp\/v2\/product"}],"about":[{"href":"https:\/\/www.claret.cat\/es\/wp-json\/wp\/v2\/types\/product"}],"wp:featuredmedia":[{"embeddable":true,"href":"https:\/\/www.claret.cat\/es\/wp-json\/wp\/v2\/media\/390375"}],"wp:attachment":[{"href":"https:\/\/www.claret.cat\/es\/wp-json\/wp\/v2\/media?parent=91957"}],"wp:term":[{"taxonomy":"product_brand","embeddable":true,"href":"https:\/\/www.claret.cat\/es\/wp-json\/wp\/v2\/product_brand?post=91957"},{"taxonomy":"product_cat","embeddable":true,"href":"https:\/\/www.claret.cat\/es\/wp-json\/wp\/v2\/product_cat?post=91957"},{"taxonomy":"product_tag","embeddable":true,"href":"https:\/\/www.claret.cat\/es\/wp-json\/wp\/v2\/product_tag?post=91957"}],"curies":[{"name":"wp","href":"https:\/\/api.w.org\/{rel}","templated":true}]}}

QUÈ NECESSITO QUAN TINC POR?

<p>Després d&#8221;ensenyar-nos el que és realment l&#8221;ENUIG al cervell dels nens i les nenes, Tania García, autora de Germans i d&#8221;Educar  sense perdre els nervis, ens parla d&#8221;un tema tan important com la POR en la infància.  Quan la Lluna té por, plora, crida, es tapa els ulls, surt corrents o es  queda quieta com si fos una estàtua&#8230; Però NO és pas que sigui covarda  ni que digui mentides, només intenta expressar el que SENT de debò. A través de la història de la Lluna, Tania García, creadora d&#8221;Educación  Real®, ens explica què necessiten els infants quan tenen por i, per  tant, què hem de fer aleshores com a pares, mares o professionals per  comprendre&#8221;ls, acompanyar-los i demostrar-los amor, per tal que descobreixin les seves pors i es coneguin millor.</p>

<p>GARCÍA, TANIA</p>

TANIA GARCÍA

GARCÍA, TANIA

FORA DE COL.LECCIÓ

Cartoné
