{"id":92240,"date":"2022-10-11T21:33:49","date_gmt":"2022-10-11T19:33:49","guid":{"rendered":"http:\/\/dev.claret.cat\/producte\/que-necesito-cuando-me-enfado\/"},"modified":"2023-01-28T01:37:40","modified_gmt":"2023-01-28T00:37:40","slug":"que-necesito-cuando-me-enfado-9788448855451","status":"publish","type":"product","link":"https:\/\/www.claret.cat\/es\/libro\/que-necesito-cuando-me-enfado-9788448855451\/","title":{"rendered":"\u00bfQU\u00c9 NECESITO CUANDO ME ENFADO?"},"content":{"rendered":"<p>El primer \u00e1lbum ilustrado de Tania Garc\u00eda, autora de Educar sin perder los nervios. Cuando Dami se enfada grita, llora, se tira al suelo, da patadas, se  estira del pelo&#8230; pero NO se est\u00e1 portando mal, solo est\u00e1 expresando sus EMOCIONES. A trav\u00e9s de la historia de Dami, Tania Garc\u00eda, creadora de la  Educaci\u00f3n Real\u00ae, nos explica qu\u00e9 necesitan los ni\u00f1os y ni\u00f1as cuando se  enfadan, y, por tanto, qu\u00e9 deben hacer los adultos en ese momento para  comprenderlos y acompa\u00f1arlos, ayud\u00e1ndolos as\u00ed en la creaci\u00f3n de su personalidad y su autoestima.<\/p>\n","protected":false},"excerpt":{"rendered":"<p>GARC\u00cdA, TANIA<\/p>\n","protected":false},"featured_media":92241,"template":"","meta":{"_acf_changed":false,"om_disable_all_campaigns":false,"rs_blank_template":"","rs_page_bg_color":"","slide_template_v7":"","inline_featured_image":false,"_monsterinsights_skip_tracking":false,"_monsterinsights_sitenote_active":false,"_monsterinsights_sitenote_note":"","_monsterinsights_sitenote_category":0},"product_brand":[],"product_cat":[131],"product_tag":[],"class_list":{"0":"post-92240","1":"product","2":"type-product","3":"status-publish","4":"has-post-thumbnail","6":"product_cat-contes-per-infants-0-6-anys","8":"first","9":"instock","10":"taxable","11":"shipping-taxable","12":"purchasable","13":"product-type-simple"},"acf":{"editorial":[{"ID":6141,"post_author":"3","post_date":"2022-07-28 17:45:46","post_date_gmt":"2022-07-28 15:45:46","post_content":"","post_title":"BEASCOA","post_excerpt":"","post_status":"publish","comment_status":"closed","ping_status":"closed","post_password":"","post_name":"beascoa","to_ping":"","pinged":"","post_modified":"2022-07-28 17:45:46","post_modified_gmt":"2022-07-28 15:45:46","post_content_filtered":"","post_parent":0,"guid":"http:\/\/dev.claret.cat\/editorial\/beascoa\/","menu_order":0,"post_type":"editorial","post_mime_type":"","comment_count":"0","filter":"raw"}],"autores-libros":[{"ID":6049,"post_author":"3","post_date":"2022-07-28 17:37:04","post_date_gmt":"2022-07-28 15:37:04","post_content":"","post_title":"TANIA GARC\u00cdA","post_excerpt":"","post_status":"publish","comment_status":"closed","ping_status":"closed","post_password":"","post_name":"tania-garcia","to_ping":"","pinged":"","post_modified":"2022-07-28 17:37:04","post_modified_gmt":"2022-07-28 15:37:04","post_content_filtered":"","post_parent":0,"guid":"http:\/\/dev.claret.cat\/autor\/tania-garcia\/","menu_order":0,"post_type":"autor","post_mime_type":"","comment_count":"0","filter":"raw"}],"autor":"GARC\u00cdA, TANIA","codart":"844885545","libros-coleccion":"Emociones, valores y h\u00e1bitos","ediciones":"1","encuadernacion":"Carton\u00e9","fecha_de_publicacion":"01\/07\/2020","novedad":"1","paginas":"0","subtitulo":"","orden":"0","portada":"0","idioma":"spa"},"aioseo_notices":[],"_links":{"self":[{"href":"https:\/\/www.claret.cat\/es\/wp-json\/wp\/v2\/product\/92240","targetHints":{"allow":["GET"]}}],"collection":[{"href":"https:\/\/www.claret.cat\/es\/wp-json\/wp\/v2\/product"}],"about":[{"href":"https:\/\/www.claret.cat\/es\/wp-json\/wp\/v2\/types\/product"}],"wp:featuredmedia":[{"embeddable":true,"href":"https:\/\/www.claret.cat\/es\/wp-json\/wp\/v2\/media\/92241"}],"wp:attachment":[{"href":"https:\/\/www.claret.cat\/es\/wp-json\/wp\/v2\/media?parent=92240"}],"wp:term":[{"taxonomy":"product_brand","embeddable":true,"href":"https:\/\/www.claret.cat\/es\/wp-json\/wp\/v2\/product_brand?post=92240"},{"taxonomy":"product_cat","embeddable":true,"href":"https:\/\/www.claret.cat\/es\/wp-json\/wp\/v2\/product_cat?post=92240"},{"taxonomy":"product_tag","embeddable":true,"href":"https:\/\/www.claret.cat\/es\/wp-json\/wp\/v2\/product_tag?post=92240"}],"curies":[{"name":"wp","href":"https:\/\/api.w.org\/{rel}","templated":true}]}}

¿QUÉ NECESITO CUANDO ME ENFADO?

<p>El primer álbum ilustrado de Tania García, autora de Educar sin perder los nervios. Cuando Dami se enfada grita, llora, se tira al suelo, da patadas, se  estira del pelo&#8230; pero NO se está portando mal, solo está expresando sus EMOCIONES. A través de la historia de Dami, Tania García, creadora de la  Educación Real®, nos explica qué necesitan los niños y niñas cuando se  enfadan, y, por tanto, qué deben hacer los adultos en ese momento para  comprenderlos y acompañarlos, ayudándolos así en la creación de su personalidad y su autoestima.</p>

<p>GARCÍA, TANIA</p>

TANIA GARCÍA

GARCÍA, TANIA

Emociones, valores y hábitos

Cartoné
