{"id":92493,"date":"2022-10-11T21:37:23","date_gmt":"2022-10-11T19:37:23","guid":{"rendered":"http:\/\/dev.claret.cat\/producte\/candor-lucis-eterne-carta-apostolica\/"},"modified":"2023-07-10T13:05:50","modified_gmt":"2023-07-10T11:05:50","slug":"candor-lucis-eterne-carta-apostolica-9788422021919","status":"publish","type":"product","link":"https:\/\/www.claret.cat\/es\/libro\/candor-lucis-eterne-carta-apostolica-9788422021919\/","title":{"rendered":"CANDOR LUCIS ETERNE CARTA APOST\u00d3LICA"},"content":{"rendered":"<p>Con esta Carta apost\u00f3lica el Papa Francisco se une a la celebraci\u00f3n del VII Centenario de la muerte del \u00absumo poeta Dante Alighieri, profeta de esperanza y testigo de la sed de infinito \u00ednsita en el coraz\u00f3n del hombre\u00bb, que \u00absupo expresar, con la belleza de la poes\u00eda, la profundidad del misterio de Dios y del amor\u00bb. Por eso, \u00aben esta circunstancia no puede faltar la voz de la Iglesia\u00bb, para proponerlo nuevamente a la atenci\u00f3n de \u00ablos fieles, a los estudiosos de literatura, a los te\u00f3logos y a los artistas\u00bb.<\/p>\n","protected":false},"excerpt":{"rendered":"<p>PAPA FRANCISCO<\/p>\n","protected":false},"featured_media":450418,"template":"","meta":{"_acf_changed":false,"om_disable_all_campaigns":false,"rs_blank_template":"","rs_page_bg_color":"","slide_template_v7":"","inline_featured_image":false,"_monsterinsights_skip_tracking":false,"_monsterinsights_sitenote_active":false,"_monsterinsights_sitenote_note":"","_monsterinsights_sitenote_category":0},"product_brand":[],"product_cat":[468,207],"product_tag":[],"class_list":{"0":"post-92493","1":"product","2":"type-product","3":"status-publish","4":"has-post-thumbnail","6":"product_cat-epistolas-catolicas","7":"product_cat-epistoles-catoliques","9":"first","10":"instock","11":"taxable","12":"shipping-taxable","13":"purchasable","14":"product-type-simple"},"acf":{"editorial":[{"ID":6142,"post_author":"3","post_date":"2022-07-28 17:45:47","post_date_gmt":"2022-07-28 15:45:47","post_content":"","post_title":"BIBLIOTECA AUTORES CRI   B.A.C","post_excerpt":"","post_status":"publish","comment_status":"closed","ping_status":"closed","post_password":"","post_name":"biblioteca-autores-cri-b-a-c","to_ping":"","pinged":"","post_modified":"2022-07-28 17:45:47","post_modified_gmt":"2022-07-28 15:45:47","post_content_filtered":"","post_parent":0,"guid":"http:\/\/dev.claret.cat\/editorial\/biblioteca-autores-cri-b-a-c\/","menu_order":0,"post_type":"editorial","post_mime_type":"","comment_count":"0","filter":"raw"}],"autores-libros":[{"ID":5919,"post_author":"3","post_date":"2022-07-28 17:34:18","post_date_gmt":"2022-07-28 15:34:18","post_content":"","post_title":"PAPA FRANCISCO","post_excerpt":"","post_status":"publish","comment_status":"closed","ping_status":"closed","post_password":"","post_name":"papa-francisco","to_ping":"","pinged":"","post_modified":"2022-07-28 17:34:18","post_modified_gmt":"2022-07-28 15:34:18","post_content_filtered":"","post_parent":0,"guid":"http:\/\/dev.claret.cat\/autor\/papa-francisco\/","menu_order":0,"post_type":"autor","post_mime_type":"","comment_count":"0","filter":"raw"}],"autor":"PAPA FRANCISCO","codart":"842202191","libros-coleccion":"Documentos","ediciones":"1","encuadernacion":"Grapado","fecha_de_publicacion":"01\/03\/2021","novedad":"1","paginas":"40","subtitulo":"EN EL VII CENTENARIO DE LA MUERTE DE DANTE ALIGHIERI","orden":"0","portada":"0","idioma":"spa"},"aioseo_notices":[],"_links":{"self":[{"href":"https:\/\/www.claret.cat\/es\/wp-json\/wp\/v2\/product\/92493","targetHints":{"allow":["GET"]}}],"collection":[{"href":"https:\/\/www.claret.cat\/es\/wp-json\/wp\/v2\/product"}],"about":[{"href":"https:\/\/www.claret.cat\/es\/wp-json\/wp\/v2\/types\/product"}],"wp:featuredmedia":[{"embeddable":true,"href":"https:\/\/www.claret.cat\/es\/wp-json\/wp\/v2\/media\/450418"}],"wp:attachment":[{"href":"https:\/\/www.claret.cat\/es\/wp-json\/wp\/v2\/media?parent=92493"}],"wp:term":[{"taxonomy":"product_brand","embeddable":true,"href":"https:\/\/www.claret.cat\/es\/wp-json\/wp\/v2\/product_brand?post=92493"},{"taxonomy":"product_cat","embeddable":true,"href":"https:\/\/www.claret.cat\/es\/wp-json\/wp\/v2\/product_cat?post=92493"},{"taxonomy":"product_tag","embeddable":true,"href":"https:\/\/www.claret.cat\/es\/wp-json\/wp\/v2\/product_tag?post=92493"}],"curies":[{"name":"wp","href":"https:\/\/api.w.org\/{rel}","templated":true}]}}

CANDOR LUCIS ETERNE CARTA APOSTÓLICA

<p>Con esta Carta apostólica el Papa Francisco se une a la celebración del VII Centenario de la muerte del «sumo poeta Dante Alighieri, profeta de esperanza y testigo de la sed de infinito ínsita en el corazón del hombre», que «supo expresar, con la belleza de la poesía, la profundidad del misterio de Dios y del amor». Por eso, «en esta circunstancia no puede faltar la voz de la Iglesia», para proponerlo nuevamente a la atención de «los fieles, a los estudiosos de literatura, a los teólogos y a los artistas».</p>
