{"id":93466,"date":"2022-10-11T21:50:55","date_gmt":"2022-10-11T19:50:55","guid":{"rendered":"http:\/\/dev.claret.cat\/producte\/acompanados-por-bach\/"},"modified":"2023-09-15T16:57:58","modified_gmt":"2023-09-15T14:57:58","slug":"acompanados-por-bach-9788497304795","status":"publish","type":"product","link":"https:\/\/www.claret.cat\/es\/libro\/acompanados-por-bach-9788497304795\/","title":{"rendered":"ACOMPA\u00d1ADOS POR BACH"},"content":{"rendered":"<p>Sobre los ejercicios de san Ignacio se han escrito en los \u00faltimos quinientos a\u00f1os de historia cientos de libros, algunos muy valiosos. Y sobre la m\u00fasica del maestro alem\u00e1n, todav\u00eda m\u00e1s vol\u00famenes. Este libro que presentamos no es uno m\u00e1s, a\u00f1adido a otros muchos. Tiene la originalidad de unir espiritualidad ignaciana y m\u00fasica, de poner alma sonora a una parte de la experiencia ignaciana y de darnos tambi\u00e9n a conocer la hondura espiritual y m\u00edstica de Bach. Este libro, podr\u00edamos decir, es un tres en uno. Es un libro para leer, para escuchar y para orar.<\/p>\n","protected":false},"excerpt":{"rendered":"<p>GALLARDO ALBERNI, PEPE<\/p>\n","protected":false},"featured_media":93467,"template":"","meta":{"_acf_changed":false,"om_disable_all_campaigns":false,"rs_blank_template":"","rs_page_bg_color":"","slide_template_v7":"","inline_featured_image":false,"_monsterinsights_skip_tracking":false,"_monsterinsights_sitenote_active":false,"_monsterinsights_sitenote_note":"","_monsterinsights_sitenote_category":0},"product_brand":[],"product_cat":[244,494],"product_tag":[],"class_list":{"0":"post-93466","1":"product","2":"type-product","3":"status-publish","4":"has-post-thumbnail","6":"product_cat-ignaciana","7":"product_cat-ignaciana-espiritualidad-1_espiritualidad","9":"first","10":"instock","11":"taxable","12":"shipping-taxable","13":"purchasable","14":"product-type-simple"},"acf":{"autor":"GALLARDO ALBERNI, PEPE","codart":"849730479","libros-coleccion":"","ediciones":"1","encuadernacion":"R\u00fastica","fecha_de_publicacion":"18\/03\/2021","novedad":"1","paginas":"132","subtitulo":"","orden":"0","portada":"0","idioma":"spa","editorial":[{"ID":147675,"post_author":"3","post_date":"2022-10-14 11:52:23","post_date_gmt":"2022-10-14 09:52:23","post_content":"","post_title":"CRISTIANISME  I JUSTICIA","post_excerpt":"","post_status":"publish","comment_status":"closed","ping_status":"closed","post_password":"","post_name":"cristianisme-i-justicia","to_ping":"","pinged":"","post_modified":"2022-10-14 11:52:23","post_modified_gmt":"2022-10-14 09:52:23","post_content_filtered":"","post_parent":0,"guid":"http:\/\/dev.claret.cat\/editorial\/cristianisme-i-justicia\/","menu_order":0,"post_type":"editorial","post_mime_type":"","comment_count":"0","filter":"raw"}],"autores-libros":[{"ID":166976,"post_author":"3","post_date":"2022-10-14 18:07:32","post_date_gmt":"2022-10-14 16:07:32","post_content":"","post_title":"PEPE GALLARDO ALBERNI","post_excerpt":"","post_status":"publish","comment_status":"closed","ping_status":"closed","post_password":"","post_name":"pepe-gallardo-alberni","to_ping":"","pinged":"","post_modified":"2022-10-14 18:07:32","post_modified_gmt":"2022-10-14 16:07:32","post_content_filtered":"","post_parent":0,"guid":"http:\/\/dev.claret.cat\/autor\/pepe-gallardo-alberni\/","menu_order":0,"post_type":"autor","post_mime_type":"","comment_count":"0","filter":"raw"}]},"aioseo_notices":[],"_links":{"self":[{"href":"https:\/\/www.claret.cat\/es\/wp-json\/wp\/v2\/product\/93466","targetHints":{"allow":["GET"]}}],"collection":[{"href":"https:\/\/www.claret.cat\/es\/wp-json\/wp\/v2\/product"}],"about":[{"href":"https:\/\/www.claret.cat\/es\/wp-json\/wp\/v2\/types\/product"}],"wp:featuredmedia":[{"embeddable":true,"href":"https:\/\/www.claret.cat\/es\/wp-json\/wp\/v2\/media\/93467"}],"wp:attachment":[{"href":"https:\/\/www.claret.cat\/es\/wp-json\/wp\/v2\/media?parent=93466"}],"wp:term":[{"taxonomy":"product_brand","embeddable":true,"href":"https:\/\/www.claret.cat\/es\/wp-json\/wp\/v2\/product_brand?post=93466"},{"taxonomy":"product_cat","embeddable":true,"href":"https:\/\/www.claret.cat\/es\/wp-json\/wp\/v2\/product_cat?post=93466"},{"taxonomy":"product_tag","embeddable":true,"href":"https:\/\/www.claret.cat\/es\/wp-json\/wp\/v2\/product_tag?post=93466"}],"curies":[{"name":"wp","href":"https:\/\/api.w.org\/{rel}","templated":true}]}}

ACOMPAÑADOS POR BACH

<p>Sobre los ejercicios de san Ignacio se han escrito en los últimos quinientos años de historia cientos de libros, algunos muy valiosos. Y sobre la música del maestro alemán, todavía más volúmenes. Este libro que presentamos no es uno más, añadido a otros muchos. Tiene la originalidad de unir espiritualidad ignaciana y música, de poner alma sonora a una parte de la experiencia ignaciana y de darnos también a conocer la hondura espiritual y mística de Bach. Este libro, podríamos decir, es un tres en uno. Es un libro para leer, para escuchar y para orar.</p>

Rústica
